000
CXUS53 KICT 011041
CLMICT

CLIMATE REPORT
NATIONAL WEATHER SERVICE WICHITA KS
434 AM CST THU MAR 1 2018

...................................

...THE WICHITA EISENHOWER NATIONAL CLIMATE SUMMARY FOR THE MONTH OF FEBRUARY 2018...

CLIMATE NORMAL PERIOD 1981 TO 2010
CLIMATE RECORD PERIOD 1888 TO 2018

WEATHER         OBSERVED          NORMAL  DEPART  LAST YEAR`S
                 VALUE   DATE(S)  VALUE   FROM    VALUE  DATE(S)
                                          NORMAL
................................................................
TEMPERATURE (F)
RECORD
 HIGH              87   02/22/1996
 LOW              -22   02/12/1899
HIGHEST            72   02/15                         77  02/22
                        02/14
LOWEST              8   02/05                         17  02/09
AVG. MAXIMUM     48.1              48.2    -0.1     59.0
AVG. MINIMUM     23.7              26.1    -2.4     32.5
MEAN             35.9              37.2    -1.3     45.8
DAYS MAX >= 90      0               0.0     0.0        0
DAYS MAX <= 32      5               3.6     1.4        0
DAYS MIN <= 32     24              19.9     4.1       14
DAYS MIN <= 0       0               0.5    -0.5        0

PRECIPITATION (INCHES)
RECORD
 MAXIMUM         4.61   1915
 MINIMUM         0.00   2006
                        1991
                        1930
TOTALS           0.28              1.18   -0.90     0.83
DAILY AVG.       0.01              0.04   -0.03     0.03
DAYS >= .01         5               5.4    -0.4        4
DAYS >= .10         1               3.0    -2.0        2
DAYS >= .50         0               0.7    -0.7        1
DAYS >= 1.00        0               0.1    -0.1        0
GREATEST
 24 HR. TOTAL    0.15   02/20 TO 02/20

SNOWFALL (INCHES)
RECORDS
 TOTAL           21.2   2013
TOTALS            0.7               3.2    -2.5      0.0
SINCE 7/1         1.0              12.4   -11.4      2.0
DAYS >= 1.0         0               1.0    -1.0        0
GREATEST
 SNOW DEPTH         T   02/21                          0
 24 HR TOTAL      0.7   02/20 TO 02/20               0.0

DEGREE_DAYS
HEATING TOTAL     809               780      29      532
 SINCE 7/1       3356              3640    -284     2844
COOLING TOTAL       0                 0       0        0
 SINCE 1/1          0                 0       0        0
.................................................................

WIND (MPH)
AVERAGE WIND SPEED              12.5
HIGHEST WIND SPEED/DIRECTION    37/170    DATE  02/18
HIGHEST GUST SPEED/DIRECTION    45/020    DATE  02/16

SKY COVER
AVERAGE SKY COVER           0.60
NUMBER OF DAYS FAIR            6
NUMBER OF DAYS PC             11
NUMBER OF DAYS CLOUDY         11

AVERAGE RH (PERCENT)     65

WEATHER CONDITIONS. NUMBER OF DAYS WITH
THUNDERSTORM              1     MIXED PRECIP               1
HEAVY RAIN                0     RAIN                       0
LIGHT RAIN                3     FREEZING RAIN              1
LT FREEZING RAIN          5     HAIL                       0
HEAVY SNOW                0     SNOW                       1
LIGHT SNOW                4     SLEET                      3
FOG                      12     FOG W/VIS <= 1/4 MILE      0
HAZE                      4

-  INDICATES NEGATIVE NUMBERS.
R  INDICATES RECORD WAS SET OR TIED.
MM INDICATES DATA IS MISSING.
T  INDICATES TRACE AMOUNT.

$$
