000
CXUS53 KICT 010839
CLMICT
CLIMATE REPORT
NATIONAL WEATHER SERVICE WICHITA KANSAS
339 AM CDT WED NOV 01 2023
...................................
...THE WICHITA EISENHOWER NATIONAL CLIMATE SUMMARY FOR THE MONTH OF OCTOBER 2023...
CLIMATE NORMAL PERIOD 1991 TO 2020
CLIMATE RECORD PERIOD 1888 TO 2023
WEATHER OBSERVED NORMAL DEPART LAST YEAR`S
VALUE DATE(S) VALUE FROM VALUE DATE(S)
NORMAL
................................................................
TEMPERATURE (F)
RECORD
HIGH 97 10/01/2006
LOW 14 10/30/1917
HIGHEST 93 10/01 88 10/21
LOWEST 23 10/31 26 10/19
AVG. MAXIMUM 71.9 70.8 1.1 75.6
AVG. MINIMUM 49.2 47.2 2.0 46.4
MEAN 60.6 59.0 1.6 61.0
DAYS MAX >= 90 2 1.0 1.0 0
DAYS MAX <= 32 0 0.1 -0.1 0
DAYS MIN <= 32 3 1.9 1.1 3
DAYS MIN <= 0 0 0.0 0.0 0
PRECIPITATION (INCHES)
RECORD
MAXIMUM 9.42 1998
MINIMUM 0.00 1958
TOTALS 5.98 2.85 3.13 0.79
DAILY AVG. 0.19 0.09 0.10 0.03
DAYS >= .01 6 6.6 -0.6 4
DAYS >= .10 5 4.3 0.7 1
DAYS >= .50 2 1.9 0.1 1
DAYS >= 1.00 1 0.8 0.2 0
GREATEST
24 HR. TOTAL 4.25 10/24 TO 10/25
SNOWFALL (INCHES)
RECORDS
TOTAL 2.5 1905
TOTALS T 0.2 -0.2 0.0
SINCE 7/1 T 0.2 -0.2 MM
SNOWDEPTH AVG. 0 0
DAYS >= 1.0 0 0.1 -0.1 MM
GREATEST
SNOW DEPTH 0 0 MM
24 HR TOTAL MM 0.0
DEGREE DAYS
HEATING TOTAL 221 231 -10 167
SINCE 7/1 221 262 -41 MM
COOLING TOTAL 91 45 46 53
SINCE 1/1 2003 1771 232 MM
................................................................
WIND (MPH)
AVERAGE WIND SPEED 12.0
HIGHEST WIND SPEED/DIRECTION 36/300 DATE 10/03
36/300 10/13
HIGHEST GUST SPEED/DIRECTION 46/300 DATE 10/13
SKY COVER
POSSIBLE SUNSHINE (PERCENT) MM
AVERAGE SKY COVER 0.41
NUMBER OF DAYS FAIR 16
NUMBER OF DAYS PC 7
NUMBER OF DAYS CLOUDY 8
AVERAGE RH (PERCENT) 62
WEATHER CONDITIONS. NUMBER OF DAYS WITH
THUNDERSTORM 4 MIXED PRECIP 0
HEAVY RAIN 2 RAIN 3
LIGHT RAIN 8 FREEZING RAIN 0
LT FREEZING RAIN 0 HAIL 0
HEAVY SNOW 0 SNOW 0
LIGHT SNOW 1 SLEET 1
FOG 7 FOG W/VIS <= 1/4 MILE 0
HAZE 1
- INDICATES NEGATIVE NUMBERS.
R INDICATES RECORD WAS SET OR TIED.
MM INDICATES DATA IS MISSING.
T INDICATES TRACE AMOUNT.
$$