000
CXUS53 KICT 051355
CLMICT


CLIMATE REPORT
NATIONAL WEATHER SERVICE WICHITA KS
745 AM CST FRI JAN 5 2018

...................................

...THE WICHITA EISENHOWER NATIONAL CLIMATE SUMMARY FOR THE YEAR OF 2017...

CLIMATE NORMAL PERIOD 1981 TO 2010
CLIMATE RECORD PERIOD 1888 TO 2018

WEATHER         OBSERVED          NORMAL  DEPART  LAST YEAR`S
                 VALUE   DATE(S)  VALUE   FROM    VALUE  DATE(S)
                                          NORMAL
................................................................
TEMPERATURE (F)
RECORD
 HIGH             114   08/12/1936
 LOW              -22   02/12/1899
HIGHEST           107   07/22
LOWEST              4   12/31
                        01/07
AVG. MAXIMUM     70.9              68.0     2.9       MM
AVG. MINIMUM     47.8              46.0     1.8       MM
MEAN             59.3              57.0     2.3       MM
DAYS MAX >= 90     55              57.7    -2.7       MM
DAYS MAX <= 32      8              16.9    -8.9       MM
DAYS MIN <= 32     85              99.4   -14.4       MM
DAYS MIN <= 0       0               1.8    -1.8       MM

PRECIPITATION (INCHES)
RECORD
 MAXIMUM        53.82   2008
 MINIMUM        12.15   1966
TOTALS          33.84             32.64    1.20       MM
DAILY AVG.       0.09              0.09    0.00       MM
DAYS >= .01        87              87.9    -0.9       MM
DAYS >= .10        54              52.4     1.6       MM
DAYS >= .50        23              21.2     1.8       MM
DAYS >= 1.00       11               9.6     1.4       MM
GREATEST
 24 HR. TOTAL    2.05   04/16 TO 04/16                MM

SNOWFALL (INCHES)
RECORDS
 TOTAL           39.7   1946
                        0
                        0
 24 HR TOTAL     13.5   03/15/1970 TO 03/16/1970
TOTALS              T              14.9   -14.9       MM
 LIQUID EQUIV      MM              1.50      MM       MM
SINCE 7/1           T               5.6    -5.6       MM
 LIQUID 7/1        MM              0.60      MM       MM
SNOWDEPTH AVG.      0                MM      MM       MM
DAYS >= TRACE       7              10.0    -3.0       MM
DAYS >= 1.0         0               4.4    -4.4       MM
GREATEST
 SNOW DEPTH         0   MM                            MM
 24 HR TOTAL      0.0   MM                            MM
 STORM TOTAL       MM                                 MM
 (MM/DD(HH))            MM

DEGREE_DAYS
HEATING TOTAL    3740              4592    -852       MM
 SINCE 7/1       1596              1843    -247       MM
COOLING TOTAL    1785              1686      99       MM
 SINCE 1/1       1785              1686      99       MM

FREEZE DATES
RECORD
 EARLIEST     09/22/1995
 LATEST       03/10/1946
EARLIEST                        02/26
LATEST                          04/12
.................................................................

WIND (MPH)
AVERAGE WIND SPEED              11.4
RESULTANT WIND SPEED/DIRECTION   2/153
HIGHEST WIND SPEED/DIRECTION    44/040    DATE  06/17
HIGHEST GUST SPEED/DIRECTION    65/330    DATE  06/15

SKY COVER
POSSIBLE SUNSHINE (PERCENT)    0
AVERAGE SKY COVER           0.50
NUMBER OF DAYS FAIR          126
NUMBER OF DAYS PC            162
NUMBER OF DAYS CLOUDY         77

AVERAGE RH (PERCENT)     66

WEATHER CONDITIONS. NUMBER OF DAYS WITH
THUNDERSTORM             57     MIXED PRECIP               0
HEAVY RAIN               34     RAIN                      42
LIGHT RAIN              117     FREEZING RAIN              2
LT FREEZING RAIN          3     HAIL                       3
HEAVY SNOW                0     SNOW                       0
LIGHT SNOW                6     SLEET                      0
FOG                     121     FOG W/VIS <= 1/4 MILE     12
HAZE                     22

-  INDICATES NEGATIVE NUMBERS.
R  INDICATES RECORD WAS SET OR TIED.
MM INDICATES DATA IS MISSING.
T  INDICATES TRACE AMOUNT.

$$
