000
CXUS55 KPIH 011200
CF6IDA
PRELIMINARY LOCAL CLIMATOLOGICAL DATA (WS FORM: F-6)
STATION: IDAHO FALLS
MONTH: NOVEMBER
YEAR: 2023
LATITUDE: 43 31 N
LONGITUDE: 112 4 W
TEMPERATURE IN F: :PCPN: SNOW: WIND :SUNSHINE: SKY :PK WND
================================================================================
1 2 3 4 5 6A 6B 7 8 9 10 11 12 13 14 15 16 17 18
12Z AVG MX 2MIN
DY MAX MIN AVG DEP HDD CDD WTR SNW DPTH SPD SPD DIR MIN PSBL S-S WX SPD DR
================================================================================
1 53 24 39 1 26 0 0.00 M M 3.5 13 210 M M 2 8 16 230
2 49 37 43 5 22 0 0.09 M M 4.9 21 190 M M 10 1 28 180
3 55 38 47 10 18 0 0.00 M M 8.5 16 210 M M 7 1 21 220
4 53 30 42 5 23 0 T M M 4.4 15 140 M M 6 12 18 330
5 58 46 52 15 13 0 0.10 M M 16.9 29 210 M M 3 38 210
6 55 39 47 11 18 0 0.09 M M 9.0 25 200 M M 5 1 35 190
7 48 34 41 5 24 0 0.00 M M 13.7 22 210 M M 2 29 220
8 43 32 38 2 27 0 0.00 M M 13.0 21 220 M M 6 26 210
9 43 25 34 -1 31 0 0.00 M M 4.6 15 220 M M 3 12 20 210
10 48 23 36 1 29 0 0.00 M M 5.7 18 210 M M 2 23 210
11 53 31 42 8 23 0 0.00 M M 11.3 29 220 M M 4 8 38 220
12 57 24 41 7 24 0 0.00 M M 4.0 9 10 M M 0 8 13 210
13 62 24 43 9 22 0 0.00 M M 6.2 21 210 M M 0 8 26 210
14 58 25 42 9 23 0 0.00 M M 5.7 21 210 M M 1 8 28 210
15 61 27 44 11 21 0 0.00 M M 3.6 13 230 M M 0 8 18 230
16 56 30 43 11 22 0 0.00 M M 12.3 29 210 M M 1 36 210
17 53 23 38 6 27 0 0.00 M M 2.9 9 360 M M 0 13 350
18 56 26 41 9 24 0 T M M 5.4 13 200 M M 3 15 190
19 43 31 37 6 28 0 0.08 M M 9.1 22 200 M M 9 1 30 190
20 37 23 30 -1 35 0 0.00 M M 9.6 18 210 M M 5 23 200
21 42 20 31 1 34 0 0.00 M M 2.8 7 350 M M 0 11 310
22 45 19 32 2 33 0 0.00 M M 4.2 9 220 M M 3 14 260
23 39 33 36 7 29 0 0.25 M M 9.0 21 30 M M 10 1 28 40
24 34 20 27 -2 38 0 0.01 M M 11.4 18 360 M M 8 1 24 360
25 27 6 17 -12 48 0 0.00 M M 5.7 14 210 M M 3 17 210
26 26 12 19 -9 46 0 0.00 M M 4.0 9 360 M M 6 18 11 360
27 29 11 20 -8 45 0 0.00 M M 2.5 9 360 M M 2 18 12 360
28 34 9 22 -5 43 0 0.00 M M 5.0 9 320 M M 0 12 350
29 34 10 22 -5 43 0 0.00 M M 3.2 8 220 M M 0 18 11 360
30 29 15 22 -4 43 0 T M M 4.8 14 210 M M 7 128 17 220
================================================================================
SM 1380 747 882 0 0.62 M 206.9 M 108
================================================================================
AV 46.0 24.9 6.9 FASTST M M 4 MAX(MPH)
MISC ----> # 29 210 # 38 210
================================================================================
NOTES:
# LAST OF SEVERAL OCCURRENCES
COLUMN 17 PEAK WIND IN M.P.H.
PRELIMINARY LOCAL CLIMATOLOGICAL DATA (WS FORM: F-6) , PAGE 2
STATION: IDAHO FALLS
MONTH: NOVEMBER
YEAR: 2023
LATITUDE: 43 31 N
LONGITUDE: 112 4 W
[TEMPERATURE DATA] [PRECIPITATION DATA] SYMBOLS USED IN COLUMN 16
AVERAGE MONTHLY: 35.5 TOTAL FOR MONTH: 0.62 1 = FOG OR MIST
DPTR FM NORMAL: 3.0 DPTR FM NORMAL: -0.04 2 = FOG REDUCING VISIBILITY
HIGHEST: 62 ON 13 GRTST 24HR 0.26 ON 23-24 TO 1/4 MILE OR LESS
LOWEST: 6 ON 25 3 = THUNDER
SNOW, ICE PELLETS, HAIL 4 = ICE PELLETS
TOTAL MONTH: M 5 = HAIL
GRTST 24HR M ON M 6 = FREEZING RAIN OR DRIZZLE
GRTST DEPTH: M ON M 7 = DUSTSTORM OR SANDSTORM:
VSBY 1/2 MILE OR LESS
8 = SMOKE OR HAZE
[NO. OF DAYS WITH] [WEATHER - DAYS WITH] 9 = BLOWING SNOW
X = TORNADO
MAX 32 OR BELOW: 4 0.01 INCH OR MORE: 6
MAX 90 OR ABOVE: 0 0.10 INCH OR MORE: 2
MIN 32 OR BELOW: 24 0.50 INCH OR MORE: 0
MIN 0 OR BELOW: 0 1.00 INCH OR MORE: 0
[HDD (BASE 65) ]
TOTAL THIS MO. 882 CLEAR (SCALE 0-3) 17
DPTR FM NORMAL -94 PTCLDY (SCALE 4-7) 9
TOTAL FM JUL 1 1551 CLOUDY (SCALE 8-10) 4
DPTR FM NORMAL -351
[CDD (BASE 65) ]
TOTAL THIS MO. 0
DPTR FM NORMAL 0 [PRESSURE DATA]
TOTAL FM JAN 1 388 HIGHEST SLP 30.81 ON 21
DPTR FM NORMAL 140 LOWEST SLP 29.74 ON 6
[REMARKS]
#FINAL-11-23#