000
CXUS53 KUNR 011525
CLMIEN
CLIMATE REPORT
NATIONAL WEATHER SERVICE RAPID CITY SD
925 AM MDT WED NOV 01 2023
...................................
...THE PINE RIDGE SD CLIMATE SUMMARY FOR THE MONTH OF OCTOBER 2023...
CLIMATE NORMAL PERIOD 1991 TO 2020
CLIMATE RECORD PERIOD 9999 TO 9999
WEATHER OBSERVED NORMAL DEPART LAST YEAR`S
VALUE DATE(S) VALUE FROM VALUE DATE(S)
NORMAL
................................................................
TEMPERATURE (F)
HIGHEST 85 10/01 80 10/10
LOWEST 8 10/30 15 10/26
AVG. MAXIMUM 60.5 62.5 -2.0 65.2
AVG. MINIMUM 31.8 32.7 -0.9 29.9
MEAN 46.2 47.6 -1.4 47.5
DAYS MAX >= 90 0 0
DAYS MAX <= 32 4 0
DAYS MIN <= 32 16 19
DAYS MIN <= 0 0 0
PRECIPITATION (INCHES)
TOTALS 2.80 1.25 1.55 0.76
DAILY AVG. 0.09 0.04 0.05 0.02
DAYS >= .01 7 7
DAYS >= .10 4 1
DAYS >= .50 2 1
DAYS >= 1.00 1 0
GREATEST
24 HR. TOTAL 1.95 10/11 TO 10/12 0.63
DEGREE DAYS
HEATING TOTAL 584 544 40 534
SINCE 7/1 700 728 -28 MM
COOLING TOTAL 7 5 2 0
SINCE 1/1 604 785 -181 MM
................................................................
WIND (MPH)
AVERAGE WIND SPEED 7.2
HIGHEST WIND SPEED/DIRECTION 35/190 DATE 10/22
HIGHEST GUST SPEED/DIRECTION 50/360 DATE 10/12
AVERAGE RH (PERCENT) 70
WEATHER CONDITIONS. NUMBER OF DAYS WITH
THUNDERSTORM 2 MIXED PRECIP 0
HEAVY RAIN 3 RAIN 2
LIGHT RAIN 8 FREEZING RAIN 0
LT FREEZING RAIN 1 HAIL 0
HEAVY SNOW 1 SNOW 1
LIGHT SNOW 3 SLEET 0
FOG 9 FOG W/VIS <= 1/4 MILE 1
HAZE 1
- INDICATES NEGATIVE NUMBERS.
R INDICATES RECORD WAS SET OR TIED.
MM INDICATES DATA IS MISSING.
T INDICATES TRACE AMOUNT.
$$