000
CXUS55 KVEF 010910
CF6IGM
PRELIMINARY LOCAL CLIMATOLOGICAL DATA (WS FORM: F-6)
STATION: KINGMAN AZ
MONTH: AUGUST
YEAR: 2022
LATITUDE: 35 16 N
LONGITUDE: 113 57 W
TEMPERATURE IN F: :PCPN: SNOW: WIND :SUNSHINE: SKY :PK WND
================================================================================
1 2 3 4 5 6A 6B 7 8 9 10 11 12 13 14 15 16 17 18
12Z AVG MX 2MIN
DY MAX MIN AVG DEP HDD CDD WTR SNW DPTH SPD SPD DIR MIN PSBL S-S WX SPD DR
================================================================================
1 90 65 78 -7 0 13 0.01 M M 5.5 29 170 M M 1 3 34 170
2 96 70 83 -2 0 18 0.00 M M 6.6 15 230 M M 0 3 21 220
3 99 74 87 3 0 22 0.00 M M 5.3 21 110 M M 0 3 23 120
4 86 72 79 -5 0 14 0.03 M M 11.2 24 90 M M 4 3 33 100
5 91 68 80 -4 0 15 0.00 M M 8.6 21 190 M M 2 27 210
6 98 69 84 0 0 19 0.00 M M 5.1 13 310 M M 0 18 330
7 97 72 85 1 0 20 0.00 M M 9.0 30 80 M M 1 38 38 90
8 94 77 86 2 0 21 0.00 M M 9.7 22 100 M M 1 3 28 100
9 91 71 81 -3 0 16 0.05 M M 9.2 29 150 M M 2 38 36 160
10 86 68 77 -7 0 12 T M M 9.2 20 100 M M 2 3 26 80
11 95 68 82 -2 0 17 0.02 M M 9.2 31 150 M M 3 38 44 150
12 91 69 80 -4 0 15 T M M 7.4 24 80 M M 1 3 31 80
13 90 70 80 -4 0 15 0.01 M M 7.3 23 180 M M 0 3 28 170
14 92 68 80 -4 0 15 0.48 M M 9.3 43 210 M M 2 3 55 190
15 92 67 80 -3 0 15 T M M 5.5 23 60 M M 2 3 27 60
16 94 66 80 -3 0 15 0.00 M M 6.2 15 180 M M 0 3 20 180
17 95 71 83 0 0 18 0.00 M M 8.5 25 80 M M 1 3 31 90
18 96 72 84 1 0 19 0.02 M M 6.9 28 320 M M 2 38 36 310
19 95 67 81 -2 0 16 0.00 M M 5.7 29 80 M M 0 34 90
20 94 69 82 -1 0 17 0.00 M M 9.6 21 200 M M 0 3 30 230
21 93 65 79 -4 0 14 0.51 M M M 33 330 M M 0 46 320
22 94 63 79 -3 0 14 T M M M 14 190 M M M 19 180
23 96 69 83 1 0 18 0.00 M M 10.2 28 80 M M 0 3 33 80
24 95 69 82 0 0 17 T M M 12.0 44 60 M M 2 38 55 70
25 93 68 81 -1 0 16 0.01 M M 5.8 17 130 M M 4 22 130
26 93 68 81 -1 0 16 0.26 M M 7.4 36 290 M M 1 38 43 290
27 96 68 82 0 0 17 0.00 M M 10.3 23 190 M M 0 3 32 150
28 95 72 84 3 0 19 0.00 M M 9.7 21 180 M M 0 3 28 190
29 98 69 84 3 0 19 0.00 M M 3.3 12 200 M M 1 15 200
30 105 68 87 6 0 22 0.00 M M 3.3 14 330 M M 0 19 120
31 104 70 87 6 0 22 0.00 M M 6.2 18 80 M M 0 23 80
================================================================================
SM 2924 2142 0 526 1.40 M 223.2 M 32
================================================================================
AV 94.3 69.1 7.7 FASTST M M 1 MAX(MPH)
MISC ----> 44 60 # 55 190
================================================================================
NOTES:
# LAST OF SEVERAL OCCURRENCES
COLUMN 17 PEAK WIND IN M.P.H.
PRELIMINARY LOCAL CLIMATOLOGICAL DATA (WS FORM: F-6) , PAGE 2
STATION: KINGMAN AZ
MONTH: AUGUST
YEAR: 2022
LATITUDE: 35 16 N
LONGITUDE: 113 57 W
[TEMPERATURE DATA] [PRECIPITATION DATA] SYMBOLS USED IN COLUMN 16
AVERAGE MONTHLY: 81.7 TOTAL FOR MONTH: 1.40 1 = FOG OR MIST
DPTR FM NORMAL: -1.4 DPTR FM NORMAL: 0.52 2 = FOG REDUCING VISIBILITY
HIGHEST: 105 ON 30 GRTST 24HR 0.51 ON 21-21 TO 1/4 MILE OR LESS
LOWEST: 63 ON 22 3 = THUNDER
SNOW, ICE PELLETS, HAIL 4 = ICE PELLETS
TOTAL MONTH: M 5 = HAIL
GRTST 24HR M ON M 6 = FREEZING RAIN OR DRIZZLE
GRTST DEPTH: M ON M 7 = DUSTSTORM OR SANDSTORM:
VSBY 1/2 MILE OR LESS
8 = SMOKE OR HAZE
[NO. OF DAYS WITH] [WEATHER - DAYS WITH] 9 = BLOWING SNOW
X = TORNADO
MAX 32 OR BELOW: 0 0.01 INCH OR MORE: 10
MAX 90 OR ABOVE: 29 0.10 INCH OR MORE: 3
MIN 32 OR BELOW: 0 0.50 INCH OR MORE: 1
MIN 0 OR BELOW: 0 1.00 INCH OR MORE: 0
[HDD (BASE 65) ]
TOTAL THIS MO. 0 CLEAR (SCALE 0-3) 28
DPTR FM NORMAL 0 PTCLDY (SCALE 4-7) 2
TOTAL FM JUL 1 0 CLOUDY (SCALE 8-10) 1
DPTR FM NORMAL 0
[CDD (BASE 65) ]
TOTAL THIS MO. 526
DPTR FM NORMAL -34 [PRESSURE DATA]
TOTAL FM JAN 1 1875 HIGHEST SLP 29.99 ON 21
DPTR FM NORMAL 103 LOWEST SLP 29.62 ON 19
[REMARKS]
#FINAL-08-22#