000
CXUS54 KFWD 072138
CF6ILE
PRELIMINARY LOCAL CLIMATOLOGICAL DATA (WS FORM: F-6)
STATION: KILLEEN SKYLARK
MONTH: APRIL
YEAR: 2022
LATITUDE: 31 4 N
LONGITUDE: 97 41 W
TEMPERATURE IN F: :PCPN: SNOW: WIND :SUNSHINE: SKY :PK WND
================================================================================
1 2 3 4 5 6A 6B 7 8 9 10 11 12 13 14 15 16 17 18
12Z AVG MX 2MIN
DY MAX MIN AVG DEP HDD CDD WTR SNW DPTH SPD SPD DIR MIN PSBL S-S WX SPD DR
================================================================================
1 80 44 62 0 3 0 0.00 M M 9.7 20 180 M M 0 32 160
2 83 57 70 8 0 5 0.00 M M 9.1 22 170 M M 1 32 170
3 86 49 68 6 0 3 0.00 M M 9.8 18 170 M M 0 24 150
4 77 62 70 7 0 5 0.00 M M 9.4 17 170 M M 5 1 M M
5 97 66 82 19 0 17 0.00 M M 9.6 18 150 M M 1 1 25 230
6 76 55 66 3 0 1 0.00 M M 14.9 29 10 M M 0 36 350
7 72 50 61 -2 4 0 0.00 M M 9.5 20 350 M M 0 30 310
8 M M M M M M 0.00 M M M M M M M M M M
9 87 43 65 1 0 0 0.00 M M 17.3 24 180 M M 0 35 180
10 86 61 74 10 0 9 T M M 20.3 29 190 M M 2 37 180
11 86 69 78 14 0 13 0.00 M M 16.8 23 180 M M 5 37 180
12 88 63 76 11 0 11 0.75 M M 16.7 25 90 M M 6 13 36 80
13 88 59 74 9 0 9 0.00 M M 14.9 23 190 M M 4 37 180
14 78 49 64 -1 1 0 0.00 M M 7.6 14 140 M M 0 21 90
15 82 59 71 6 0 6 0.00 M M 11.8 18 160 M M 5 22 160
16 73 71 72 6 0 7 0.00 M M 10.1 13 160 M M 6 1 M M
17 M M M M M M M M M M M M M M M M M
18 M M M M M M M M M M M M M M M M M
19 M M M M M M M M M M M M M M M M M
20 86 67 77 11 0 12 0.01 M M 20.4 30 190 M M 8 40 170
21 83 71 77 10 0 12 0.00 M M 14.6 21 160 M M 7 28 160
22 87 70 79 12 0 14 0.00 M M 18.8 26 150 M M 6 38 150
23 87 69 78 11 0 13 0.00 M M 20.3 30 180 M M 7 39 160
24 88 69 79 12 0 14 0.00 M M 14.7 21 170 M M 6 26 160
25 73 58 66 -2 0 1 0.16 M M 10.5 16 30 M M 9 13 22 350
26 75 56 66 -2 0 1 T M M 7.9 14 20 M M 4 16 80
27 77 59 68 0 0 3 0.00 M M 9.2 16 170 M M 6 17 150
28 86 66 76 8 0 11 0.00 M M 14.8 24 170 M M 7 31 170
29 85 69 77 8 0 12 0.00 M M 16.1 22 190 M M 7 8 28 190
30 87 70 79 10 0 14 0.00 M M 9.7 21 180 M M 5 25 180
================================================================================
SM 2153 1581 8 193 0.92 M 344.5 M 107
================================================================================
AV 82.8 60.8 13.2 FASTST M M 4 MAX(MPH)
MISC ----> # 30 190 40 170
================================================================================
NOTES:
# LAST OF SEVERAL OCCURRENCES
COLUMN 17 PEAK WIND IN M.P.H.
PRELIMINARY LOCAL CLIMATOLOGICAL DATA (WS FORM: F-6) , PAGE 2
STATION: KILLEEN SKYLARK
MONTH: APRIL
YEAR: 2022
LATITUDE: 31 4 N
LONGITUDE: 97 41 W
[TEMPERATURE DATA] [PRECIPITATION DATA] SYMBOLS USED IN COLUMN 16
AVERAGE MONTHLY: 71.8 TOTAL FOR MONTH: 0.92 1 = FOG OR MIST
DPTR FM NORMAL: 6.4 DPTR FM NORMAL: -1.18 2 = FOG REDUCING VISIBILITY
HIGHEST: 97 ON 5 GRTST 24HR 0.75 ON 12-12 TO 1/4 MILE OR LESS
LOWEST: 43 ON 9 3 = THUNDER
SNOW, ICE PELLETS, HAIL 4 = ICE PELLETS
TOTAL MONTH: M 5 = HAIL
GRTST 24HR M ON M 6 = FREEZING RAIN OR DRIZZLE
GRTST DEPTH: M ON M 7 = DUSTSTORM OR SANDSTORM:
VSBY 1/2 MILE OR LESS
8 = SMOKE OR HAZE
[NO. OF DAYS WITH] [WEATHER - DAYS WITH] 9 = BLOWING SNOW
X = TORNADO
MAX 32 OR BELOW: 0 0.01 INCH OR MORE: 3
MAX 90 OR ABOVE: 1 0.10 INCH OR MORE: 2
MIN 32 OR BELOW: 0 0.50 INCH OR MORE: 1
MIN 0 OR BELOW: 0 1.00 INCH OR MORE: 0
[HDD (BASE 65) ]
TOTAL THIS MO. 8 CLEAR (SCALE 0-3) 9
DPTR FM NORMAL -74 PTCLDY (SCALE 4-7) 15
TOTAL FM JUL 1 1696 CLOUDY (SCALE 8-10) 6
DPTR FM NORMAL -460
[CDD (BASE 65) ]
TOTAL THIS MO. 193
DPTR FM NORMAL 100 [PRESSURE DATA]
TOTAL FM JAN 1 252 HIGHEST SLP 30.35 ON 26
DPTR FM NORMAL 123 LOWEST SLP 29.67 ON 29
[REMARKS]
#FINAL-04-22#