446
CXUS51 KPHI 010915
CF6ILG
PRELIMINARY LOCAL CLIMATOLOGICAL DATA (WS FORM: F-6)
STATION: WILMINGTON DE
MONTH: JANUARY
YEAR: 2021
LATITUDE: 39 40 N
LONGITUDE: 75 36 W
TEMPERATURE IN F: :PCPN: SNOW: WIND :SUNSHINE: SKY :PK WND
================================================================================
1 2 3 4 5 6A 6B 7 8 9 10 11 12 13 14 15 16 17 18
12Z AVG MX 2MIN
DY MAX MIN AVG DEP HDD CDD WTR SNW DPTH SPD SPD DIR MIN PSBL S-S WX SPD DR
================================================================================
1 40 25 33 0 32 0 0.86 0.0 0 7.7 17 90 M M 5 1 22 100
2 54 35 45 12 20 0 0.03 0.0 0 9.1 24 300 M M 6 1 30 320
3 40 34 37 4 28 0 0.31 0.0 0 9.2 18 50 M M 7 1 23 50
4 44 36 40 7 25 0 0.00 0.0 0 5.1 13 10 M M 10 16 10
5 42 37 40 7 25 0 0.00 0.0 0 4.6 12 310 M M 10 16 20
6 42 33 38 6 27 0 0.00 0.0 0 13.9 24 330 M M 8 31 310
7 45 28 37 5 28 0 0.00 0.0 0 10.2 17 320 M M 0 23 310
8 36 25 31 -1 34 0 0.00 0.0 0 5.0 10 360 M M 0 13 350
9 45 26 36 4 29 0 0.00 0.0 0 12.7 22 330 M M 3 28 330
10 48 26 37 5 28 0 0.00 0.0 0 6.9 16 330 M M 0 19 320
11 40 22 31 -1 34 0 0.00 0.0 0 1.5 6 130 M M 1 7 140
12 44 22 33 1 32 0 0.00 0.0 0 5.5 12 320 M M 0 18 15 290
13 47 23 35 3 30 0 0.00 0.0 0 3.5 14 240 M M 0 18 17 250
14 53 28 41 9 24 0 0.00 0.0 0 2.0 9 170 M M 1 18 10 170
15 55 29 42 10 23 0 0.22 0.0 0 7.5 20 150 M M 4 18 27 150
16 47 36 42 10 23 0 0.14 0.0 0 9.6 17 260 M M 5 1 23 260
17 49 33 41 9 24 0 0.00 0.0 0 10.6 24 280 M M 5 34 280
18 45 32 39 7 26 0 0.00 0.0 0 10.0 23 280 M M 5 29 290
19 46 30 38 6 27 0 0.00 0.0 0 9.7 21 260 M M 2 26 260
20 44 24 34 2 31 0 0.00 0.0 0 12.7 32 310 M M 4 41 330
21 46 23 35 3 30 0 0.00 0.0 0 6.0 15 250 M M 2 20 240
22 47 33 40 8 25 0 0.00 0.0 0 10.6 24 300 M M 5 32 300
23 36 23 30 -2 35 0 0.00 0.0 0 16.9 31 320 M M 6 37 310
24 36 20 28 -4 37 0 0.00 0.0 0 9.5 17 310 M M 3 25 320
25 37 31 34 2 31 0 T T 0 3.5 9 50 M M 10 10 70
26 39 33 36 4 29 0 0.09 T 0 6.6 13 50 M M 10 14 15 80
27 43 32 38 6 27 0 0.00 0.0 0 10.6 22 330 M M 10 1 28 310
28 34 23 29 -4 36 0 0.00 0.0 0 18.3 30 330 M M 3 38 310
29 31 19 25 -8 40 0 0.00 0.0 0 17.3 33 330 M M 3 44 320
30 37 16 27 -6 38 0 0.00 0.0 0 5.4 17 320 M M 3 31 280
31 30 26 28 -5 37 0 0.19 2.5 0 11.5 28 50 M M 9 16 35 40
================================================================================
SM 1322 863 915 0 1.84 2.5 273.2 M 140
================================================================================
AV 42.6 27.8 8.8 FASTST M M 5 MAX(MPH)
MISC ----> 33 330 44 320
================================================================================
NOTES:
# LAST OF SEVERAL OCCURRENCES
COLUMN 17 PEAK WIND IN M.P.H.
PRELIMINARY LOCAL CLIMATOLOGICAL DATA (WS FORM: F-6) , PAGE 2
STATION: WILMINGTON DE
MONTH: JANUARY
YEAR: 2021
LATITUDE: 39 40 N
LONGITUDE: 75 36 W
[TEMPERATURE DATA] [PRECIPITATION DATA] SYMBOLS USED IN COLUMN 16
AVERAGE MONTHLY: 35.2 TOTAL FOR MONTH: 1.84 1 = FOG OR MIST
DPTR FM NORMAL: 2.8 DPTR FM NORMAL: -1.17 2 = FOG REDUCING VISIBILITY
HIGHEST: 55 ON 15 GRTST 24HR 0.86 ON 1- 1 TO 1/4 MILE OR LESS
LOWEST: 16 ON 30 3 = THUNDER
SNOW, ICE PELLETS, HAIL 4 = ICE PELLETS
TOTAL MONTH: 2.5 INCHES 5 = HAIL
GRTST 24HR 2.5 ON 31-31 6 = FREEZING RAIN OR DRIZZLE
GRTST DEPTH: 0 7 = DUSTSTORM OR SANDSTORM:
VSBY 1/2 MILE OR LESS
8 = SMOKE OR HAZE
[NO. OF DAYS WITH] [WEATHER - DAYS WITH] 9 = BLOWING SNOW
X = TORNADO
MAX 32 OR BELOW: 2 0.01 INCH OR MORE: 7
MAX 90 OR ABOVE: 0 0.10 INCH OR MORE: 5
MIN 32 OR BELOW: 22 0.50 INCH OR MORE: 1
MIN 0 OR BELOW: 0 1.00 INCH OR MORE: 0
[HDD (BASE 65) ]
TOTAL THIS MO. 915 CLEAR (SCALE 0-3) 12
DPTR FM NORMAL -95 PTCLDY (SCALE 4-7) 12
TOTAL FM JUL 1 2447 CLOUDY (SCALE 8-10) 7
DPTR FM NORMAL -342
[CDD (BASE 65) ]
TOTAL THIS MO. 0
DPTR FM NORMAL 0 [PRESSURE DATA]
TOTAL FM JAN 1 0 HIGHEST SLP 30.54 ON 1
DPTR FM NORMAL 0 LOWEST SLP 29.44 ON 16
[REMARKS]
#FINAL-01-21#