179
CXUS53 KILX 011000
CF6ILX
PRELIMINARY LOCAL CLIMATOLOGICAL DATA (WS FORM: F-6)
STATION: LINCOLN IL
MONTH: OCTOBER
YEAR: 2020
LATITUDE: 40 9 N
LONGITUDE: 89 20 W
TEMPERATURE IN F: :PCPN: SNOW: WIND :SUNSHINE: SKY :PK WND
================================================================================
1 2 3 4 5 6A 6B 7 8 9 10 11 12 13 14 15 16 17 18
12Z AVG MX 2MIN
DY MAX MIN AVG DEP HDD CDD WTR SNW DPTH SPD SPD DIR MIN PSBL S-S WX SPD DR
================================================================================
1 63 45 54 -5 11 0 T 0.0 0 M M M M M M M M
2 58 38 48 -11 17 0 0.00 0.0 0 M M M M M M M M
3 60 36 48 -10 17 0 0.10 0.0 0 M M M M M M M M
4 57 32 45 -13 20 0 0.15 0.0 0 M M M M M M M M
5 65 27 46 -12 19 0 0.00 0.0 0 M M M M M M M M
6 78 51 65 8 0 0 0.00 0.0 0 M M M M M M M M
7 84 47 66 9 0 1 0.00 0.0 0 M M M M M M M M
8 80 43 62 6 3 0 0.00 0.0 0 M M M M M M M M
9 83 49 66 10 0 1 0.00 0.0 0 M M M M M M 8 M M
10 82 57 70 14 0 5 0.00 0.0 0 M M M M M M 1 M M
11 83 52 68 13 0 3 0.00 0.0 0 M M M M M M M M
12 70 38 54 -1 11 0 T 0.0 0 M M M M M M M M
13 77 33 55 0 10 0 0.00 0.0 0 M M M M M M M M
14 82 40 61 7 4 0 0.00 0.0 0 M M M M M M M M
15 65 30 48 -6 17 0 T 0.0 0 M M M M M M M M
16 60 26 43 -11 22 0 0.00 0.0 0 M M M M M M M M
17 67 29 48 -5 17 0 0.00 0.0 0 M M M M M M M M
18 59 40 50 -3 15 0 0.06 0.0 0 M M M M M M M M
19 51 40 46 -7 19 0 0.03 0.0 0 M M M M M M M M
20 60 43 52 0 13 0 0.10 0.0 0 M M M M M M 13 M M
21 54 45 50 -2 15 0 0.04 0.0 0 M M M M M M 123 M M
22 83 54 69 17 0 4 0.00 0.0 0 M M M M M M 1 M M
23 69 42 56 4 9 0 0.39 0.0 0 M M M M M M M M
24 50 34 42 -9 23 0 0.00 0.0 0 M M M M M M M M
25 49 41 45 -6 20 0 T 0.0 0 M M M M M M M M
26 43 34 39 -11 26 0 0.08 T 0 M M M M M M M M
27 40 34 37 -13 28 0 0.04 0.0 0 M M M M M M M M
28 49 37 43 -7 22 0 0.02 0.0 0 M M M M M M M M
29 52 36 44 -6 21 0 0.02 0.0 0 M M M M M M M M
30 52 27 40 -9 25 0 0.00 0.0 0 M M M M M M M M
31 63 29 46 -3 19 0 0.00 0.0 0 M M M M M M M M
================================================================================
SM 1988 1209 423 14 1.03 T M M M
================================================================================
AV 64.1 39.0 M FASTST M M M MAX(MPH)
MISC ----> M M M M
================================================================================
NOTES:
# LAST OF SEVERAL OCCURRENCES
COLUMN 17 PEAK WIND IN M.P.H.
PRELIMINARY LOCAL CLIMATOLOGICAL DATA (WS FORM: F-6) , PAGE 2
STATION: LINCOLN IL
MONTH: OCTOBER
YEAR: 2020
LATITUDE: 40 9 N
LONGITUDE: 89 20 W
[TEMPERATURE DATA] [PRECIPITATION DATA] SYMBOLS USED IN COLUMN 16
AVERAGE MONTHLY: 51.6 TOTAL FOR MONTH: 1.03 1 = FOG OR MIST
DPTR FM NORMAL: -2.2 DPTR FM NORMAL: -2.05 2 = FOG REDUCING VISIBILITY
HIGHEST: 84 ON 7 GRTST 24HR 0.39 ON 23-23 TO 1/4 MILE OR LESS
LOWEST: 26 ON 16 3 = THUNDER
SNOW, ICE PELLETS, HAIL 4 = ICE PELLETS
TOTAL MONTH: T 5 = HAIL
GRTST 24HR T ON 26-26 6 = FREEZING RAIN OR DRIZZLE
GRTST DEPTH: 0 7 = DUSTSTORM OR SANDSTORM:
VSBY 1/2 MILE OR LESS
8 = SMOKE OR HAZE
[NO. OF DAYS WITH] [WEATHER - DAYS WITH] 9 = BLOWING SNOW
X = TORNADO
MAX 32 OR BELOW: 0 0.01 INCH OR MORE: 11
MAX 90 OR ABOVE: 0 0.10 INCH OR MORE: 4
MIN 32 OR BELOW: 7 0.50 INCH OR MORE: 0
MIN 0 OR BELOW: 0 1.00 INCH OR MORE: 0
[HDD (BASE 65) ]
TOTAL THIS MO. 423 CLEAR (SCALE 0-3) 0
DPTR FM NORMAL 62 PTCLDY (SCALE 4-7) 0
TOTAL FM JUL 1 492 CLOUDY (SCALE 8-10) 31
DPTR FM NORMAL 37
[CDD (BASE 65) ]
TOTAL THIS MO. 14
DPTR FM NORMAL 0 [PRESSURE DATA]
TOTAL FM JAN 1 1021 HIGHEST SLP M ON M
DPTR FM NORMAL 4 LOWEST SLP M ON M
[REMARKS]
#FINAL-10-20#