000
CXUS53 KDLH 020224
CF6INL
PRELIMINARY LOCAL CLIMATOLOGICAL DATA (WS FORM: F-6)
STATION: INTERNATIONAL FALLS
MONTH: FEBRUARY
YEAR: 2022
LATITUDE: 48 34 N
LONGITUDE: 93 23 W
TEMPERATURE IN F: :PCPN: SNOW: WIND :SUNSHINE: SKY :PK WND
================================================================================
1 2 3 4 5 6A 6B 7 8 9 10 11 12 13 14 15 16 17 18
12Z AVG MX 2MIN
DY MAX MIN AVG DEP HDD CDD WTR SNW DPTH SPD SPD DIR MIN PSBL S-S WX SPD DR
================================================================================
1 25 -5 10 5 55 0 0.04 0.3 17 13.8 31 280 M M 9 1289 45 280
2 -4 -21 -12 -18 77 0 T T 17 8.3 18 310 M M 2 8 28 310
3 2 -42 -20 -26 85 0 T T 17 2.3 9 130 M M 1 13 50
4 6 -23 -8 -14 73 0 0.01 0.2 16 3.3 12 20 M M 5 18 17 20
5 9 -22 -6 -12 71 0 0.24 2.1 18 5.7 17 130 M M 10 18 23 150
6 14 -1 7 1 58 0 0.02 0.5 18 7.4 14 340 M M 7 18 16 320
7 16 -14 1 -6 64 0 0.01 0.1 18 4.7 9 150 M M 6 8 16 160
8 40 10 25 18 40 0 0.03 0.3 18 9.5 24 310 M M 6 18 33 300
9 25 11 18 11 47 0 0.01 0.2 18 15.3 23 320 M M 10 18 30 330
10 21 9 15 7 50 0 0.25 3.3 21 7.6 21 140 M M 10 1268 33 170
11 21 -18 2 -6 63 0 T 0.1 21 15.5 26 360 M M 6 18 39 360
12 -2 -37 -19 -27 84 0 0.00 0.0 21 1.0 8 300 M M 4 18 12 290
13 3 -42 -19 -28 84 0 0.03 0.1 21 2.9 10 160 M M 4 18 18 220
14 7 -29 -11 -20 76 0 T T 21 2.0 13 290 M M 3 18 18 230
15 16 -23 -3 -12 68 0 0.19 2.3 20 7.4 18 130 M M 7 128 24 130
16 17 -7 5 -5 60 0 T T 22 12.2 21 300 M M 8 8 28 310
17 1 -32 -15 -25 80 0 0.00 0.0 22 3.6 12 310 M M 0 16 310
18 9 -26 -8 -18 73 0 0.18 3.7 22 13.5 29 320 M M 9 189 40 310
19 22 -21 1 -10 64 0 0.12 1.5 24 8.2 15 170 M M 5 8 26 150
20 25 1 13 2 52 0 0.21 2.4 26 10.2 22 340 M M 7 189 31 340
21 1 -8 -3 -15 68 0 0.04 0.6 25 10.4 16 30 M M 9 8 27 30
22 3 -9 -3 -15 68 0 T T 26 12.6 18 350 M M 5 8 25 360
23 3 -30 -13 -26 78 0 0.00 0.0 25 5.2 13 290 M M 0 8 16 270
24 8 -40 -16 -29 81 0 T T 25 0.8 10 300 M M 0 8 13 300
25 15 -40 -12 -26 77 0 0.00 0.0 25 4.5 14 220 M M 0 21 230
26 28 -3 13 -1 52 0 0.00 0.0 24 10.7 21 290 M M 4 30 270
27 20 2 11 -4 54 0 T T 24 3.8 10 280 M M 7 8 15 290
28 25 11 18 3 47 0 0.10 1.5 25 4.4 12 120 M M 10 18 14 120
================================================================================
SM 376 -449 1849 0 1.48 19.2 206.8 M 154
================================================================================
AV 13.4-16.0 7.4 FASTST M M 6 MAX(MPH)
MISC ----> 31 280 45 280
================================================================================
NOTES:
# LAST OF SEVERAL OCCURRENCES
COLUMN 17 PEAK WIND IN M.P.H.
PRELIMINARY LOCAL CLIMATOLOGICAL DATA (WS FORM: F-6) , PAGE 2
STATION: INTERNATIONAL FALLS
MONTH: FEBRUARY
YEAR: 2022
LATITUDE: 48 34 N
LONGITUDE: 93 23 W
[TEMPERATURE DATA] [PRECIPITATION DATA] SYMBOLS USED IN COLUMN 16
AVERAGE MONTHLY: -1.3 TOTAL FOR MONTH: 1.48 1 = FOG OR MIST
DPTR FM NORMAL: -10.8 DPTR FM NORMAL: 0.79 2 = FOG REDUCING VISIBILITY
HIGHEST: 40 ON 8 GRTST 24HR 0.33 ON 19-20 TO 1/4 MILE OR LESS
LOWEST: -42 ON 13, 3 3 = THUNDER
SNOW, ICE PELLETS, HAIL 4 = ICE PELLETS
TOTAL MONTH: 19.5 INCHES 5 = HAIL
GRTST 24HR 3.7 ON 18-18 6 = FREEZING RAIN OR DRIZZLE
GRTST DEPTH: 26 ON 22,20 7 = DUSTSTORM OR SANDSTORM:
VSBY 1/2 MILE OR LESS
8 = SMOKE OR HAZE
[NO. OF DAYS WITH] [WEATHER - DAYS WITH] 9 = BLOWING SNOW
X = TORNADO
MAX 32 OR BELOW: 27 0.01 INCH OR MORE: 15
MAX 90 OR ABOVE: 0 0.10 INCH OR MORE: 7
MIN 32 OR BELOW: 28 0.50 INCH OR MORE: 0
MIN 0 OR BELOW: 22 1.00 INCH OR MORE: 0
[HDD (BASE 65) ]
TOTAL THIS MO. 1849 CLEAR (SCALE 0-3) 7
DPTR FM NORMAL 297 PTCLDY (SCALE 4-7) 13
TOTAL FM JUL 1 7378 CLOUDY (SCALE 8-10) 8
DPTR FM NORMAL -115
[CDD (BASE 65) ]
TOTAL THIS MO. 0
DPTR FM NORMAL 0 [PRESSURE DATA]
TOTAL FM JAN 1 0 HIGHEST SLP 30.80 ON 3
DPTR FM NORMAL 0 LOWEST SLP 29.17 ON 10
[REMARKS]
#FINAL-02-22#