000
CXUS53 KDLH 081114
CF6INL
PRELIMINARY LOCAL CLIMATOLOGICAL DATA (WS FORM: F-6)
STATION: INTERNATIONAL FALLS
MONTH: OCTOBER
YEAR: 2023
LATITUDE: 48 34 N
LONGITUDE: 93 23 W
TEMPERATURE IN F: :PCPN: SNOW: WIND :SUNSHINE: SKY :PK WND
================================================================================
1 2 3 4 5 6A 6B 7 8 9 10 11 12 13 14 15 16 17 18
12Z AVG MX 2MIN
DY MAX MIN AVG DEP HDD CDD WTR SNW DPTH SPD SPD DIR MIN PSBL S-S WX SPD DR
================================================================================
1 84 62 73 25 0 8 T 0.0 0 8.3 17 140 M M 5 3 23 140
2 87 69 78 31 0 13 0.00 0.0 0 6.4 16 220 M M 0 30 210
3 84 65 75 28 0 10 0.29 0.0 0 7.2 22 200 M M 4 13 35 180
4 66 45 56 10 9 0 0.83 0.0 0 6.7 16 270 M M 8 1 28 220
5 53 45 49 3 16 0 0.07 0.0 0 8.3 23 300 M M 8 1 34 320
6 52 33 43 -3 22 0 T 0.0 0 11.4 24 330 M M 7 33 330
7 48 37 43 -2 22 0 0.04 0.0 0 4.3 10 240 M M 9 1 16 230
8 52 35 44 -1 21 0 0.00 0.0 0 3.4 10 40 M M 7 18 30
9 51 30 41 -3 24 0 0.00 0.0 0 9.0 21 330 M M 0 28 340
10 48 32 40 -4 25 0 0.00 0.0 0 4.9 9 360 M M 8 13 350
11 51 37 44 1 21 0 0.00 0.0 0 5.0 13 100 M M 10 16 100
12 54 31 43 0 22 0 T 0.0 0 6.2 16 110 M M 4 1 23 60
13 51 40 46 4 19 0 0.00 0.0 0 8.4 16 80 M M 7 25 90
14 47 32 40 -2 25 0 0.00 0.0 0 6.3 13 20 M M 9 17 360
15 61 30 46 4 19 0 0.00 0.0 0 6.7 18 340 M M 0 24 330
16 M M M M M M 0.00 0.0 0 M M M M M 3 M M
17 M M M M M M 0.07 0.0 0 M M M M M 0 M M
18 M M M M M M 0.23 0.0 0 M M M M M M M M
19 M M M M M M M 0.0 0 M M M M M M M M
20 M M M M M M M 0.0 0 M M M M M 0 M M
21 M M M M M M M 0.0 0 M M M M M M M M
22 M M M M M M 0.00 0.0 0 M M M M M M M M
23 M M M M M M 0.13 0.0 0 M M M M M M M M
24 M M M M M M 0.52 0.0 0 M M M M M M M M
25 M M M M M M 0.03 0.0 0 M M M M M M M M
26 M M M M M M 0.12 0.0 0 M M M M M M 18 M M
27 M M M M M M 0.46 3.2 3 M M M M M M 18 M M
28 M M M M M M 0.01 0.3 2 M M M M M M 18 M M
29 M M M M M M 0.00 0.0 2 M M M M M 0 18 M M
30 29 24 27 -8 38 0 0.06 0.8 2 2.8 7 40 M M 0 18 13 270
31 31 14 23 -11 42 0 T 0.1 3 7.8 15 260 M M 0 23 260
================================================================================
SM 949 661 325 31 2.86 4.4 113.1 M 89
================================================================================
AV 55.8 38.9 6.7 FASTST M M 4 MAX(MPH)
MISC ----> 24 330 35 180
================================================================================
NOTES:
# LAST OF SEVERAL OCCURRENCES
COLUMN 17 PEAK WIND IN M.P.H.
PRELIMINARY LOCAL CLIMATOLOGICAL DATA (WS FORM: F-6) , PAGE 2
STATION: INTERNATIONAL FALLS
MONTH: OCTOBER
YEAR: 2023
LATITUDE: 48 34 N
LONGITUDE: 93 23 W
[TEMPERATURE DATA] [PRECIPITATION DATA] SYMBOLS USED IN COLUMN 16
AVERAGE MONTHLY: 47.4 TOTAL FOR MONTH: 2.86 1 = FOG OR MIST
DPTR FM NORMAL: 6.3 DPTR FM NORMAL: 0.64 2 = FOG REDUCING VISIBILITY
HIGHEST: 87 ON 2 GRTST 24HR 1.12 ON 3- 4 TO 1/4 MILE OR LESS
LOWEST: 14 ON 31 3 = THUNDER
SNOW, ICE PELLETS, HAIL 4 = ICE PELLETS
TOTAL MONTH: 4.4 INCHES 5 = HAIL
GRTST 24HR 3.2 ON 27-27 6 = FREEZING RAIN OR DRIZZLE
GRTST DEPTH: 3 ON 31,27 7 = DUSTSTORM OR SANDSTORM:
VSBY 1/2 MILE OR LESS
8 = SMOKE OR HAZE
[NO. OF DAYS WITH] [WEATHER - DAYS WITH] 9 = BLOWING SNOW
X = TORNADO
MAX 32 OR BELOW: 2 0.01 INCH OR MORE: 13
MAX 90 OR ABOVE: 0 0.10 INCH OR MORE: 7
MIN 32 OR BELOW: 7 0.50 INCH OR MORE: 2
MIN 0 OR BELOW: 0 1.00 INCH OR MORE: 0
[HDD (BASE 65) ]
TOTAL THIS MO. 325 CLEAR (SCALE 0-3) 9
DPTR FM NORMAL -415 PTCLDY (SCALE 4-7) 8
TOTAL FM JUL 1 664 CLOUDY (SCALE 8-10) 14
DPTR FM NORMAL -600
[CDD (BASE 65) ]
TOTAL THIS MO. 31
DPTR FM NORMAL 31 [PRESSURE DATA]
TOTAL FM JAN 1 255 HIGHEST SLP 30.37 ON 31
DPTR FM NORMAL 81 LOWEST SLP 29.44 ON 4
[REMARKS]
#FINAL-10-23#
NOTE: MOST DATA ARE SET TO MISSING FOR THIS MONTH DUE TO A LONG-TERM ASOS DATA OUTAGE AT THE SITE FROM 10/16 THROUGH 10/29. PRECIPITATION DATA WAS SUBSTITUTED IN ON THESE DATES FROM THE INTERNATIONAL FALLS SNOW OBSERVATION SITE.