000
CXUS56 KFGZ 010910
CF6INW
PRELIMINARY LOCAL CLIMATOLOGICAL DATA (WS FORM: F-6)
STATION: WINSLOW AZ AIRPORT
MONTH: FEBRUARY
YEAR: 2022
LATITUDE: 35 1 N
LONGITUDE: 110 44 W
TEMPERATURE IN F: :PCPN: SNOW: WIND :SUNSHINE: SKY :PK WND
================================================================================
1 2 3 4 5 6A 6B 7 8 9 10 11 12 13 14 15 16 17 18
12Z AVG MX 2MIN
DY MAX MIN AVG DEP HDD CDD WTR SNW DPTH SPD SPD DIR MIN PSBL S-S WX SPD DR
================================================================================
1 56 35 46 8 19 0 0.00 M M 8.4 25 270 M M 6 32 280
2 43 12 28 -10 37 0 0.00 M M 13.8 26 320 M M 8 36 320
3 39 6 23 -16 42 0 0.00 M M 8.1 17 360 M M 0 23 340
4 42 2 22 -17 43 0 0.00 M M 3.1 10 280 M M 0 12 280
5 47 6 27 -12 38 0 0.00 M M 3.4 10 310 M M 0 14 310
6 53 9 31 -8 34 0 0.00 M M 6.3 21 10 M M 0 26 10
7 51 9 30 -9 35 0 0.00 M M 2.7 9 290 M M 0 11 330
8 57 11 34 -6 31 0 0.00 M M 4.6 14 340 M M 0 18 340
9 59 14 37 -3 28 0 0.00 M M 5.3 12 270 M M 0 16 330
10 61 19 40 0 25 0 0.00 M M 4.8 14 320 M M 0 17 310
11 66 21 44 4 21 0 0.00 M M 5.3 16 320 M M 0 23 310
12 58 16 37 -3 28 0 0.00 M M 3.7 10 320 M M 0 14 320
13 64 17 41 0 24 0 0.00 M M 4.3 12 120 M M 0 13 130
14 69 16 43 2 22 0 0.00 M M 5.7 15 220 M M 0 17 220
15 66 25 46 5 19 0 0.00 M M 15.1 35 220 M M 0 44 220
16 54 26 40 -1 25 0 0.19 M M 9.4 28 240 M M 6 1 34 250
17 M M M M M M T M M 9.8 23 320 M M 1 28 320
18 M M M M M M 0.00 M M 2.3 9 130 M M 0 13 140
19 M M M M M M 0.00 M M 3.4 12 120 M M 0 14 130
20 M M M M M M 0.00 M M 9.5 26 240 M M 0 34 230
21 M M M M M M 0.00 M M 22.9 49 230 M M 1 8 61 230
22 53 37 45 2 20 0 0.01 M M 19.4 41 210 M M 3 50 230
23 39 24 32 -11 33 0 0.27 M M 11.2 35 200 M M 7 128 45 200
24 36 13 25 -18 40 0 0.00 M M 5.1 14 90 M M 0 18 80
25 44 17 31 -13 34 0 0.00 M M 3.6 9 40 M M 0 13 20
26 46 18 32 -12 33 0 0.00 M M 4.8 12 10 M M 0 15 10
27 48 14 31 -13 34 0 0.00 M M 3.9 10 80 M M 0 13 80
28 58 25 42 -2 23 0 0.00 M M 5.6 12 350 M M 0 14 10
================================================================================
SM 1209 392 688 0 0.47 M 205.5 M 32
================================================================================
AV 52.6 17.0 7.3 FASTST M M 1 MAX(MPH)
MISC ----> 49 230 61 230
================================================================================
NOTES:
# LAST OF SEVERAL OCCURRENCES
COLUMN 17 PEAK WIND IN M.P.H.
PRELIMINARY LOCAL CLIMATOLOGICAL DATA (WS FORM: F-6) , PAGE 2
STATION: WINSLOW AZ AIRPORT
MONTH: FEBRUARY
YEAR: 2022
LATITUDE: 35 1 N
LONGITUDE: 110 44 W
[TEMPERATURE DATA] [PRECIPITATION DATA] SYMBOLS USED IN COLUMN 16
AVERAGE MONTHLY: 34.8 TOTAL FOR MONTH: 0.47 1 = FOG OR MIST
DPTR FM NORMAL: -6.2 DPTR FM NORMAL: 0.05 2 = FOG REDUCING VISIBILITY
HIGHEST: 69 ON 14 GRTST 24HR 0.28 ON 22-23 TO 1/4 MILE OR LESS
LOWEST: 2 ON 4 3 = THUNDER
SNOW, ICE PELLETS, HAIL 4 = ICE PELLETS
TOTAL MONTH: M 5 = HAIL
GRTST 24HR M ON M 6 = FREEZING RAIN OR DRIZZLE
GRTST DEPTH: M ON M 7 = DUSTSTORM OR SANDSTORM:
VSBY 1/2 MILE OR LESS
8 = SMOKE OR HAZE
[NO. OF DAYS WITH] [WEATHER - DAYS WITH] 9 = BLOWING SNOW
X = TORNADO
MAX 32 OR BELOW: 0 0.01 INCH OR MORE: 3
MAX 90 OR ABOVE: 0 0.10 INCH OR MORE: 2
MIN 32 OR BELOW: 21 0.50 INCH OR MORE: 0
MIN 0 OR BELOW: 0 1.00 INCH OR MORE: 0
[HDD (BASE 65) ]
TOTAL THIS MO. 688 CLEAR (SCALE 0-3) 24
DPTR FM NORMAL 17 PTCLDY (SCALE 4-7) 4
TOTAL FM JUL 1 3211 CLOUDY (SCALE 8-10) 0
DPTR FM NORMAL -177
[CDD (BASE 65) ]
TOTAL THIS MO. 0
DPTR FM NORMAL 0 [PRESSURE DATA]
TOTAL FM JAN 1 0 HIGHEST SLP M ON M
DPTR FM NORMAL 0 LOWEST SLP 29.51 ON 21
[REMARKS]
#FINAL-02-22#