000
CXUS55 KDVN 011003
CF6IOW
PRELIMINARY LOCAL CLIMATOLOGICAL DATA (WS FORM: F-6)
STATION: IOWA CITY IA
MONTH: MARCH
YEAR: 2021
LATITUDE: 41 37 N
LONGITUDE: 91 33 W
TEMPERATURE IN F: :PCPN: SNOW: WIND :SUNSHINE: SKY :PK WND
================================================================================
1 2 3 4 5 6A 6B 7 8 9 10 11 12 13 14 15 16 17 18
12Z AVG MX 2MIN
DY MAX MIN AVG DEP HDD CDD WTR SNW DPTH SPD SPD DIR MIN PSBL S-S WX SPD DR
================================================================================
1 34 16 25 -6 40 0 0.00 M M 5.8 16 320 M M 0 24 310
2 48 15 32 0 33 0 0.00 M M 6.4 15 180 M M 0 1 26 190
3 53 26 40 8 25 0 0.00 M M 2.5 12 330 M M 0 1 13 310
4 42 25 34 1 31 0 0.00 M M 8.1 17 70 M M 1 18 24 100
5 43 26 35 2 30 0 0.00 M M 3.3 8 130 M M 7 13 100
6 53 32 43 9 22 0 0.00 M M 3.6 12 60 M M 4 14 70
7 65 33 49 15 16 0 0.00 M M 8.3 20 190 M M 1 26 220
8 66 40 53 18 12 0 0.00 M M 5.1 17 250 M M 2 21 250
9 71 40 56 21 9 0 0.00 M M 10.9 28 170 M M 0 39 150
10 70 44 57 21 8 0 0.30 M M 14.7 29 190 M M 7 13 40 190
11 52 31 42 6 23 0 0.00 M M 10.5 23 290 M M 2 30 290
12 52 28 40 3 25 0 0.00 M M 2.5 14 30 M M 0 18 20
13 60 30 45 8 20 0 0.00 M M 3.5 14 160 M M 0 19 160
14 49 35 42 4 23 0 0.02 M M 13.5 26 80 M M 10 44 80
15 37 31 34 -4 31 0 0.67 M M 12.0 24 90 M M 10 1 38 70
16 38 32 35 -4 30 0 0.00 M M 6.8 12 50 M M 10 18 17 120
17 37 35 36 -3 29 0 0.07 M M 11.8 25 30 M M 10 18 39 40
18 52 36 44 4 21 0 0.00 M M 18.9 31 10 M M 5 45 30
19 53 28 41 1 24 0 0.00 M M 5.8 14 70 M M 0 20 70
20 59 26 43 2 22 0 0.00 M M 6.7 20 140 M M 0 26 130
21 67 36 52 11 13 0 0.00 M M 12.3 29 170 M M 0 40 160
22 60 46 53 11 12 0 T M M 6.1 14 70 M M 6 20 60
23 55 49 52 10 13 0 0.67 M M 8.2 22 200 M M 8 18 30 190
24 52 43 48 5 17 0 0.03 M M 14.1 28 260 M M 10 1 36 250
25 47 42 45 2 20 0 0.37 M M 6.6 14 30 M M 10 8 18 80
26 50 42 46 2 19 0 0.06 M M 3.6 9 150 M M 10 18 13 110
27 60 42 51 7 14 0 0.44 M M 11.9 29 300 M M 8 1 43 300
28 48 32 40 -4 25 0 0.00 M M 12.7 26 300 M M 3 41 290
29 73 32 53 8 12 0 0.00 M M 18.1 36 180 M M 1 50 170
30 58 38 48 3 17 0 0.00 M M 14.0 25 320 M M 3 36 330
31 40 27 34 -12 31 0 0.00 M M 12.8 25 310 M M 3 35 320
================================================================================
SM 1644 1038 667 0 2.63 M 281.1 M 131
================================================================================
AV 53.0 33.5 9.1 FASTST M M 4 MAX(MPH)
MISC ----> 36 180 50 170
================================================================================
NOTES:
# LAST OF SEVERAL OCCURRENCES
COLUMN 17 PEAK WIND IN M.P.H.
PRELIMINARY LOCAL CLIMATOLOGICAL DATA (WS FORM: F-6) , PAGE 2
STATION: IOWA CITY IA
MONTH: MARCH
YEAR: 2021
LATITUDE: 41 37 N
LONGITUDE: 91 33 W
[TEMPERATURE DATA] [PRECIPITATION DATA] SYMBOLS USED IN COLUMN 16
AVERAGE MONTHLY: 43.3 TOTAL FOR MONTH: 2.63 1 = FOG OR MIST
DPTR FM NORMAL: 4.7 DPTR FM NORMAL: 0.41 2 = FOG REDUCING VISIBILITY
HIGHEST: 73 ON 29 GRTST 24HR 0.70 ON 23-24 TO 1/4 MILE OR LESS
LOWEST: 15 ON 2 3 = THUNDER
SNOW, ICE PELLETS, HAIL 4 = ICE PELLETS
TOTAL MONTH: M 5 = HAIL
GRTST 24HR M ON M 6 = FREEZING RAIN OR DRIZZLE
GRTST DEPTH: M ON M 7 = DUSTSTORM OR SANDSTORM:
VSBY 1/2 MILE OR LESS
8 = SMOKE OR HAZE
[NO. OF DAYS WITH] [WEATHER - DAYS WITH] 9 = BLOWING SNOW
X = TORNADO
MAX 32 OR BELOW: 0 0.01 INCH OR MORE: 9
MAX 90 OR ABOVE: 0 0.10 INCH OR MORE: 5
MIN 32 OR BELOW: 16 0.50 INCH OR MORE: 2
MIN 0 OR BELOW: 0 1.00 INCH OR MORE: 0
[HDD (BASE 65) ]
TOTAL THIS MO. 667 CLEAR (SCALE 0-3) 17
DPTR FM NORMAL -150 PTCLDY (SCALE 4-7) 5
TOTAL FM JUL 1 5717 CLOUDY (SCALE 8-10) 9
DPTR FM NORMAL -50
[CDD (BASE 65) ]
TOTAL THIS MO. 0
DPTR FM NORMAL 0 [PRESSURE DATA]
TOTAL FM JAN 1 0 HIGHEST SLP 30.57 ON 19
DPTR FM NORMAL 0 LOWEST SLP 29.50 ON 23
[REMARKS]
#FINAL-03-21#