000
CXUS55 KDVN 011404
CF6IOW
PRELIMINARY LOCAL CLIMATOLOGICAL DATA (WS FORM: F-6)
STATION: IOWA CITY IA
MONTH: OCTOBER
YEAR: 2023
LATITUDE: 41 37 N
LONGITUDE: 91 33 W
TEMPERATURE IN F: :PCPN: SNOW: WIND :SUNSHINE: SKY :PK WND
================================================================================
1 2 3 4 5 6A 6B 7 8 9 10 11 12 13 14 15 16 17 18
12Z AVG MX 2MIN
DY MAX MIN AVG DEP HDD CDD WTR SNW DPTH SPD SPD DIR MIN PSBL S-S WX SPD DR
================================================================================
1 91 62 77 17 0 12 0.00 M M 4.9 15 120 M M 0 23 150
2 87 56 72 13 0 7 0.00 M M 4.0 14 150 M M 0 19 190
3 89 57 73 14 0 8 T M M 7.7 22 180 M M 1 33 170
4 81 56 69 11 0 4 0.01 M M 9.4 20 250 M M 2 28 210
5 77 48 63 5 2 0 0.00 M M 6.6 24 270 M M 1 32 290
6 54 44 49 -9 16 0 0.04 M M 11.7 28 280 M M 6 38 280
7 60 41 51 -6 14 0 0.00 M M 7.4 17 300 M M 2 22 300
8 68 46 57 0 8 0 0.00 M M 4.1 13 350 M M 6 17 50
9 62 39 51 -5 14 0 0.00 M M 6.8 21 300 M M 2 27 300
10 64 34 49 -7 16 0 0.00 M M 4.6 18 290 M M 0 31 290
11 62 36 49 -6 16 0 0.70 M M 7.1 18 70 M M 6 13 28 70
12 67 53 60 5 5 0 T M M 12.5 24 80 M M 7 1 38 100
13 61 53 57 3 8 0 1.06 M M 10.1 16 10 M M 10 13 27 120
14 57 50 54 0 11 0 0.09 M M 11.5 20 10 M M 10 1 28 350
15 57 44 51 -3 14 0 0.01 M M 10.8 18 340 M M 6 25 310
16 60 38 49 -4 16 0 0.00 M M 5.2 12 340 M M 1 18 320
17 68 35 52 -1 13 0 0.00 M M 2.9 14 190 M M 0 12 18 190
18 60 45 53 1 12 0 0.01 M M 6.7 20 190 M M 4 24 190
19 58 47 53 1 12 0 0.01 M M 7.2 17 290 M M 7 25 300
20 70 42 56 5 9 0 0.00 M M 6.9 18 300 M M 1 27 320
21 68 42 55 4 10 0 0.00 M M 11.5 29 320 M M 1 1 43 320
22 62 36 49 -1 16 0 0.00 M M 3.5 9 120 M M 0 1 12 120
23 78 45 62 12 3 0 T M M 10.5 21 180 M M 1 31 160
24 82 63 73 23 0 8 T M M 12.0 25 200 M M 3 41 200
25 67 61 64 15 1 0 0.15 M M 3.8 14 180 M M 10 1 18 170
26 68 64 66 17 0 1 0.39 M M 9.1 16 180 M M 9 1 21 170
27 66 38 52 4 13 0 T M M 13.8 25 300 M M 9 38 300
28 48 34 41 -7 24 0 T M M 10.5 18 10 M M 9 25 10
29 41 32 37 -10 28 0 0.00 M M 11.2 17 320 M M 9 25 330
30 40 25 33 -14 32 0 0.00 M M 8.9 20 280 M M 1 25 320
31 38 28 33 -13 32 0 0.00 M M 14.4 31 290 M M 8 46 280
================================================================================
SM 2011 1394 345 40 2.47 M 257.3 M 132
================================================================================
AV 64.9 45.0 8.3 FASTST M M 4 MAX(MPH)
MISC ----> 31 290 46 280
================================================================================
NOTES:
# LAST OF SEVERAL OCCURRENCES
COLUMN 17 PEAK WIND IN M.P.H.
PRELIMINARY LOCAL CLIMATOLOGICAL DATA (WS FORM: F-6) , PAGE 2
STATION: IOWA CITY IA
MONTH: OCTOBER
YEAR: 2023
LATITUDE: 41 37 N
LONGITUDE: 91 33 W
[TEMPERATURE DATA] [PRECIPITATION DATA] SYMBOLS USED IN COLUMN 16
AVERAGE MONTHLY: 54.9 TOTAL FOR MONTH: 2.47 1 = FOG OR MIST
DPTR FM NORMAL: 1.8 DPTR FM NORMAL: -0.51 2 = FOG REDUCING VISIBILITY
HIGHEST: 91 ON 1 GRTST 24HR 1.15 ON 13-14 TO 1/4 MILE OR LESS
LOWEST: 25 ON 30 3 = THUNDER
SNOW, ICE PELLETS, HAIL 4 = ICE PELLETS
TOTAL MONTH: M 5 = HAIL
GRTST 24HR M ON M 6 = FREEZING RAIN OR DRIZZLE
GRTST DEPTH: M ON M 7 = DUSTSTORM OR SANDSTORM:
VSBY 1/2 MILE OR LESS
8 = SMOKE OR HAZE
[NO. OF DAYS WITH] [WEATHER - DAYS WITH] 9 = BLOWING SNOW
X = TORNADO
MAX 32 OR BELOW: 0 0.01 INCH OR MORE: 10
MAX 90 OR ABOVE: 1 0.10 INCH OR MORE: 4
MIN 32 OR BELOW: 3 0.50 INCH OR MORE: 2
MIN 0 OR BELOW: 0 1.00 INCH OR MORE: 1
[HDD (BASE 65) ]
TOTAL THIS MO. 345 CLEAR (SCALE 0-3) 15
DPTR FM NORMAL -39 PTCLDY (SCALE 4-7) 8
TOTAL FM JUL 1 354 CLOUDY (SCALE 8-10) 8
DPTR FM NORMAL -121
[CDD (BASE 65) ]
TOTAL THIS MO. 40
DPTR FM NORMAL 25 [PRESSURE DATA]
TOTAL FM JAN 1 1144 HIGHEST SLP 30.45 ON 31
DPTR FM NORMAL 100 LOWEST SLP 29.62 ON 13
[REMARKS]
#FINAL-10-23#