000
CXUS51 KCTP 010820
CLSIPT
CLIMATE REPORT
NATIONAL WEATHER SERVICE STATE COLLEGE PA
320 AM EST WED MAR 01 2023
...................................
...THE WILLIAMSPORT PA CLIMATE SUMMARY FOR THE SEASON, FROM
12/1/2022 TO 2/28/2023...
CLIMATE NORMAL PERIOD 1991 TO 2020
CLIMATE RECORD PERIOD 1895 TO 2023
WEATHER OBSERVED NORMAL DEPART LAST YEAR`S
VALUE DATE(S) VALUE FROM VALUE DATE(S)
NORMAL
................................................................
TEMPERATURE (F)
RECORD
HIGH 76 02/24/2017
LOW -20 01/21/1994
HIGHEST 72 02/15 65 12/16
LOWEST 2 12/23 -3 01/22
12/24
01/27
AVG. MAXIMUM 43.9 37.9 6.0 39.9
AVG. MINIMUM 27.1 22.5 4.6 22.2
MEAN 35.5 30.2 5.3 31.0
DAYS MAX >= 90 0 0.0 0.0 0
DAYS MAX <= 32 7 24.7 -17.7 20
DAYS MIN <= 32 63 76.0 -13.0 75
DAYS MIN <= 0 0 2.3 -2.3 4
PRECIPITATION (INCHES)
RECORD
MAXIMUM 14.86 1914
MINIMUM 3.55 1979
TOTALS 9.81 8.54 1.27 7.63
DAILY AVG. 0.11 0.09 0.02 0.08
DAYS >= .01 34 34.1 -0.1 31
DAYS >= .10 18 17.9 0.1 16
DAYS >= .50 6 5.6 0.4 5
DAYS >= 1.00 3 1.3 1.7 2
GREATEST
24 HR. TOTAL 2.26 1MM22 TO 12/23 1.94
STORM TOTAL 1.35 1.62
(MM/DD(HH)) MM
SNOWFALL (INCHES)
RECORDS
TOTAL 74.0 1963
24 HR TOTAL 13.7 12/16/2020 TO 12/16/2020
SNOW DEPTH 23 12/17/2020
TOTALS 11.5 25.9 -14.4 17.0
LIQUID EQUIV 1.20 0.00 1.20 1.70
SINCE 7/1 13.3 27.7 -14.4 MM
LIQUID 7/1 1.33 2.70 -1.37 MM
SNOWDEPTH AVG. 0 1
DAYS >= TRACE 25 18.3 6.7 27
DAYS >= 1.0 5 7.3 -2.3 4
GREATEST
SNOW DEPTH 3 12/16 7 01/24
24 HR TOTAL 3.8 12/22 TO 12/22 MM
STORM TOTAL 3.9 5.1
(MM/DD(HH)) MM
DEGREE DAYS
HEATING TOTAL 2639 3133 -494 3037
SINCE 7/1 3722 4306 -584 MM
COOLING TOTAL 0 0 0 0
SINCE 1/1 0 0 0 MM
FREEZE DATES
RECORD
EARLIEST 09/22/1904
LATEST 05/25/1956
EARLIEST 03/01
LATEST 05/14
................................................................
WIND (MPH)
AVERAGE WIND SPEED 6.6
RESULTANT WIND SPEED/DIRECTION 3/280
HIGHEST WIND SPEED/DIRECTION 43/250 DATE 12/23
HIGHEST GUST SPEED/DIRECTION 53/250 DATE 12/23
SKY COVER
POSSIBLE SUNSHINE (PERCENT) MM
AVERAGE SKY COVER 0.61
NUMBER OF DAYS FAIR 26
NUMBER OF DAYS PC 21
NUMBER OF DAYS CLOUDY 43
WEATHER CONDITIONS. NUMBER OF DAYS WITH
THUNDERSTORM 1 MIXED PRECIP 0
HEAVY RAIN 5 RAIN 8
LIGHT RAIN 31 FREEZING RAIN 1
LT FREEZING RAIN 2 HAIL 0
HEAVY SNOW 3 SNOW 4
LIGHT SNOW 24 SLEET 3
FOG 45 FOG W/VIS <= 1/4 MILE 8
HAZE 16
- INDICATES NEGATIVE NUMBERS.
R INDICATES RECORD WAS SET OR TIED.
MM INDICATES DATA IS MISSING.
T INDICATES TRACE AMOUNT.
$$