000
CXUS53 KEAX 010736
CF6IRK
PRELIMINARY LOCAL CLIMATOLOGICAL DATA (WS FORM: F-6)
STATION: KIRKSVILLE MO
MONTH: SEPTEMBER
YEAR: 2023
LATITUDE: 40 5 N
LONGITUDE: 92 33 W
TEMPERATURE IN F: :PCPN: SNOW: WIND :SUNSHINE: SKY :PK WND
================================================================================
1 2 3 4 5 6A 6B 7 8 9 10 11 12 13 14 15 16 17 18
12Z AVG MX 2MIN
DY MAX MIN AVG DEP HDD CDD WTR SNW DPTH SPD SPD DIR MIN PSBL S-S WX SPD DR
================================================================================
1 81 51 66 -4 0 1 0.00 M M 5.3 12 160 M M 0 1 16 150
2 86 57 72 2 0 7 0.00 M M 7.0 14 170 M M 0 19 200
3 89 59 74 4 0 9 0.00 M M 7.7 14 200 M M 0 19 190
4 92 67 80 10 0 15 0.00 M M 9.3 18 160 M M 0 23 150
5 89 68 79 10 0 14 T M M 10.2 22 170 M M 0 3 29 160
6 72 57 65 -4 0 0 0.00 M M 8.4 17 280 M M 7 128 27 280
7 78 51 65 -3 0 0 0.00 M M 4.8 14 310 M M 0 18 19 350
8 81 52 67 -1 0 2 0.01 M M 3.5 12 20 M M 2 1 17 30
9 79 49 64 -4 1 0 0.00 M M 2.9 9 80 M M 0 1 14 60
10 83 54 69 1 0 4 0.00 M M 2.3 8 50 M M 0 1 12 260
11 68 56 62 -5 3 0 0.06 M M 5.2 13 350 M M 8 12 16 350
12 77 49 63 -4 2 0 0.00 M M 2.3 10 10 M M 3 128 16 360
13 80 50 65 -1 0 0 0.00 M M 4.4 12 350 M M 2 8 16 320
14 80 56 68 2 0 3 0.00 M M 4.5 12 170 M M 8 15 160
15 80 49 65 -1 0 0 0.00 M M 4.2 13 200 M M 2 22 190
16 79 52 66 1 0 1 T M M 5.3 23 10 M M 6 3 32 360
17 76 50 63 -2 2 0 0.00 M M 5.7 15 360 M M 2 18 23 340
18 78 45 62 -3 3 0 0.00 M M 5.8 14 170 M M 0 1 19 140
19 89 59 74 10 0 9 T M M 8.9 23 180 M M 1 31 170
20 77 54 66 2 0 1 0.05 M M 7.1 22 140 M M 2 1 30 160
21 80 51 66 2 0 1 0.00 M M 3.4 10 30 M M 1 12 16 30
22 81 58 70 7 0 5 0.00 M M 7.2 17 160 M M 1 1 24 170
23 82 60 71 8 0 6 0.16 M M 10.9 24 130 M M 4 13 35 120
24 81 54 68 6 0 3 0.00 M M 4.9 12 250 M M 2 1 15 240
25 83 51 67 5 0 2 0.00 M M 4.4 15 290 M M 1 1 22 270
26 80 51 66 4 0 1 0.00 M M 4.7 13 280 M M 4 1 18 270
27 77 50 64 3 1 0 0.00 M M 5.3 13 30 M M 1 1 16 20
28 80 49 65 4 0 0 0.00 M M 6.7 15 100 M M 0 12 22 60
29 90 58 74 13 0 9 0.00 M M 8.1 18 160 M M 0 23 170
30 91 60 76 16 0 11 0.00 M M 7.8 17 190 M M 0 1 31 210
================================================================================
SM 2439 1627 12 104 0.28 M 178.2 M 57
================================================================================
AV 81.3 54.2 5.9 FASTST M M 2 MAX(MPH)
MISC ----> 24 130 35 120
================================================================================
NOTES:
# LAST OF SEVERAL OCCURRENCES
COLUMN 17 PEAK WIND IN M.P.H.
PRELIMINARY LOCAL CLIMATOLOGICAL DATA (WS FORM: F-6) , PAGE 2
STATION: KIRKSVILLE MO
MONTH: SEPTEMBER
YEAR: 2023
LATITUDE: 40 5 N
LONGITUDE: 92 33 W
[TEMPERATURE DATA] [PRECIPITATION DATA] SYMBOLS USED IN COLUMN 16
AVERAGE MONTHLY: 67.8 TOTAL FOR MONTH: 0.28 1 = FOG OR MIST
DPTR FM NORMAL: 2.3 DPTR FM NORMAL: -3.37 2 = FOG REDUCING VISIBILITY
HIGHEST: 92 ON 4 GRTST 24HR 0.16 ON 23-23 TO 1/4 MILE OR LESS
LOWEST: 45 ON 18 3 = THUNDER
SNOW, ICE PELLETS, HAIL 4 = ICE PELLETS
TOTAL MONTH: M 5 = HAIL
GRTST 24HR M ON M 6 = FREEZING RAIN OR DRIZZLE
GRTST DEPTH: M ON M 7 = DUSTSTORM OR SANDSTORM:
VSBY 1/2 MILE OR LESS
8 = SMOKE OR HAZE
[NO. OF DAYS WITH] [WEATHER - DAYS WITH] 9 = BLOWING SNOW
X = TORNADO
MAX 32 OR BELOW: 0 0.01 INCH OR MORE: 4
MAX 90 OR ABOVE: 3 0.10 INCH OR MORE: 1
MIN 32 OR BELOW: 0 0.50 INCH OR MORE: 0
MIN 0 OR BELOW: 0 1.00 INCH OR MORE: 0
[HDD (BASE 65) ]
TOTAL THIS MO. 12 CLEAR (SCALE 0-3) 24
DPTR FM NORMAL -79 PTCLDY (SCALE 4-7) 6
TOTAL FM JUL 1 12 CLOUDY (SCALE 8-10) 0
DPTR FM NORMAL -87
[CDD (BASE 65) ]
TOTAL THIS MO. 104
DPTR FM NORMAL -2 [PRESSURE DATA]
TOTAL FM JAN 1 977 HIGHEST SLP M ON M
DPTR FM NORMAL -13 LOWEST SLP 29.74 ON 5
[REMARKS]
#FINAL-09-23#