000
CXUS53 KEAX 011842 RRA
CLMIRK
CLIMATE REPORT
NATIONAL WEATHER SERVICE KANSAS CITY/PLEASANT HILL MO
140 PM CDT THU JUN 01 2023
...................................
...THE KIRKSVILLE MO CLIMATE SUMMARY FOR THE MONTH OF MAY 2023...
CLIMATE NORMAL PERIOD: 1991 TO 2020
CLIMATE RECORD PERIOD: 9999 TO 9999
WEATHER OBSERVED NORMAL DEPART LAST YEAR`S
VALUE DATE(S) VALUE FROM VALUE DATE(S)
NORMAL
................................................................
TEMPERATURE (F)
HIGHEST 89 05/07 85 4 91 05/12
LOWEST 30 05/03 37 -7 37 05/02
AVG. MAXIMUM 76.8 72.4 4.4 74.5
AVG. MINIMUM 51.1 51.7 -0.6 53.4
MEAN 63.9 62.1 1.8 63.9
DAYS MAX >= 90 0 0.5 -0.5 2
DAYS MAX <= 32 0 0.0 0.0 0
DAYS MIN <= 32 1 0.4 0.6 0
DAYS MIN <= 0 0 0.0 0.0 0
PRECIPITATION (INCHES)
TOTALS 1.68R 5.02 -3.34 2.54
DAILY AVG. 0.05 0.16 -0.11 0.08
DAYS >= .01 6 12.9 -6.9 11
DAYS >= .10 4 8.2 -4.2 7
DAYS >= .50 2 3.2 -1.2 1
DAYS >= 1.00 0 1.2 -1.2 0
GREATEST
24 HR. TOTAL 0.60 05/08 TO 05/08
DEGREE DAYS
HEATING TOTAL 92 156 -64 136
SINCE 7/1 5410 5730 -320 MM
COOLING TOTAL 70 64 6 109
SINCE 1/1 71 74 -3 MM
................................................................
WIND (MPH)
AVERAGE WIND SPEED 7.4
HIGHEST WIND SPEED/DIRECTION 30/310 DATE 05/01
HIGHEST GUST SPEED/DIRECTION 46/280 DATE 05/02
SKY COVER
POSSIBLE SUNSHINE (PERCENT) MM
AVERAGE SKY COVER 0.24
NUMBER OF DAYS FAIR 23
NUMBER OF DAYS PC 6
NUMBER OF DAYS CLOUDY 2
AVERAGE RH (PERCENT) 63
WEATHER CONDITIONS. NUMBER OF DAYS WITH
THUNDERSTORM 5 MIXED PRECIP 0
HEAVY RAIN 2 RAIN 2
LIGHT RAIN 8 FREEZING RAIN 0
LT FREEZING RAIN 0 HAIL 0
HEAVY SNOW 0 SNOW 0
LIGHT SNOW 0 SLEET 0
FOG 10 FOG W/VIS <= 1/4 MILE 3
HAZE 2
- INDICATES NEGATIVE NUMBERS.
R INDICATES RECORD WAS SET OR TIED.
MM INDICATES DATA IS MISSING.
T INDICATES TRACE AMOUNT.
$$