000
CXUS53 KGRB 151613
CF6ISW
PRELIMINARY LOCAL CLIMATOLOGICAL DATA (WS FORM: F-6)
STATION: WISCONSIN RAPIDS ASOS
MONTH: JANUARY
YEAR: 2022
LATITUDE: 44 22 N
LONGITUDE: 89 50 W
TEMPERATURE IN F: :PCPN: SNOW: WIND :SUNSHINE: SKY :PK WND
================================================================================
1 2 3 4 5 6A 6B 7 8 9 10 11 12 13 14 15 16 17 18
12Z AVG MX 2MIN
DY MAX MIN AVG DEP HDD CDD WTR SNW DPTH SPD SPD DIR MIN PSBL S-S WX SPD DR
================================================================================
1 19 7 13 -5 52 0 0.00 0.0 5 10.2 18 350 M M 3 25 340
2 13 -6 4 -13 61 0 0.00 0.0 5 4.2 13 10 M M 1 16 20
3 22 -8 7 -10 58 0 0.00 0.0 M 4.8 15 230 M M 0 19 210
4 31 9 20 3 45 0 M M 4 5.9 14 160 M M 2 1 23 160
5 27 11 19 2 46 0 0.15 2.0 6 12.0 21 270 M M 10 1 32 250
6 11 -2 5 -12 60 0 0.10 4.0 8 10.4 16 320 M M 8 18 22 310
7 11 -12 0 -16 65 0 0.00 0.0 8 5.1 14 160 M M 4 22 150
8 24 11 18 2 47 0 0.00 0.0 8 10.8 20 180 M M 10 1 29 180
9 25 -1 12 -4 53 0 0.00 0.0 8 13.1 24 300 M M 3 1 37 290
10 3 -11 -4 -20 69 0 0.00 0.0 8 7.8 18 290 M M 0 26 310
11 29 -7 11 -5 54 0 0.00 0.0 8 8.0 22 200 M M 1 29 200
12 35 21 28 12 37 0 0.00 0.0 8 3.3 13 10 M M 4 18 15 10
13 38 19 29 13 36 0 0.00 0.0 8 6.2 16 20 M M 9 1 22 330
14 25 10 18 2 47 0 0.00 0.0 8 11.8 18 80 M M 10 27 60
15 16 -1 8 -8 57 0 0.00 0.0 8 6.0 17 30 M M 4 25 50
16 20 -4 8 -8 57 0 T T 8 5.8 13 310 M M 7 18 18 200
17 29 20 25 9 40 0 0.00 0.0 8 8.9 17 310 M M 9 24 330
18 37 26 32 16 33 0 0.00 0.0 8 9.4 26 290 M M 8 46 300
19 29 0 15 -1 50 0 0.00 0.0 7 14.6 28 300 M M 5 8 42 310
20 7 -13 -3 -19 68 0 0.00 0.0 7 4.9 10 320 M M 0 14 350
21 15 -19 -2 -18 67 0 T T 7 8.0 21 210 M M 1 29 190
22 20 8 14 -2 51 0 0.04 0.4 7 11.9 23 300 M M 8 18 35 270
23 10 -6 2 -14 63 0 0.07 0.5 8 6.5 13 10 M M 4 1 18 360
24 15 -2 7 -9 58 0 0.07 1.5 9 8.3 20 340 M M 6 1 27 330
25 2 -12 -5 -21 70 0 0.00 0.0 9 9.3 18 300 M M 0 25 310
26 13 -24 -5 -21 70 0 0.00 0.0 9 10.0 20 210 M M 1 27 210
27 28 -1 14 -2 51 0 T T 8 10.2 24 330 M M 6 36 330
28 16 -11 3 -13 62 0 0.00 0.0 8 4.0 13 270 M M 4 17 280
29 25 11 18 2 47 0 T T 8 6.9 16 210 M M 7 23 170
30 27 4 16 0 49 0 0.00 0.0 8 4.2 12 10 M M 6 14 30
31 31 4 18 2 47 0 0.00 0.0 8 7.9 16 180 M M 2 24 190
================================================================================
SM 653 21 1670 0 0.43 8.4 250.4 M 143
================================================================================
AV 21.1 0.7 8.1 FASTST M M 5 MAX(MPH)
MISC ----> 28 300 46 300
================================================================================
NOTES:
# LAST OF SEVERAL OCCURRENCES
COLUMN 17 PEAK WIND IN M.P.H.
PRELIMINARY LOCAL CLIMATOLOGICAL DATA (WS FORM: F-6) , PAGE 2
STATION: WISCONSIN RAPIDS ASOS
MONTH: JANUARY
YEAR: 2022
LATITUDE: 44 22 N
LONGITUDE: 89 50 W
[TEMPERATURE DATA] [PRECIPITATION DATA] SYMBOLS USED IN COLUMN 16
AVERAGE MONTHLY: 10.9 TOTAL FOR MONTH: 0.43 1 = FOG OR MIST
DPTR FM NORMAL: -5.2 DPTR FM NORMAL: -0.52 2 = FOG REDUCING VISIBILITY
HIGHEST: 38 ON 13 GRTST 24HR 0.15 ON 5- 5 TO 1/4 MILE OR LESS
LOWEST: -24 ON 26 3 = THUNDER
SNOW, ICE PELLETS, HAIL 4 = ICE PELLETS
TOTAL MONTH: 8.4 INCHES 5 = HAIL
GRTST 24HR 4.0 ON 6- 6 6 = FREEZING RAIN OR DRIZZLE
GRTST DEPTH: 9 ON 26,25 7 = DUSTSTORM OR SANDSTORM:
VSBY 1/2 MILE OR LESS
8 = SMOKE OR HAZE
[NO. OF DAYS WITH] [WEATHER - DAYS WITH] 9 = BLOWING SNOW
X = TORNADO
MAX 32 OR BELOW: 28 0.01 INCH OR MORE: 5
MAX 90 OR ABOVE: 0 0.10 INCH OR MORE: 2
MIN 32 OR BELOW: 31 0.50 INCH OR MORE: 0
MIN 0 OR BELOW: 18 1.00 INCH OR MORE: 0
[HDD (BASE 65) ]
TOTAL THIS MO. 1670 CLEAR (SCALE 0-3) 12
DPTR FM NORMAL 154 PTCLDY (SCALE 4-7) 13
TOTAL FM JUL 1 4249 CLOUDY (SCALE 8-10) 6
DPTR FM NORMAL -307
[CDD (BASE 65) ]
TOTAL THIS MO. 0
DPTR FM NORMAL 0 [PRESSURE DATA]
TOTAL FM JAN 1 0 HIGHEST SLP 30.72 ON 20
DPTR FM NORMAL 0 LOWEST SLP 29.41 ON 5
[REMARKS]
#FINAL-01-22#