000
CXUS53 KGRB 110152
CF6ISW
PRELIMINARY LOCAL CLIMATOLOGICAL DATA (WS FORM: F-6)
STATION: WISCONSIN RAPIDS ASOS
MONTH: JUNE
YEAR: 2020
LATITUDE: 44 22 N
LONGITUDE: 89 50 W
TEMPERATURE IN F: :PCPN: SNOW: WIND :SUNSHINE: SKY :PK WND
================================================================================
1 2 3 4 5 6A 6B 7 8 9 10 11 12 13 14 15 16 17 18
12Z AVG MX 2MIN
DY MAX MIN AVG DEP HDD CDD WTR SNW DPTH SPD SPD DIR MIN PSBL S-S WX SPD DR
================================================================================
1 79 50 65 4 0 0 0.00 0.0 0 M M M M M 0 M M
2 94 64 79 17 0 14 0.29 0.0 0 8.1 15 340 M M 2 3 23 340
3 86 61 74 12 0 9 0.00 0.0 0 7.2 15 250 M M 4 24 300
4 85 54 70 8 0 5 0.00 0.0 0 5.2 15 350 M M 0 20 320
5 82 59 71 8 0 6 0.46 0.0 0 8.1 22 320 M M 3 13 30 320
6 78 52 65 2 0 0 0.00 0.0 0 5.9 16 100 M M 0 22 100
7 78 55 67 4 0 2 T 0.0 0 10.4 18 160 M M 3 27 120
8 91 58 75 11 0 10 0.00 0.0 0 7.0 12 220 M M 0 22 170
9 84 57 71 7 0 6 1.39 0.0 0 9.3 22 60 M M 3 1 34 80
10 75 58 67 3 0 2 0.15 0.0 0 10.7 21 300 M M 7 1 35 270
11 77 52 65 1 0 0 0.05 0.0 0 10.1 28 330 M M 3 37 300
12 73 53 63 -2 2 0 0.00 0.0 0 6.3 16 100 M M 4 24 100
13 68 45 57 -8 8 0 0.00 0.0 0 9.3 17 100 M M 1 23 60
14 71 45 58 -7 7 0 0.00 0.0 0 9.2 18 90 M M 0 26 140
15 76 46 61 -5 4 0 0.00 0.0 0 7.5 15 140 M M 2 22 160
16 84 52 68 2 0 3 0.00 0.0 0 6.6 16 210 M M 0 24 220
17 86 56 71 5 0 6 0.00 0.0 0 7.6 18 210 M M 0 27 190
18 89 57 73 7 0 8 0.00 0.0 M 6.6 16 210 M M 0 23 180
19 85 64 75 8 0 10 T 0.0 0 4.1 16 290 M M 5 23 280
20 74 63 69 2 0 4 2.73 0.0 0 4.8 17 40 M M 9 13 22 270
21 82 57 70 3 0 5 0.44 0.0 0 6.7 20 310 M M 4 13 30 310
22 68 59 64 -3 1 0 0.34 0.0 0 3.5 9 10 M M 8 1 14 330
23 74 54 64 -4 1 0 0.02 0.0 0 7.1 20 320 M M 6 27 10
24 77 54 66 -2 0 1 0.01 0.0 0 6.6 16 320 M M 5 25 280
25 82 52 67 -1 0 2 0.00 0.0 0 3.5 13 270 M M 0 1 20 210
26 76 60 68 0 0 3 0.09 0.0 0 5.4 15 210 M M 3 1 23 220
27 86 61 74 5 0 9 0.00 0.0 0 3.3 13 350 M M 1 12 16 360
28 86 61 74 5 0 9 0.00 0.0 0 6.7 16 120 M M 2 1 23 110
29 83 68 76 7 0 11 0.35 0.0 0 7.6 16 140 M M 3 138 24 140
30 91 67 79 10 0 14 0.00 0.0 0 7.4 17 110 M M 1 24 160
================================================================================
SM 2420 1694 23 139 6.32 0.0 201.8 M 79
================================================================================
AV 80.7 56.5 7.0 FASTST M M 3 MAX(MPH)
MISC ----> # 28 330 # 37 300
================================================================================
NOTES:
# LAST OF SEVERAL OCCURRENCES
COLUMN 17 PEAK WIND IN M.P.H.
PRELIMINARY LOCAL CLIMATOLOGICAL DATA (WS FORM: F-6) , PAGE 2
STATION: WISCONSIN RAPIDS ASOS
MONTH: JUNE
YEAR: 2020
LATITUDE: 44 22 N
LONGITUDE: 89 50 W
[TEMPERATURE DATA] [PRECIPITATION DATA] SYMBOLS USED IN COLUMN 16
AVERAGE MONTHLY: 68.6 TOTAL FOR MONTH: 6.32 1 = FOG OR MIST
DPTR FM NORMAL: 3.1 DPTR FM NORMAL: 2.19 2 = FOG REDUCING VISIBILITY
HIGHEST: 94 ON 2 GRTST 24HR 2.73 ON 20-20 TO 1/4 MILE OR LESS
LOWEST: 45 ON 14,13 3 = THUNDER
SNOW, ICE PELLETS, HAIL 4 = ICE PELLETS
TOTAL MONTH: 0.0 INCH 5 = HAIL
GRTST 24HR 0.0 6 = FREEZING RAIN OR DRIZZLE
GRTST DEPTH: 0 7 = DUSTSTORM OR SANDSTORM:
VSBY 1/2 MILE OR LESS
8 = SMOKE OR HAZE
[NO. OF DAYS WITH] [WEATHER - DAYS WITH] 9 = BLOWING SNOW
X = TORNADO
MAX 32 OR BELOW: 0 0.01 INCH OR MORE: 12
MAX 90 OR ABOVE: 3 0.10 INCH OR MORE: 8
MIN 32 OR BELOW: 0 0.50 INCH OR MORE: 2
MIN 0 OR BELOW: 0 1.00 INCH OR MORE: 2
[HDD (BASE 65) ]
TOTAL THIS MO. 23 CLEAR (SCALE 0-3) 19
DPTR FM NORMAL -52 PTCLDY (SCALE 4-7) 10
TOTAL FM JUL 1 7604 CLOUDY (SCALE 8-10) 1
DPTR FM NORMAL -380
[CDD (BASE 65) ]
TOTAL THIS MO. 139
DPTR FM NORMAL 48 [PRESSURE DATA]
TOTAL FM JAN 1 175 HIGHEST SLP 30.43 ON 14
DPTR FM NORMAL 62 LOWEST SLP 29.16 ON 9
[REMARKS]
#FINAL-06-20#