000
CXHW53 PHFO 011250
CF6ITO
PRELIMINARY LOCAL CLIMATOLOGICAL DATA (WS FORM: F-6)
STATION: HILO HI
MONTH: FEBRUARY
YEAR: 2023
LATITUDE: 19 43 N
LONGITUDE: 155 4 W
TEMPERATURE IN F: :PCPN: SNOW: WIND :SUNSHINE: SKY :PK WND
================================================================================
1 2 3 4 5 6A 6B 7 8 9 10 11 12 13 14 15 16 17 18
12Z AVG MX 2MIN
DY MAX MIN AVG DEP HDD CDD WTR SNW DPTH SPD SPD DIR MIN PSBL S-S WX SPD DR
================================================================================
1 85 63 74 3 0 9 0.00 M M 4.7 14 80 M M 3 17 90
2 84 66 75 4 0 10 0.00 M M 6.8 16 120 M M 3 21 110
3 82 67 75 4 0 10 0.01 M M 5.3 14 90 M M 5 8 18 100
4 81 66 74 3 0 9 0.50 M M 6.3 16 90 M M 7 1 20 80
5 78 66 72 1 0 7 0.65 M M 4.9 14 250 M M 8 18 17 200
6 80 67 74 3 0 9 0.84 M M 6.0 13 100 M M 8 18 16 120
7 77 66 72 1 0 7 0.97 M M 5.7 17 110 M M 9 1 23 100
8 80 66 73 2 0 8 0.10 M M 7.1 22 50 M M 9 1 27 50
9 79 66 73 2 0 8 0.39 M M 7.4 24 70 M M 9 18 35 70
10 80 67 74 3 0 9 0.30 M M 7.5 23 80 M M 8 18 27 80
11 74 66 70 -1 0 5 2.34 M M 6.7 17 50 M M 10 18 22 30
12 74 64 69 -2 0 4 4.34 M M 7.3 18 90 M M 8 1 23 90
13 78 63 71 0 0 6 0.82 M M 8.1 18 360 M M 6 18 24 360
14 78 60 69 -2 0 4 T M M 9.4 22 350 M M 2 29 10
15 78 60 69 -2 0 4 0.03 M M 5.1 17 110 M M 4 1 24 100
16 75 64 70 -1 0 5 1.34 M M 5.3 13 90 M M 8 1 16 120
17 75 66 71 0 0 6 3.76 M M 5.8 16 190 M M 10 1 22 190
18 72 67 70 -1 0 511.13 M M 3.5 14 100 M M 10 12 21 360
19 77 66 72 1 0 7 0.80 M M 4.7 15 120 M M 10 18 20 120
20 78 68 73 2 0 8 1.40 M M 7.1 21 110 M M 10 18 27 110
21 78 68 73 2 0 8 1.02 M M 7.1 21 120 M M 9 1 25 120
22 76 68 72 1 0 7 1.58 M M 5.9 15 150 M M 10 18 23 130
23 76 66 71 0 0 6 1.71 M M 5.8 22 100 M M 10 18 28 100
24 77 66 72 1 0 7 1.43 M M 7.4 20 80 M M 10 1 24 90
25 79 68 74 3 0 9 0.08 M M 9.5 20 70 M M 8 1 26 60
26 79 67 73 2 0 8 0.61 M M 8.5 18 60 M M 7 18 24 70
27 80 66 73 2 0 8 0.69 M M 8.2 20 60 M M 6 18 25 70
28 78 65 72 0 0 7 1.11 M M 7.4 20 50 M M 8 18 25 70
================================================================================
SM 2188 1838 0 200 37.95 M 184.5 M 215
================================================================================
AV 78.1 65.6 6.6 FASTST M M 8 MAX(MPH)
MISC ----> 24 70 35 70
================================================================================
NOTES:
# LAST OF SEVERAL OCCURRENCES
COLUMN 17 PEAK WIND IN M.P.H.
PRELIMINARY LOCAL CLIMATOLOGICAL DATA (WS FORM: F-6) , PAGE 2
STATION: HILO HI
MONTH: FEBRUARY
YEAR: 2023
LATITUDE: 19 43 N
LONGITUDE: 155 4 W
[TEMPERATURE DATA] [PRECIPITATION DATA] SYMBOLS USED IN COLUMN 16
AVERAGE MONTHLY: 71.9 TOTAL FOR MONTH: 37.95 1 = FOG OR MIST
DPTR FM NORMAL: 0.7 DPTR FM NORMAL: 27.73 2 = FOG REDUCING VISIBILITY
HIGHEST: 85 ON 1 GRTST 24HR 11.23 ON 17-18 TO 1/4 MILE OR LESS
LOWEST: 60 ON 15,14 3 = THUNDER
SNOW, ICE PELLETS, HAIL 4 = ICE PELLETS
TOTAL MONTH: M 5 = HAIL
GRTST 24HR M ON M 6 = FREEZING RAIN OR DRIZZLE
GRTST DEPTH: M ON M 7 = DUSTSTORM OR SANDSTORM:
VSBY 1/2 MILE OR LESS
8 = SMOKE OR HAZE
[NO. OF DAYS WITH] [WEATHER - DAYS WITH] 9 = BLOWING SNOW
X = TORNADO
MAX 32 OR BELOW: 0 0.01 INCH OR MORE: 25
MAX 90 OR ABOVE: 0 0.10 INCH OR MORE: 22
MIN 32 OR BELOW: 0 0.50 INCH OR MORE: 19
MIN 0 OR BELOW: 0 1.00 INCH OR MORE: 11
[HDD (BASE 65) ]
TOTAL THIS MO. 0 CLEAR (SCALE 0-3) 3
DPTR FM NORMAL 0 PTCLDY (SCALE 4-7) 10
TOTAL FM JUL 1 0 CLOUDY (SCALE 8-10) 15
DPTR FM NORMAL 0
[CDD (BASE 65) ]
TOTAL THIS MO. 200
DPTR FM NORMAL 25 [PRESSURE DATA]
TOTAL FM JAN 1 460 HIGHEST SLP 30.22 ON 6
DPTR FM NORMAL 94 LOWEST SLP 29.83 ON 15
[REMARKS]
#FINAL-02-23#