815
CXHW53 PHFO 011250
CF6ITO
PRELIMINARY LOCAL CLIMATOLOGICAL DATA (WS FORM: F-6)
STATION: HILO HI
MONTH: FEBRUARY
YEAR: 2021
LATITUDE: 19 43 N
LONGITUDE: 155 4 W
TEMPERATURE IN F: :PCPN: SNOW: WIND :SUNSHINE: SKY :PK WND
================================================================================
1 2 3 4 5 6A 6B 7 8 9 10 11 12 13 14 15 16 17 18
12Z AVG MX 2MIN
DY MAX MIN AVG DEP HDD CDD WTR SNW DPTH SPD SPD DIR MIN PSBL S-S WX SPD DR
================================================================================
1 81 63 72 1 0 7 0.02 M M 6.3 14 80 M M 4 18 90
2 81 63 72 1 0 7 0.00 M M 7.9 17 130 M M 4 21 120
3 85 64 75 4 0 10 0.01 M M 8.9 20 10 M M 3 28 150
4 75 65 70 -1 0 5 0.07 M M 9.0 21 350 M M 7 27 350
5 79 62 71 0 0 6 0.02 M M 6.4 16 350 M M 5 19 20
6 81 60 71 0 0 6 0.00 M M 6.1 12 40 M M 3 14 40
7 84 63 74 3 0 9 0.00 M M 6.5 17 90 M M 5 20 90
8 83 64 74 3 0 9 T M M 5.2 14 120 M M 4 17 130
9 77 63 70 -1 0 5 0.06 M M 10.7 20 350 M M 7 18 26 350
10 82 63 73 2 0 8 0.01 M M 6.9 17 30 M M 5 22 20
11 80 67 74 3 0 9 0.22 M M 4.3 13 260 M M 9 18 16 260
12 84 63 74 3 0 9 0.03 M M 5.9 17 90 M M 3 24 100
13 81 65 73 2 0 8 0.49 M M 4.9 15 100 M M 7 18 18 100
14 84 66 75 4 0 10 0.19 M M 7.6 18 140 M M 5 1 24 160
15 82 65 74 3 0 9 0.05 M M 7.3 17 120 M M 6 8 21 130
16 82 67 75 4 0 10 0.00 M M 6.6 15 130 M M 6 18 110
17 82 65 74 3 0 9 0.17 M M 5.9 20 90 M M 6 18 24 70
18 82 68 75 4 0 10 0.19 M M 5.4 15 100 M M 6 1 19 90
19 84 66 75 4 0 10 0.02 M M 6.0 16 100 M M 4 20 110
20 82 68 75 4 0 10 0.39 M M 7.0 15 140 M M 9 18 18 140
21 79 70 75 4 0 10 0.22 M M 6.8 17 100 M M 9 18 22 120
22 81 68 75 4 0 10 0.21 M M 6.5 15 110 M M 7 18 20 120
23 80 66 73 2 0 8 0.67 M M 6.9 18 90 M M 9 18 23 100
24 78 67 73 2 0 8 0.48 M M 5.7 20 120 M M 10 18 23 120
25 80 66 73 2 0 8 1.01 M M 5.4 17 250 M M 7 18 22 170
26 80 65 73 2 0 8 1.07 M M 7.0 17 90 M M 9 1 21 80
27 78 67 73 2 0 8 4.26 M M 6.5 18 100 M M 9 128 23 100
28 80 67 74 3 0 9 3.27 M M 6.8 23 120 M M 9 18 30 110
================================================================================
SM 2267 1826 0 235 13.13 M 186.4 M 177
================================================================================
AV 81.0 65.2 6.7 FASTST M M 6 MAX(MPH)
MISC ----> 23 120 30 110
================================================================================
NOTES:
# LAST OF SEVERAL OCCURRENCES
COLUMN 17 PEAK WIND IN M.P.H.
PRELIMINARY LOCAL CLIMATOLOGICAL DATA (WS FORM: F-6) , PAGE 2
STATION: HILO HI
MONTH: FEBRUARY
YEAR: 2021
LATITUDE: 19 43 N
LONGITUDE: 155 4 W
[TEMPERATURE DATA] [PRECIPITATION DATA] SYMBOLS USED IN COLUMN 16
AVERAGE MONTHLY: 73.1 TOTAL FOR MONTH: 13.13 1 = FOG OR MIST
DPTR FM NORMAL: 1.9 DPTR FM NORMAL: 3.57 2 = FOG REDUCING VISIBILITY
HIGHEST: 85 ON 3 GRTST 24HR 4.78 ON 27-28 TO 1/4 MILE OR LESS
LOWEST: 60 ON 6 3 = THUNDER
SNOW, ICE PELLETS, HAIL 4 = ICE PELLETS
TOTAL MONTH: M 5 = HAIL
GRTST 24HR M ON M 6 = FREEZING RAIN OR DRIZZLE
GRTST DEPTH: M ON M 7 = DUSTSTORM OR SANDSTORM:
VSBY 1/2 MILE OR LESS
8 = SMOKE OR HAZE
[NO. OF DAYS WITH] [WEATHER - DAYS WITH] 9 = BLOWING SNOW
X = TORNADO
MAX 32 OR BELOW: 0 0.01 INCH OR MORE: 23
MAX 90 OR ABOVE: 0 0.10 INCH OR MORE: 14
MIN 32 OR BELOW: 0 0.50 INCH OR MORE: 5
MIN 0 OR BELOW: 0 1.00 INCH OR MORE: 4
[HDD (BASE 65) ]
TOTAL THIS MO. 0 CLEAR (SCALE 0-3) 1
DPTR FM NORMAL 0 PTCLDY (SCALE 4-7) 19
TOTAL FM JUL 1 0 CLOUDY (SCALE 8-10) 8
DPTR FM NORMAL 0
[CDD (BASE 65) ]
TOTAL THIS MO. 235
DPTR FM NORMAL 63 [PRESSURE DATA]
TOTAL FM JAN 1 521 HIGHEST SLP 30.21 ON 28
DPTR FM NORMAL 155 LOWEST SLP 29.78 ON 3
[REMARKS]
#FINAL-02-21#