000
CXUS53 KIWX 010810
CF6IWX
PRELIMINARY LOCAL CLIMATOLOGICAL DATA (WS FORM: F-6)
STATION: NORTH WEBSTER WFO
MONTH: JUNE
YEAR: 2021
LATITUDE: 41 21 N
LONGITUDE: 85 42 W
TEMPERATURE IN F: :PCPN: SNOW: WIND :SUNSHINE: SKY :PK WND
================================================================================
1 2 3 4 5 6A 6B 7 8 9 10 11 12 13 14 15 16 17 18
12Z AVG MX 2MIN
DY MAX MIN AVG DEP HDD CDD WTR SNW DPTH SPD SPD DIR MIN PSBL S-S WX SPD DR
================================================================================
1 74 50 62 -4 3 0 0.00 0.0 0 M M M M M M M M
2 69 55 62 -4 3 0 0.42 0.0 0 M M M M M M M M
3 78 58 68 2 0 3 0.02 0.0 0 M M M M M M M M
4 86 64 75 8 0 10 T 0.0 0 M M M M M M M M
5 85 66 76 9 0 11 0.00 0.0 0 M M M M M M M M
6 86 66 76 9 0 11 0.00 0.0 0 M M M M M M M M
7 78 66 72 4 0 7 0.10 0.0 0 M M M M M M 1 M M
8 80 68 74 6 0 9 0.83 0.0 0 M M M M M M 3 M M
9 84 67 76 8 0 11 0.39 0.0 0 M M M M M M 38 M M
10 84 66 75 7 0 10 0.00 0.0 0 M M M M M M M M
11 86 66 76 7 0 11 0.30 0.0 0 M M M M M M 3 M M
12 87 65 76 7 0 11 0.00 0.0 0 M M M M M M M M
13 83 63 73 4 0 8 0.00 0.0 0 M M M M M M M M
14 78 60 69 0 0 4 0.00 0.0 0 M M M M M M M M
15 78 55 67 -3 0 2 0.00 0.0 0 M M M M M M M M
16 76 53 65 -5 0 0 0.00 0.0 0 M M M M M M M M
17 84 53 69 -1 0 4 0.00 0.0 M M M M M M M M M
18 85 64 75 5 0 10 0.36 0.0 M M M M M M M 13 M M
19 81 67 74 4 0 9 0.03 0.0 0 M M M M M M M M
20 87 67 77 6 0 12 0.05 0.0 0 M M M M M M M M
21 78 51 65 -6 0 0 0.95 0.0 0 M M M M M M 3 M M
22 68 45 57 -14 8 0 0.00 0.0 0 M M M M M M M M
23 73 57 65 -6 0 0 0.01 0.0 0 M M M M M M M M
24 81 60 71 0 0 6 0.02 0.0 0 M M M M M M M M
25 77 67 72 0 0 7 1.37 0.0 0 M M M M M M 3 M M
26 83 69 76 4 0 11 0.39 0.0 0 M M M M M M 3 M M
27 82 70 76 4 0 11 0.37 0.0 0 M M M M M M 13 M M
28 87 70 79 7 0 14 T 0.0 0 M M M M M M M M
29 87 69 78 6 0 13 0.31 0.0 0 M M M M M M 3 M M
30 75 69 72 0 0 7 0.31 0.0 0 M M M M M M M M
================================================================================
SM 2420 1866 14 212 6.23 0.0 M M M
================================================================================
AV 80.7 62.2 M FASTST M M M MAX(MPH)
MISC ----> M M M M
================================================================================
NOTES:
# LAST OF SEVERAL OCCURRENCES
COLUMN 17 PEAK WIND IN M.P.H.
PRELIMINARY LOCAL CLIMATOLOGICAL DATA (WS FORM: F-6) , PAGE 2
STATION: NORTH WEBSTER WFO
MONTH: JUNE
YEAR: 2021
LATITUDE: 41 21 N
LONGITUDE: 85 42 W
[TEMPERATURE DATA] [PRECIPITATION DATA] SYMBOLS USED IN COLUMN 16
AVERAGE MONTHLY: 71.4 TOTAL FOR MONTH: 6.23 1 = FOG OR MIST
DPTR FM NORMAL: 2.0 DPTR FM NORMAL: 2.07 2 = FOG REDUCING VISIBILITY
HIGHEST: 87 ON 29,28 GRTST 24HR 1.37 ON 25-25 TO 1/4 MILE OR LESS
LOWEST: 45 ON 22 3 = THUNDER
SNOW, ICE PELLETS, HAIL 4 = ICE PELLETS
TOTAL MONTH: 0.0 INCH 5 = HAIL
GRTST 24HR 0.0 6 = FREEZING RAIN OR DRIZZLE
GRTST DEPTH: 0 7 = DUSTSTORM OR SANDSTORM:
VSBY 1/2 MILE OR LESS
8 = SMOKE OR HAZE
[NO. OF DAYS WITH] [WEATHER - DAYS WITH] 9 = BLOWING SNOW
X = TORNADO
MAX 32 OR BELOW: 0 0.01 INCH OR MORE: 17
MAX 90 OR ABOVE: 0 0.10 INCH OR MORE: 12
MIN 32 OR BELOW: 0 0.50 INCH OR MORE: 3
MIN 0 OR BELOW: 0 1.00 INCH OR MORE: 1
[HDD (BASE 65) ]
TOTAL THIS MO. 14 CLEAR (SCALE 0-3) 0
DPTR FM NORMAL -12 PTCLDY (SCALE 4-7) 0
TOTAL FM JUL 1 5857 CLOUDY (SCALE 8-10) 30
DPTR FM NORMAL -293
[CDD (BASE 65) ]
TOTAL THIS MO. 212
DPTR FM NORMAL 54 [PRESSURE DATA]
TOTAL FM JAN 1 288 HIGHEST SLP M ON M
DPTR FM NORMAL 74 LOWEST SLP M ON M
[REMARKS]
#FINAL-06-21#