000
CXUS52 KJAX 011156
CF6JAX
PRELIMINARY LOCAL CLIMATOLOGICAL DATA (WS FORM: F-6)
STATION: JACKSONVILLE
MONTH: APRIL
YEAR: 2022
LATITUDE: 30 30 N
LONGITUDE: 81 42 W
TEMPERATURE IN F: :PCPN: SNOW: WIND :SUNSHINE: SKY :PK WND
================================================================================
1 2 3 4 5 6A 6B 7 8 9 10 11 12 13 14 15 16 17 18
12Z AVG MX 2MIN
DY MAX MIN AVG DEP HDD CDD WTR SNW DPTH SPD SPD DIR MIN PSBL S-S WX SPD DR
================================================================================
1 82 58 70 5 0 5 0.00 0.0 0 5.4 14 300 M M 6 1 18 300
2 71 54 63 -2 2 0 0.12 0.0 0 3.2 12 60 M M 7 123 15 260
3 79 52 66 0 0 1 0.00 0.0 0 5.9 15 270 M M 2 1 23 20
4 81 47 64 -2 1 0 0.00 0.0 0 5.3 18 120 M M 2 1 24 110
5 88 61 75 9 0 10 0.02 0.0 0 11.0 28 310 M M 6 3 41 300
6 85 63 74 8 0 9 0.19 0.0 0 10.6 22 220 M M 7 13 30 220
7 84 59 72 6 0 7 2.90 0.0 0 9.2 21 280 M M 6 13 29 250
8 72 50 61 -6 4 0 0.00 0.0 0 12.8 26 270 M M 2 39 230
9 66 43 55 -12 10 0 0.00 0.0 0 11.7 35 250 M M 1 53 240
10 76 40 58 -9 7 0 0.00 0.0 0 4.4 13 130 M M 0 19 300
11 80 46 63 -4 2 0 0.00 0.0 0 5.5 18 120 M M 1 24 140
12 83 58 71 4 0 6 0.00 0.0 0 8.7 18 120 M M 4 24 110
13 82 60 71 3 0 6 0.00 0.0 0 9.3 20 170 M M 7 26 180
14 84 64 74 6 0 9 0.00 0.0 0 5.5 22 170 M M 9 3 28 180
15 80 65 73 5 0 8 0.00 0.0 0 9.1 24 50 M M 7 32 50
16 85 61 73 5 0 8 0.00 0.0 0 4.4 14 150 M M 8 12 20 120
17 85 66 76 8 0 11 1.60 0.0 0 6.1 23 120 M M 8 13 31 130
18 84 65 75 6 0 10 0.00 0.0 0 7.0 17 280 M M 7 24 270
19 72 51 62 -7 3 0 0.00 0.0 0 7.1 18 340 M M 0 25 360
20 75 49 62 -7 3 0 T 0.0 0 7.8 18 100 M M 5 28 120
21 77 59 68 -1 0 3 0.00 0.0 0 9.9 20 60 M M 7 30 100
22 79 60 70 0 0 5 0.00 0.0 0 9.1 21 50 M M 4 28 50
23 79 56 68 -2 0 3 0.00 0.0 0 7.0 18 70 M M 3 1 28 90
24 81 57 69 -1 0 4 0.00 0.0 0 5.6 17 120 M M 3 24 50
25 83 60 72 2 0 7 0.00 0.0 0 5.5 16 130 M M 3 1 20 130
26 87 59 73 3 0 8 0.39 0.0 0 5.6 24 310 M M 3 13 35 300
27 81 61 71 0 0 6 0.00 0.0 0 7.3 21 60 M M 6 28 50
28 78 55 67 -4 0 2 0.00 0.0 0 10.3 25 60 M M 3 33 60
29 78 55 67 -4 0 2 0.00 0.0 0 9.2 20 130 M M 6 27 70
30 81 59 70 -1 0 5 0.00 0.0 0 7.3 16 110 M M 6 23 110
================================================================================
SM 2398 1693 32 135 5.22 0.0 226.8 M 139
================================================================================
AV 79.9 56.4 7.6 FASTST M M 5 MAX(MPH)
MISC ----> 35 250 53 240
================================================================================
NOTES:
# LAST OF SEVERAL OCCURRENCES
COLUMN 17 PEAK WIND IN M.P.H.
PRELIMINARY LOCAL CLIMATOLOGICAL DATA (WS FORM: F-6) , PAGE 2
STATION: JACKSONVILLE
MONTH: APRIL
YEAR: 2022
LATITUDE: 30 30 N
LONGITUDE: 81 42 W
[TEMPERATURE DATA] [PRECIPITATION DATA] SYMBOLS USED IN COLUMN 16
AVERAGE MONTHLY: 68.2 TOTAL FOR MONTH: 5.22 1 = FOG OR MIST
DPTR FM NORMAL: 0.1 DPTR FM NORMAL: 2.29 2 = FOG REDUCING VISIBILITY
HIGHEST: 88 ON 5 GRTST 24HR 3.02 ON 6- 7 TO 1/4 MILE OR LESS
LOWEST: 40 ON 10 3 = THUNDER
SNOW, ICE PELLETS, HAIL 4 = ICE PELLETS
TOTAL MONTH: 0.0 INCH 5 = HAIL
GRTST 24HR 0.0 6 = FREEZING RAIN OR DRIZZLE
GRTST DEPTH: 0 7 = DUSTSTORM OR SANDSTORM:
VSBY 1/2 MILE OR LESS
8 = SMOKE OR HAZE
[NO. OF DAYS WITH] [WEATHER - DAYS WITH] 9 = BLOWING SNOW
X = TORNADO
MAX 32 OR BELOW: 0 0.01 INCH OR MORE: 6
MAX 90 OR ABOVE: 0 0.10 INCH OR MORE: 5
MIN 32 OR BELOW: 0 0.50 INCH OR MORE: 2
MIN 0 OR BELOW: 0 1.00 INCH OR MORE: 2
[HDD (BASE 65) ]
TOTAL THIS MO. 32 CLEAR (SCALE 0-3) 10
DPTR FM NORMAL -11 PTCLDY (SCALE 4-7) 18
TOTAL FM JUL 1 1066 CLOUDY (SCALE 8-10) 2
DPTR FM NORMAL -159
[CDD (BASE 65) ]
TOTAL THIS MO. 135
DPTR FM NORMAL -1 [PRESSURE DATA]
TOTAL FM JAN 1 272 HIGHEST SLP 30.40 ON 21
DPTR FM NORMAL 33 LOWEST SLP 29.66 ON 7
[REMARKS]
#FINAL-04-22#