000
CXUS52 KJAX 211427
CF6JAX
PRELIMINARY LOCAL CLIMATOLOGICAL DATA (WS FORM: F-6)
STATION: JACKSONVILLE
MONTH: OCTOBER
YEAR: 2020
LATITUDE: 30 30 N
LONGITUDE: 81 42 W
TEMPERATURE IN F: :PCPN: SNOW: WIND :SUNSHINE: SKY :PK WND
================================================================================
1 2 3 4 5 6A 6B 7 8 9 10 11 12 13 14 15 16 17 18
12Z AVG MX 2MIN
DY MAX MIN AVG DEP HDD CDD WTR SNW DPTH SPD SPD DIR MIN PSBL S-S WX SPD DR
================================================================================
1 82 54 68 -7 0 3 0.00 0.0 0 1.9 9 130 M M 3 12 360
2 79 61 70 -4 0 5 0.00 0.0 0 5.6 13 340 M M 8 18 350
3 76 61 69 -5 0 4 0.00 0.0 0 10.3 22 30 M M 9 27 40
4 70 63 67 -7 0 2 0.35 0.0 0 6.8 12 350 M M 10 1 14 10
5 73 65 69 -5 0 4 0.25 0.0 0 8.8 15 30 M M 10 1 21 20
6 83 72 78 5 0 13 1.49 0.0 0 8.2 17 40 M M 10 1 20 20
7 85 71 78 5 0 13 0.00 0.0 0 4.6 12 70 M M 8 12 14 40
8 88 70 79 6 0 14 0.00 0.0 0 4.4 15 70 M M 6 12 18 100
9 84 72 78 6 0 13 0.06 0.0 0 8.2 20 120 M M 7 1 24 120
10 88 73 81 9 0 16 0.24 0.0 0 8.9 22 130 M M 7 13 27 130
11 89 72 81 9 0 16 T 0.0 0 8.4 17 240 M M 5 22 250
12 86 68 77 5 0 12 0.00 0.0 0 6.5 16 250 M M 5 20 250
13 89 65 77 6 0 12 0.00 0.0 0 3.1 12 320 M M 2 14 280
14 87 68 78 7 0 13 0.00 0.0 0 5.8 17 60 M M 4 1 21 80
15 85 68 77 6 0 12 T 0.0 0 2.7 14 120 M M 7 1 16 120
16 88 67 78 8 0 13 0.00 0.0 0 4.2 13 340 M M 7 12 16 350
17 77 57 67 -3 0 2 0.00 0.0 0 9.6 22 30 M M 6 26 30
18 82 60 71 1 0 6 0.06 0.0 0 11.3 23 30 M M 7 1 29 30
19 79 70 75 5 0 10 0.08 0.0 0 11.3 20 30 M M 8 1 24 30
20 81 71 76 7 0 11 0.03 0.0 0 9.0 18 50 M M 9 13 22 40
21 83 71 77 8 0 12 0.50 0.0 0 8.0 18 30 M M 9 13 25 30
22 84 71 78 9 0 13 T 0.0 0 8.0 22 60 M M 8 1 27 60
23 83 68 76 8 0 11 T 0.0 0 5.9 18 70 M M 6 1 22 60
24 84 65 75 7 0 10 T 0.0 0 4.9 15 60 M M 6 1 18 60
25 88 68 78 10 0 13 0.01 0.0 0 3.5 15 70 M M 7 1 18 70
26 84 67 76 8 0 11 0.00 0.0 0 7.3 17 70 M M 6 12 20 50
27 84 72 78 11 0 13 0.04 0.0 0 7.2 17 80 M M 7 1 22 80
28 86 70 78 11 0 13 0.00 0.0 0 8.5 16 140 M M 7 1 21 140
29 90 69 80 13 0 15 0.05 0.0 0 14.5 24 270 M M 7 1 33 250
30 73 54 64 -2 1 0 0.00 0.0 0 7.1 21 270 M M 0 26 270
31 76 57 67 1 0 2 0.38 0.0 0 6.0 16 130 M M 7 1 22 130
================================================================================
SM 2566 2060 1 307 3.54 0.0 220.5 M 208
================================================================================
AV 82.8 66.5 7.1 FASTST M M 7 MAX(MPH)
MISC ----> 24 270 33 250
================================================================================
NOTES:
# LAST OF SEVERAL OCCURRENCES
COLUMN 17 PEAK WIND IN M.P.H.
PRELIMINARY LOCAL CLIMATOLOGICAL DATA (WS FORM: F-6) , PAGE 2
STATION: JACKSONVILLE
MONTH: OCTOBER
YEAR: 2020
LATITUDE: 30 30 N
LONGITUDE: 81 42 W
[TEMPERATURE DATA] [PRECIPITATION DATA] SYMBOLS USED IN COLUMN 16
AVERAGE MONTHLY: 74.6 TOTAL FOR MONTH: 3.54 1 = FOG OR MIST
DPTR FM NORMAL: 4.2 DPTR FM NORMAL: -0.39 2 = FOG REDUCING VISIBILITY
HIGHEST: 90 ON 29 GRTST 24HR 1.73 ON 5- 6 TO 1/4 MILE OR LESS
LOWEST: 54 ON 30, 1 3 = THUNDER
SNOW, ICE PELLETS, HAIL 4 = ICE PELLETS
TOTAL MONTH: 0.0 INCH 5 = HAIL
GRTST 24HR 0.0 6 = FREEZING RAIN OR DRIZZLE
GRTST DEPTH: 0 7 = DUSTSTORM OR SANDSTORM:
VSBY 1/2 MILE OR LESS
8 = SMOKE OR HAZE
[NO. OF DAYS WITH] [WEATHER - DAYS WITH] 9 = BLOWING SNOW
X = TORNADO
MAX 32 OR BELOW: 0 0.01 INCH OR MORE: 13
MAX 90 OR ABOVE: 1 0.10 INCH OR MORE: 6
MIN 32 OR BELOW: 0 0.50 INCH OR MORE: 2
MIN 0 OR BELOW: 0 1.00 INCH OR MORE: 1
[HDD (BASE 65) ]
TOTAL THIS MO. 1 CLEAR (SCALE 0-3) 2
DPTR FM NORMAL -27 PTCLDY (SCALE 4-7) 22
TOTAL FM JUL 1 1 CLOUDY (SCALE 8-10) 7
DPTR FM NORMAL -25
[CDD (BASE 65) ]
TOTAL THIS MO. 307
DPTR FM NORMAL 110 [PRESSURE DATA]
TOTAL FM JAN 1 3092 HIGHEST SLP 30.23 ON 31
DPTR FM NORMAL 509 LOWEST SLP 29.74 ON 29
[REMARKS]
#FINAL-10-20#