000
CXUS53 KLSX 011500
CF6JEF
PRELIMINARY LOCAL CLIMATOLOGICAL DATA (WS FORM: F-6)
STATION: JEFFERSON CITY
MONTH: JANUARY
YEAR: 2023
LATITUDE: 38 35 N
LONGITUDE: 92 10 W
TEMPERATURE IN F: :PCPN: SNOW: WIND :SUNSHINE: SKY :PK WND
================================================================================
1 2 3 4 5 6A 6B 7 8 9 10 11 12 13 14 15 16 17 18
12Z AVG MX 2MIN
DY MAX MIN AVG DEP HDD CDD WTR SNW DPTH SPD SPD DIR MIN PSBL S-S WX SPD DR
================================================================================
1 68 34 51 19 14 0 0.00 0.0 0 2.8 10 120 M M 3 12 13 120
2 64 37 51 19 14 0 0.47 0.0 0 7.1 30 110 M M 9 1238 40 110
3 66 42 54 22 11 0 0.22 0.0 0 12.0 25 230 M M 2 13 34 240
4 49 37 43 11 22 0 0.00 0.0 0 12.8 25 270 M M 7 32 260
5 44 27 36 4 29 0 0.00 0.0 0 9.5 21 270 M M 5 26 270
6 52 23 38 6 27 0 0.00 0.0 0 2.6 10 60 M M 2 18 16 70
7 44 35 40 8 25 0 0.03 M 0 6.5 18 70 M M 9 148 28 80
8 40 25 33 1 32 0 T M 0 4.1 9 280 M M 7 128 12 260
9 61 23 42 10 23 0 0.00 0.0 0 6.2 16 170 M M 1 12 21 170
10 59 32 46 14 19 0 0.00 0.0 0 3.3 10 120 M M 0 1 13 210
11 64 33 49 18 16 0 0.04 0.0 0 3.6 20 40 M M 1 30 20
12 51 32 42 11 23 0 0.57 M M 11.2 23 40 M M 10 138 34 40
13 35 24 30 -1 35 0 0.00 0.0 M 7.0 18 310 M M 6 26 310
14 40 19 30 -1 35 0 0.00 0.0 0 5.5 12 110 M M 0 18 14 120
15 55 35 45 14 20 0 0.00 0.0 0 11.1 18 130 M M 0 24 120
16 69 50 60 29 5 0 0.01 0.0 0 12.6 28 240 M M 3 38 220
17 50 37 44 13 21 0 0.00 0.0 0 4.0 14 290 M M 2 8 18 300
18 46 39 43 12 22 0 0.40 0.0 0 7.7 20 100 M M 9 1 31 100
19 47 35 41 9 24 0 T 0.0 0 16.0 26 270 M M 8 1 43 260
20 43 27 35 3 30 0 0.00 0.0 0 7.5 16 290 M M 5 24 280
21 48 22 35 3 30 0 T 0.0 0 3.9 12 130 M M 4 14 130
22 40 35 38 6 27 0 0.04 M 0 4.6 13 300 M M 10 18 17 310
23 46 29 38 6 27 0 0.00 0.0 0 6.3 14 260 M M 5 8 18 220
24 45 27 36 4 29 0 0.07 0.0 0 3.6 8 120 M M 4 1 10 190
25 38 32 35 3 30 0 0.20 M M 10.9 21 290 M M 10 1 29 280
26 34 23 29 -3 36 0 0.00 0.0 M 10.8 20 290 M M 4 28 300
27 53 27 40 8 25 0 0.00 0.0 0 8.7 22 260 M M 3 30 270
28 61 31 46 14 19 0 T 0.0 0 9.6 21 190 M M 4 30 210
29 38 21 30 -2 35 0 T M 0 9.1 16 350 M M 10 168 22 350
30 22 18 20 -13 45 0 0.00 0.0 0 8.4 14 340 M M 10 8 20 360
31 26 13 20 -13 45 0 0.00 0.0 0 3.8 12 10 M M 3 15 360
================================================================================
SM 1498 924 795 0 2.05 0.0 232.8 M 156
================================================================================
AV 48.3 29.8 7.5 FASTST M M 5 MAX(MPH)
MISC ----> 30 110 43 260
================================================================================
NOTES:
# LAST OF SEVERAL OCCURRENCES
COLUMN 17 PEAK WIND IN M.P.H.
PRELIMINARY LOCAL CLIMATOLOGICAL DATA (WS FORM: F-6) , PAGE 2
STATION: JEFFERSON CITY
MONTH: JANUARY
YEAR: 2023
LATITUDE: 38 35 N
LONGITUDE: 92 10 W
[TEMPERATURE DATA] [PRECIPITATION DATA] SYMBOLS USED IN COLUMN 16
AVERAGE MONTHLY: 39.1 TOTAL FOR MONTH: 2.05 1 = FOG OR MIST
DPTR FM NORMAL: 7.3 DPTR FM NORMAL: 0.04 2 = FOG REDUCING VISIBILITY
HIGHEST: 69 ON 16 GRTST 24HR 1.04 ON 2- 3 TO 1/4 MILE OR LESS
LOWEST: 13 ON 31 3 = THUNDER
SNOW, ICE PELLETS, HAIL 4 = ICE PELLETS
TOTAL MONTH: 0.0 INCH 5 = HAIL
GRTST 24HR 0.0 6 = FREEZING RAIN OR DRIZZLE
GRTST DEPTH: 0 7 = DUSTSTORM OR SANDSTORM:
VSBY 1/2 MILE OR LESS
8 = SMOKE OR HAZE
[NO. OF DAYS WITH] [WEATHER - DAYS WITH] 9 = BLOWING SNOW
X = TORNADO
MAX 32 OR BELOW: 2 0.01 INCH OR MORE: 10
MAX 90 OR ABOVE: 0 0.10 INCH OR MORE: 5
MIN 32 OR BELOW: 19 0.50 INCH OR MORE: 1
MIN 0 OR BELOW: 0 1.00 INCH OR MORE: 0
[HDD (BASE 65) ]
TOTAL THIS MO. 795 CLEAR (SCALE 0-3) 12
DPTR FM NORMAL -234 PTCLDY (SCALE 4-7) 11
TOTAL FM JUL 1 2535 CLOUDY (SCALE 8-10) 8
DPTR FM NORMAL -295
[CDD (BASE 65) ]
TOTAL THIS MO. 0
DPTR FM NORMAL 0 [PRESSURE DATA]
TOTAL FM JAN 1 0 HIGHEST SLP 30.52 ON 31
DPTR FM NORMAL 0 LOWEST SLP 29.42 ON 16
[REMARKS]
#FINAL-01-23#