618
CXUS51 KOKX 010702
CF6JFK
PRELIMINARY LOCAL CLIMATOLOGICAL DATA (WS FORM: F-6)
STATION: KENNEDY NY
MONTH: JUNE
YEAR: 2020
LATITUDE: 40 39 N
LONGITUDE: 73 47 W
TEMPERATURE IN F: :PCPN: SNOW: WIND :SUNSHINE: SKY :PK WND
================================================================================
1 2 3 4 5 6A 6B 7 8 9 10 11 12 13 14 15 16 17 18
12Z AVG MX 2MIN
DY MAX MIN AVG DEP HDD CDD WTR SNW DPTH SPD SPD DIR MIN PSBL S-S WX SPD DR
================================================================================
1 72 51 62 -4 3 0 T 0.0 0 9.5 22 190 M M 5 26 280
2 75 54 65 -1 0 0 0.00 0.0 0 10.2 18 230 M M 7 24 230
3 80 60 70 4 0 5 0.55 0.0 0 10.7 22 270 M M 8 13 29 270
4 83 63 73 6 0 8 0.10 0.0 0 10.6 21 190 M M 8 138 28 190
5 78 64 71 4 0 6 0.79 0.0 0 8.2 20 250 M M 8 138 25 240
6 86 63 75 7 0 10 0.16 0.0 0 10.6 26 320 M M 6 1238 43 190
7 78 63 71 3 0 6 0.00 0.0 0 13.0 24 330 M M 5 35 330
8 78 60 69 1 0 4 0.00 0.0 0 12.3 22 190 M M 4 26 190
9 81 62 72 4 0 7 0.00 0.0 0 10.9 22 190 M M 5 26 190
10 79 64 72 3 0 7 0.00 0.0 0 12.7 26 180 M M 7 36 180
11 74 63 69 0 0 4 0.77 0.0 0 15.3 26 190 M M 9 123 34 180
12 83 65 74 4 0 9 0.00 0.0 0 9.3 20 200 M M 5 128 22 190
13 73 59 66 -4 0 1 0.00 0.0 0 11.8 22 360 M M 4 26 340
14 71 54 63 -7 2 0 0.00 0.0 0 8.7 17 20 M M 3 23 10
15 73 56 65 -5 0 0 0.00 0.0 0 8.1 15 150 M M 5 22 10
16 76 58 67 -4 0 2 0.00 0.0 0 9.9 20 130 M M 6 26 40
17 80 58 69 -2 0 4 T 0.0 0 9.3 20 120 M M 7 1 23 120
18 75 62 69 -2 0 4 T 0.0 0 7.0 14 140 M M 9 12 18 110
19 78 64 71 -1 0 6 0.00 0.0 0 6.8 18 180 M M 6 128 21 170
20 82 64 73 1 0 8 0.00 0.0 0 8.2 18 180 M M 7 23 180
21 82 66 74 2 0 9 0.00 0.0 0 8.8 15 180 M M 7 19 200
22 87 69 78 6 0 13 0.00 0.0 0 11.5 22 190 M M 4 27 190
23 82 68 75 2 0 10 0.00 0.0 0 11.6 22 160 M M 5 28 160
24 88 71 80 7 0 15 0.00 0.0 0 12.5 22 260 M M 7 27 280
25 85 68 77 4 0 12 0.00 0.0 0 9.0 22 180 M M 7 26 190
26 86 67 77 3 0 12 0.00 0.0 0 11.0 24 190 M M 6 27 190
27 80 67 74 0 0 9 0.25 0.0 0 8.4 18 240 M M 8 13 22 240
28 86 68 77 3 0 12 0.52 0.0 0 8.2 32 220 M M 6 13 43 220
29 89 68 79 5 0 14 0.02 0.0 0 10.3 21 40 M M 4 3 26 40
30 81 67 74 0 0 9 0.00 0.0 0 7.7 21 160 M M 6 68 210
================================================================================
SM 2401 1886 5 206 3.16 0.0 302.1 M 184
================================================================================
AV 80.0 62.9 10.1 FASTST M M 6 MAX(MPH)
MISC ----> # 32 220 # 68 210
================================================================================
NOTES:
# LAST OF SEVERAL OCCURRENCES
COLUMN 17 PEAK WIND IN M.P.H.
PRELIMINARY LOCAL CLIMATOLOGICAL DATA (WS FORM: F-6) , PAGE 2
STATION: KENNEDY NY
MONTH: JUNE
YEAR: 2020
LATITUDE: 40 39 N
LONGITUDE: 73 47 W
[TEMPERATURE DATA] [PRECIPITATION DATA] SYMBOLS USED IN COLUMN 16
AVERAGE MONTHLY: 71.5 TOTAL FOR MONTH: 3.16 1 = FOG OR MIST
DPTR FM NORMAL: 1.0 DPTR FM NORMAL: -0.70 2 = FOG REDUCING VISIBILITY
HIGHEST: 89 ON 29 GRTST 24HR 0.79 ON 5- 5 TO 1/4 MILE OR LESS
LOWEST: 51 ON 1 3 = THUNDER
SNOW, ICE PELLETS, HAIL 4 = ICE PELLETS
TOTAL MONTH: 0.0 INCH 5 = HAIL
GRTST 24HR 0.0 6 = FREEZING RAIN OR DRIZZLE
GRTST DEPTH: 0 7 = DUSTSTORM OR SANDSTORM:
VSBY 1/2 MILE OR LESS
8 = SMOKE OR HAZE
[NO. OF DAYS WITH] [WEATHER - DAYS WITH] 9 = BLOWING SNOW
X = TORNADO
MAX 32 OR BELOW: 0 0.01 INCH OR MORE: 8
MAX 90 OR ABOVE: 0 0.10 INCH OR MORE: 7
MIN 32 OR BELOW: 0 0.50 INCH OR MORE: 4
MIN 0 OR BELOW: 0 1.00 INCH OR MORE: 0
[HDD (BASE 65) ]
TOTAL THIS MO. 5 CLEAR (SCALE 0-3) 0
DPTR FM NORMAL -16 PTCLDY (SCALE 4-7) 27
TOTAL FM JUL 1 4485 CLOUDY (SCALE 8-10) 3
DPTR FM NORMAL -354
[CDD (BASE 65) ]
TOTAL THIS MO. 206
DPTR FM NORMAL 23 [PRESSURE DATA]
TOTAL FM JAN 1 220 HIGHEST SLP M ON M
DPTR FM NORMAL 2 LOWEST SLP 29.62 ON 24
[REMARKS]
#FINAL-06-20#