000
CXUS55 KJKL 011310
CF6JKL
PRELIMINARY LOCAL CLIMATOLOGICAL DATA (WS FORM: F-6)
STATION: JACKSON KY
MONTH: APRIL
YEAR: 2022
LATITUDE: 37 35 N
LONGITUDE: 83 19 W
TEMPERATURE IN F: :PCPN: SNOW: WIND :SUNSHINE: SKY :PK WND
================================================================================
1 2 3 4 5 6A 6B 7 8 9 10 11 12 13 14 15 16 17 18
12Z AVG MX 2MIN
DY MAX MIN AVG DEP HDD CDD WTR SNW DPTH SPD SPD DIR MIN PSBL S-S WX SPD DR
================================================================================
1 49 33 41 -12 24 0 0.05 T 0 7.3 17 290 M M 7 1 30 330
2 59 32 46 -8 19 0 T 0.0 0 4.3 14 270 M M 3 26 270
3 58 39 49 -5 16 0 0.00 0.0 0 6.1 15 300 M M 2 27 280
4 64 40 52 -2 13 0 0.01 0.0 0 3.3 12 230 M M 5 19 250
5 62 50 56 1 9 0 0.43 0.0 0 4.2 12 40 M M 9 1 22 30
6 75 50 63 8 2 0 0.43 0.0 0 4.7 25 310 M M 7 13 38 300
7 59 44 52 -4 13 0 0.17 T 0 5.5 21 240 M M 6 1235 38 270
8 46 36 41 -15 24 0 0.31 T 0 5.7 18 230 M M 8 1 32 230
9 45 34 40 -16 25 0 0.05 T 0 7.5 28 280 M M 10 1 42 270
10 65 32 49 -8 16 0 0.00 0.0 0 4.0 9 210 M M 1 16 150
11 70 54 62 5 3 0 T 0.0 0 6.9 17 220 M M 5 34 210
12 74 55 65 8 0 0 0.06 0.0 0 4.9 14 180 M M 9 1 21 180
13 80 59 70 12 0 5 0.28 0.0 0 7.4 21 300 M M 3 1 43 170
14 64 47 56 -2 9 0 0.07 0.0 0 6.1 23 310 M M 4 1 36 310
15 73 40 57 -1 8 0 T 0.0 0 5.1 18 260 M M 1 36 260
16 71 53 62 3 3 0 T 0.0 0 7.6 15 310 M M 7 29 170
17 60 39 50 -9 15 0 0.02 0.0 0 4.3 10 50 M M 2 19 320
18 46 38 42 -17 23 0 0.73 0.0 0 5.8 14 300 M M 10 12 26 320
19 52 33 43 -17 22 0 0.03 T 0 5.3 16 320 M M 3 1 32 320
20 73 40 57 -3 8 0 0.00 0.0 0 4.3 10 200 M M 1 19 180
21 71 60 66 6 0 1 T 0.0 0 6.3 15 220 M M 7 30 190
22 83 57 70 10 0 5 0.00 0.0 0 1.4 7 190 M M 1 11 130
23 87 64 76 15 0 11 0.00 0.0 0 5.4 13 180 M M 0 22 180
24 86 65 76 15 0 11 0.00 0.0 0 4.7 15 220 M M 0 25 220
25 84 62 73 12 0 8 0.02 0.0 0 5.5 14 290 M M 5 24 160
26 62 46 54 -8 11 0 0.85 0.0 0 5.2 13 300 M M 5 1 25 330
27 65 39 52 -10 13 0 0.00 0.0 0 3.6 13 330 M M 0 20 300
28 70 44 57 -5 8 0 0.00 0.0 0 2.6 8 60 M M 2 17 50
29 76 53 65 3 0 0 T 0.0 0 1.8 7 160 M M 7 13 110
30 80 54 67 5 0 2 0.09 0.0 0 3.4 8 190 M M 6 1 14 190
================================================================================
SM 2009 1392 284 43 3.60 T 150.2 M 136
================================================================================
AV 67.0 46.4 5.0 FASTST M M 5 MAX(MPH)
MISC ----> 28 280 43 170
================================================================================
NOTES:
# LAST OF SEVERAL OCCURRENCES
COLUMN 17 PEAK WIND IN M.P.H.
PRELIMINARY LOCAL CLIMATOLOGICAL DATA (WS FORM: F-6) , PAGE 2
STATION: JACKSON KY
MONTH: APRIL
YEAR: 2022
LATITUDE: 37 35 N
LONGITUDE: 83 19 W
[TEMPERATURE DATA] [PRECIPITATION DATA] SYMBOLS USED IN COLUMN 16
AVERAGE MONTHLY: 56.7 TOTAL FOR MONTH: 3.60 1 = FOG OR MIST
DPTR FM NORMAL: -1.5 DPTR FM NORMAL: -0.94 2 = FOG REDUCING VISIBILITY
HIGHEST: 87 ON 23 GRTST 24HR 0.87 ON 25-26 TO 1/4 MILE OR LESS
LOWEST: 32 ON 10, 2 3 = THUNDER
SNOW, ICE PELLETS, HAIL 4 = ICE PELLETS
TOTAL MONTH: T 5 = HAIL
GRTST 24HR T ON 1- 1 6 = FREEZING RAIN OR DRIZZLE
GRTST DEPTH: 0 7 = DUSTSTORM OR SANDSTORM:
VSBY 1/2 MILE OR LESS
8 = SMOKE OR HAZE
[NO. OF DAYS WITH] [WEATHER - DAYS WITH] 9 = BLOWING SNOW
X = TORNADO
MAX 32 OR BELOW: 0 0.01 INCH OR MORE: 16
MAX 90 OR ABOVE: 0 0.10 INCH OR MORE: 7
MIN 32 OR BELOW: 2 0.50 INCH OR MORE: 2
MIN 0 OR BELOW: 0 1.00 INCH OR MORE: 0
[HDD (BASE 65) ]
TOTAL THIS MO. 284 CLEAR (SCALE 0-3) 12
DPTR FM NORMAL 40 PTCLDY (SCALE 4-7) 13
TOTAL FM JUL 1 3544 CLOUDY (SCALE 8-10) 5
DPTR FM NORMAL -425
[CDD (BASE 65) ]
TOTAL THIS MO. 43
DPTR FM NORMAL 2 [PRESSURE DATA]
TOTAL FM JAN 1 46 HIGHEST SLP 30.43 ON 22
DPTR FM NORMAL -4 LOWEST SLP 29.52 ON 6
[REMARKS]
#FINAL-04-22#