000
CXHW50 PHFO 011250
CF6JRF
PRELIMINARY LOCAL CLIMATOLOGICAL DATA (WS FORM: F-6)
STATION: KALAELOA ARPT/OAHU HI
MONTH: FEBRUARY
YEAR: 2023
LATITUDE: 21 19 N
LONGITUDE: 158 4 W
TEMPERATURE IN F: :PCPN: SNOW: WIND :SUNSHINE: SKY :PK WND
================================================================================
1 2 3 4 5 6A 6B 7 8 9 10 11 12 13 14 15 16 17 18
12Z AVG MX 2MIN
DY MAX MIN AVG DEP HDD CDD WTR SNW DPTH SPD SPD DIR MIN PSBL S-S WX SPD DR
================================================================================
1 84 65 75 2 0 10 0.00 M M 4.8 12 210 M M 1 13 210
2 84 62 73 0 0 8 0.00 M M 4.7 15 110 M M 2 19 110
3 83 67 75 2 0 10 0.56 M M 4.7 12 90 M M 4 18 16 330
4 78 68 73 0 0 8 2.31 M M 6.8 14 40 M M 4 128 23 30
5 85 70 78 5 0 13 0.00 M M 7.8 17 40 M M 3 29 20
6 85 69 77 4 0 12 0.00 M M 7.4 15 50 M M 1 24 40
7 84 69 77 4 0 12 0.00 M M 6.6 15 40 M M 3 25 50
8 83 68 76 3 0 11 T M M 9.8 21 20 M M 2 34 20
9 82 72 77 4 0 12 T M M 12.7 22 40 M M 3 35 40
10 83 72 78 5 0 13 T M M 12.1 22 40 M M 1 36 40
11 83 70 77 4 0 12 T M M 8.6 18 30 M M 1 29 20
12 83 69 76 3 0 11 T M M 8.6 17 360 M M 1 29 10
13 82 67 75 2 0 10 T M M 6.2 15 30 M M 2 26 40
14 83 63 73 0 0 8 0.01 M M 6.0 18 350 M M 3 27 340
15 82 67 75 2 0 10 T M M 8.2 18 110 M M 3 20 110
16 83 69 76 3 0 11 0.13 M M 9.7 20 110 M M 4 24 110
17 72 69 71 -2 0 6 0.43 M M 6.5 15 260 M M 8 1 19 90
18 80 70 75 2 0 10 0.23 M M 9.2 24 130 M M 6 18 26 140
19 82 69 76 3 0 11 0.23 M M 5.8 14 80 M M 6 1 20 80
20 79 68 74 1 0 9 2.23 M M 6.8 23 130 M M 8 1 27 130
21 82 68 75 2 0 10 0.20 M M 6.1 16 110 M M 7 1 21 30
22 80 71 76 3 0 11 0.01 M M 7.8 20 90 M M 8 18 26 90
23 82 71 77 4 0 12 T M M 9.1 18 70 M M 5 26 70
24 80 69 75 2 0 10 T M M 9.4 17 40 M M 3 28 30
25 81 70 76 3 0 11 0.00 M M 9.4 17 20 M M 1 29 30
26 82 67 75 2 0 10 0.01 M M 9.3 18 10 M M 2 29 40
27 80 69 75 2 0 10 T M M 9.4 20 60 M M 3 8 31 10
28 81 70 76 3 0 11 T M M 11.0 20 20 M M 2 32 20
================================================================================
SM 2288 1918 0 292 6.35 M 224.5 M 97
================================================================================
AV 81.7 68.5 8.0 FASTST M M 3 MAX(MPH)
MISC ----> 24 130 36 40
================================================================================
NOTES:
# LAST OF SEVERAL OCCURRENCES
COLUMN 17 PEAK WIND IN M.P.H.
PRELIMINARY LOCAL CLIMATOLOGICAL DATA (WS FORM: F-6) , PAGE 2
STATION: KALAELOA ARPT/OAHU HI
MONTH: FEBRUARY
YEAR: 2023
LATITUDE: 21 19 N
LONGITUDE: 158 4 W
[TEMPERATURE DATA] [PRECIPITATION DATA] SYMBOLS USED IN COLUMN 16
AVERAGE MONTHLY: 75.1 TOTAL FOR MONTH: 6.35 1 = FOG OR MIST
DPTR FM NORMAL: 2.1 DPTR FM NORMAL: 4.56 2 = FOG REDUCING VISIBILITY
HIGHEST: 85 ON 6, 5 GRTST 24HR 2.38 ON 20-21 TO 1/4 MILE OR LESS
LOWEST: 62 ON 2 3 = THUNDER
SNOW, ICE PELLETS, HAIL 4 = ICE PELLETS
TOTAL MONTH: M 5 = HAIL
GRTST 24HR M ON M 6 = FREEZING RAIN OR DRIZZLE
GRTST DEPTH: M ON M 7 = DUSTSTORM OR SANDSTORM:
VSBY 1/2 MILE OR LESS
8 = SMOKE OR HAZE
[NO. OF DAYS WITH] [WEATHER - DAYS WITH] 9 = BLOWING SNOW
X = TORNADO
MAX 32 OR BELOW: 0 0.01 INCH OR MORE: 11
MAX 90 OR ABOVE: 0 0.10 INCH OR MORE: 8
MIN 32 OR BELOW: 0 0.50 INCH OR MORE: 3
MIN 0 OR BELOW: 0 1.00 INCH OR MORE: 2
[HDD (BASE 65) ]
TOTAL THIS MO. 0 CLEAR (SCALE 0-3) 16
DPTR FM NORMAL 0 PTCLDY (SCALE 4-7) 11
TOTAL FM JUL 1 0 CLOUDY (SCALE 8-10) 1
DPTR FM NORMAL 0
[CDD (BASE 65) ]
TOTAL THIS MO. 292
DPTR FM NORMAL 68 [PRESSURE DATA]
TOTAL FM JAN 1 565 HIGHEST SLP 30.23 ON 28
DPTR FM NORMAL 99 LOWEST SLP 29.82 ON 15
[REMARKS]
#FINAL-02-23#