000
CXHW50 PHFO 011250
CF6JRF
PRELIMINARY LOCAL CLIMATOLOGICAL DATA (WS FORM: F-6)
STATION: KALAELOA ARPT/OAHU HI
MONTH: AUGUST
YEAR: 2021
LATITUDE: 21 19 N
LONGITUDE: 158 4 W
TEMPERATURE IN F: :PCPN: SNOW: WIND :SUNSHINE: SKY :PK WND
================================================================================
1 2 3 4 5 6A 6B 7 8 9 10 11 12 13 14 15 16 17 18
12Z AVG MX 2MIN
DY MAX MIN AVG DEP HDD CDD WTR SNW DPTH SPD SPD DIR MIN PSBL S-S WX SPD DR
================================================================================
1 90 78 84 3 0 19 0.00 M M 10.0 20 90 M M 1 31 80
2 91 75 83 2 0 18 T M M 10.4 20 60 M M 3 31 80
3 91 75 83 2 0 18 T M M 10.0 18 100 M M 3 29 70
4 90 77 84 3 0 19 0.00 M M 9.3 17 70 M M 2 28 80
5 90 75 83 2 0 18 0.00 M M 7.9 17 100 M M 3 23 50
6 93 78 86 5 0 21 T M M 8.1 16 80 M M 1 26 40
7 91 74 83 2 0 18 0.00 M M 6.8 17 40 M M 2 24 30
8 92 70 81 0 0 16 0.00 M M 6.7 15 40 M M 3 24 50
9 90 74 82 1 0 17 T M M 7.0 20 130 M M 4 23 140
10 90 70 80 -1 0 15 0.00 M M 6.5 15 130 M M 2 18 130
11 90 74 82 1 0 17 0.00 M M 6.7 17 140 M M 3 20 140
12 92 75 84 3 0 19 0.00 M M 6.8 15 50 M M 3 21 20
13 92 76 84 3 0 19 0.00 M M 7.5 16 90 M M 4 25 50
14 91 76 84 3 0 19 T M M 8.1 16 30 M M 3 26 80
15 92 74 83 2 0 18 0.00 M M 6.1 15 90 M M 0 25 80
16 88 71 80 -1 0 15 0.10 M M 5.4 14 150 M M 5 8 16 140
17 87 71 79 -2 0 14 0.35 M M 4.7 13 160 M M 5 18 15 30
18 89 73 81 0 0 16 0.00 M M 7.6 18 130 M M 3 27 140
19 90 76 83 2 0 18 0.01 M M 7.2 16 40 M M 3 8 24 30
20 91 72 82 1 0 17 T M M 6.4 15 80 M M 2 22 90
21 90 76 83 2 0 18 0.00 M M 6.8 18 50 M M 7 26 30
22 93 74 84 3 0 19 0.00 M M 6.3 15 70 M M 4 22 50
23 90 78 84 3 0 19 0.11 M M 8.2 21 30 M M 7 18 31 40
24 90 78 84 3 0 19 T M M 8.3 17 50 M M 5 26 50
25 90 75 83 2 0 18 T M M 8.2 16 50 M M 2 25 90
26 90 71 81 0 0 16 0.00 M M 7.2 16 40 M M 2 26 80
27 91 75 83 2 0 18 0.00 M M 6.9 16 50 M M 1 26 10
28 92 74 83 2 0 18 0.00 M M 6.4 13 90 M M 1 19 70
29 88 73 81 0 0 16 T M M 7.2 20 130 M M 3 23 130
30 87 71 79 -2 0 14 0.15 M M 5.1 13 330 M M 5 16 330
31 86 68 77 -4 0 12 0.33 M M 5.5 12 160 M M 3 1 14 200
================================================================================
SM 2797 2297 0 538 1.05 M 225.3 M 95
================================================================================
AV 90.2 74.1 7.3 FASTST M M 3 MAX(MPH)
MISC ----> 21 30 # 31 80
================================================================================
NOTES:
# LAST OF SEVERAL OCCURRENCES
COLUMN 17 PEAK WIND IN M.P.H.
PRELIMINARY LOCAL CLIMATOLOGICAL DATA (WS FORM: F-6) , PAGE 2
STATION: KALAELOA ARPT/OAHU HI
MONTH: AUGUST
YEAR: 2021
LATITUDE: 21 19 N
LONGITUDE: 158 4 W
[TEMPERATURE DATA] [PRECIPITATION DATA] SYMBOLS USED IN COLUMN 16
AVERAGE MONTHLY: 82.2 TOTAL FOR MONTH: 1.05 1 = FOG OR MIST
DPTR FM NORMAL: 1.1 DPTR FM NORMAL: 0.43 2 = FOG REDUCING VISIBILITY
HIGHEST: 93 ON 22, 6 GRTST 24HR 0.45 ON 16-17 TO 1/4 MILE OR LESS
LOWEST: 68 ON 31 3 = THUNDER
SNOW, ICE PELLETS, HAIL 4 = ICE PELLETS
TOTAL MONTH: M 5 = HAIL
GRTST 24HR M ON M 6 = FREEZING RAIN OR DRIZZLE
GRTST DEPTH: M ON M 7 = DUSTSTORM OR SANDSTORM:
VSBY 1/2 MILE OR LESS
8 = SMOKE OR HAZE
[NO. OF DAYS WITH] [WEATHER - DAYS WITH] 9 = BLOWING SNOW
X = TORNADO
MAX 32 OR BELOW: 0 0.01 INCH OR MORE: 6
MAX 90 OR ABOVE: 25 0.10 INCH OR MORE: 5
MIN 32 OR BELOW: 0 0.50 INCH OR MORE: 0
MIN 0 OR BELOW: 0 1.00 INCH OR MORE: 0
[HDD (BASE 65) ]
TOTAL THIS MO. 0 CLEAR (SCALE 0-3) 17
DPTR FM NORMAL 0 PTCLDY (SCALE 4-7) 14
TOTAL FM JUL 1 0 CLOUDY (SCALE 8-10) 0
DPTR FM NORMAL 0
[CDD (BASE 65) ]
TOTAL THIS MO. 538
DPTR FM NORMAL 39 [PRESSURE DATA]
TOTAL FM JAN 1 3049 HIGHEST SLP 30.18 ON 6
DPTR FM NORMAL 219 LOWEST SLP 29.92 ON 31
[REMARKS]
#FINAL-08-21#