000
CXUS53 KGID 011201
CF6JYR
PRELIMINARY LOCAL CLIMATOLOGICAL DATA (WS FORM: F-6)
STATION: YORK
MONTH: APRIL
YEAR: 2021
LATITUDE: 40 54 N
LONGITUDE: 97 37 W
TEMPERATURE IN F: :PCPN: SNOW: WIND :SUNSHINE: SKY :PK WND
================================================================================
1 2 3 4 5 6A 6B 7 8 9 10 11 12 13 14 15 16 17 18
12Z AVG MX 2MIN
DY MAX MIN AVG DEP HDD CDD WTR SNW DPTH SPD SPD DIR MIN PSBL S-S WX SPD DR
================================================================================
1 59 21 40 M 25 0 0.00 M M 11.2 23 170 M M 0 27 170
2 73 39 56 M 9 0 0.00 M M 21.4 30 190 M M 0 36 190
3 77 36 57 M 8 0 0.00 M M 7.9 13 90 M M 0 18 90
4 86 50 68 M 0 3 T M M 12.0 21 170 M M 1 29 200
5 81 54 68 M 0 3 T M M 14.6 24 200 M M 0 32 180
6 72 52 62 M 3 0 0.03 M M 16.7 25 160 M M 5 33 160
7 52 43 48 M 17 0 0.24 M M 17.2 25 320 M M 10 13 35 290
8 59 43 51 M 14 0 0.07 M M 16.4 24 320 M M 6 1 36 320
9 61 34 48 M 17 0 0.24 M M 12.3 25 310 M M 4 1 31 310
10 61 37 49 M 16 0 T M M 10.7 17 320 M M 3 23 320
11 63 34 49 M 16 0 0.00 M M 12.5 35 320 M M 0 41 320
12 57 36 47 M 18 0 0.00 M M 15.2 22 320 M M 1 30 320
13 55 32 44 M 21 0 0.00 M M 13.0 22 310 M M 0 29 310
14 48 27 38 M 27 0 0.00 M M 10.6 18 310 M M 2 27 330
15 50 27 39 M 26 0 0.00 M M 7.6 15 40 M M 4 22 40
16 41 34 38 M 27 0 0.14 M M 6.1 12 10 M M 8 1 15 360
17 50 39 45 M 20 0 T M M 9.9 16 330 M M 9 22 340
18 61 39 50 M 15 0 0.00 M M 10.2 23 320 M M 5 30 320
19 45 30 38 M 27 0 M M M 15.8 32 10 M M 7 18 40 10
20 45 28 37 M 28 0 M M M 8.9 16 260 M M 4 1 28 230
21 46 27 37 M 28 0 0.00 M M 7.3 13 320 M M 4 20 340
22 55 25 40 M 25 0 0.00 M M 12.4 20 160 M M 5 28 160
23 66 43 55 M 10 0 0.00 M M 10.4 17 10 M M 4 24 360
24 59 36 48 M 17 0 0.00 M M 9.4 20 10 M M 3 24 360
25 75 45 60 M 5 0 0.00 M M 15.2 25 190 M M 1 36 180
26 90 57 74 M 0 9 0.00 M M 14.5 21 150 M M 0 25 170
27 68 50 59 M 6 0 T M M 12.5 20 360 M M 5 28 340
28 66 48 57 M 8 0 T M M 13.0 22 40 M M 9 1 29 20
29 72 41 57 M 8 0 0.00 M M 10.6 21 350 M M 0 32 350
30 82 43 63 M 2 0 0.00 M M 10.4 21 270 M M 1 27 230
================================================================================
SM 1875 1150 443 15 M M 365.9 M 101
================================================================================
AV 62.5 38.3 12.2 FASTST M M 3 MAX(MPH)
MISC ----> 35 320 41 320
================================================================================
NOTES:
# LAST OF SEVERAL OCCURRENCES
COLUMN 17 PEAK WIND IN M.P.H.
PRELIMINARY LOCAL CLIMATOLOGICAL DATA (WS FORM: F-6) , PAGE 2
STATION: YORK
MONTH: APRIL
YEAR: 2021
LATITUDE: 40 54 N
LONGITUDE: 97 37 W
[TEMPERATURE DATA] [PRECIPITATION DATA] SYMBOLS USED IN COLUMN 16
AVERAGE MONTHLY: 50.4 TOTAL FOR MONTH: M 1 = FOG OR MIST
DPTR FM NORMAL: 0.0 DPTR FM NORMAL: M 2 = FOG REDUCING VISIBILITY
HIGHEST: 90 ON 26 GRTST 24HR M ON M TO 1/4 MILE OR LESS
LOWEST: 21 ON 1 3 = THUNDER
SNOW, ICE PELLETS, HAIL 4 = ICE PELLETS
TOTAL MONTH: M 5 = HAIL
GRTST 24HR M ON M 6 = FREEZING RAIN OR DRIZZLE
GRTST DEPTH: M ON M 7 = DUSTSTORM OR SANDSTORM:
VSBY 1/2 MILE OR LESS
8 = SMOKE OR HAZE
[NO. OF DAYS WITH] [WEATHER - DAYS WITH] 9 = BLOWING SNOW
X = TORNADO
MAX 32 OR BELOW: 0 0.01 INCH OR MORE: M
MAX 90 OR ABOVE: 1 0.10 INCH OR MORE: M
MIN 32 OR BELOW: 8 0.50 INCH OR MORE: M
MIN 0 OR BELOW: 0 1.00 INCH OR MORE: M
[HDD (BASE 65) ]
TOTAL THIS MO. 443 CLEAR (SCALE 0-3) 14
DPTR FM NORMAL M PTCLDY (SCALE 4-7) 13
TOTAL FM JUL 1 5336 CLOUDY (SCALE 8-10) 3
DPTR FM NORMAL M
[CDD (BASE 65) ]
TOTAL THIS MO. 15
DPTR FM NORMAL M [PRESSURE DATA]
TOTAL FM JAN 1 15 HIGHEST SLP M ON M
DPTR FM NORMAL M LOWEST SLP M ON M
[REMARKS]
#FINAL-04-21#