000
CXUS55 KPUB 011310
CF6LAA
PRELIMINARY LOCAL CLIMATOLOGICAL DATA (WS FORM: F-6)
STATION: LAMAR CO
MONTH: JANUARY
YEAR: 2022
LATITUDE: 38 4 N
LONGITUDE: 102 41 W
TEMPERATURE IN F: :PCPN: SNOW: WIND :SUNSHINE: SKY :PK WND
================================================================================
1 2 3 4 5 6A 6B 7 8 9 10 11 12 13 14 15 16 17 18
12Z AVG MX 2MIN
DY MAX MIN AVG DEP HDD CDD WTR SNW DPTH SPD SPD DIR MIN PSBL S-S WX SPD DR
================================================================================
1 14 -7 4 -25 61 0 0.19 M M 8.2 18 30 M M 8 128 24 20
2 28 -11 9 -20 56 0 0.00 M M 8.9 15 260 M M 0 19 260
3 40 -4 18 -11 47 0 0.00 M M 4.8 13 220 M M 0 16 260
4 55 19 37 8 28 0 0.00 M M 8.5 20 350 M M 0 32 10
5 48 7 28 -2 37 0 T M M 13.4 33 60 M M 2 46 70
6 17 3 10 -20 55 0 T M M 7.2 17 10 M M 4 8 22 10
7 44 6 25 -5 40 0 0.00 M M 4.9 13 110 M M 0 17 110
8 54 17 36 6 29 0 T M M 6.1 23 20 M M 2 1 31 30
9 46 18 32 2 33 0 0.00 M M 5.7 14 190 M M 2 19 40
10 53 16 35 5 30 0 0.00 M M 6.5 15 270 M M 0 19 260
11 55 15 35 5 30 0 0.00 M M 6.3 13 240 M M 0 18 240
12 57 16 37 7 28 0 0.00 M M 6.0 16 270 M M 0 21 260
13 61 22 42 12 23 0 0.00 M M 5.4 12 150 M M 0 14 230
14 55 28 42 12 23 0 0.00 M M 17.1 38 360 M M 2 52 10
15 42 15 29 -2 36 0 0.00 M M 8.9 24 360 M M 0 37 10
16 61 15 38 7 27 0 0.00 M M 8.2 17 20 M M 0 23 30
17 58 11 35 4 30 0 0.00 M M 5.4 13 250 M M 0 17 260
18 62 17 40 9 25 0 0.00 M M 5.8 13 60 M M 0 19 60
19 41 16 29 -2 36 0 T M M 11.5 22 40 M M 9 1 29 50
20 34 10 22 -9 43 0 T M M 7.1 14 150 M M 3 18 140
21 38 6 22 -9 43 0 0.07 M M 3.5 9 300 M M 7 1 12 310
22 49 22 36 5 29 0 0.00 M M 6.4 14 250 M M 3 19 210
23 55 21 38 7 27 0 0.00 M M 7.5 15 270 M M 0 20 240
24 56 20 38 6 27 0 0.00 M M 8.7 20 30 M M 0 27 50
25 32 19 26 -6 39 0 0.04 M M 8.1 21 70 M M 9 18 28 80
26 43 3 23 -9 42 0 T M M 5.3 17 170 M M 2 12 21 160
27 35 16 26 -6 39 0 0.03 M M 5.9 16 30 M M 4 18 20 30
28 48 12 30 -2 35 0 0.00 M M 10.1 20 260 M M 0 24 270
29 60 16 38 6 27 0 0.00 M M 7.1 16 270 M M 0 20 260
30 59 13 36 4 29 0 0.00 M M 5.8 12 200 M M 0 16 220
31 61 14 38 6 27 0 0.00 M M 7.2 13 40 M M 0 19 40
================================================================================
SM 1461 391 1081 0 0.33 M 231.5 M 57
================================================================================
AV 47.1 12.6 7.5 FASTST M M 2 MAX(MPH)
MISC ----> 38 360 52 10
================================================================================
NOTES:
# LAST OF SEVERAL OCCURRENCES
COLUMN 17 PEAK WIND IN M.P.H.
PRELIMINARY LOCAL CLIMATOLOGICAL DATA (WS FORM: F-6) , PAGE 2
STATION: LAMAR CO
MONTH: JANUARY
YEAR: 2022
LATITUDE: 38 4 N
LONGITUDE: 102 41 W
[TEMPERATURE DATA] [PRECIPITATION DATA] SYMBOLS USED IN COLUMN 16
AVERAGE MONTHLY: 29.9 TOTAL FOR MONTH: 0.33 1 = FOG OR MIST
DPTR FM NORMAL: -0.8 DPTR FM NORMAL: 0.14 2 = FOG REDUCING VISIBILITY
HIGHEST: 62 ON 18 GRTST 24HR 0.20 ON 27-27 TO 1/4 MILE OR LESS
LOWEST: -11 ON 2 3 = THUNDER
SNOW, ICE PELLETS, HAIL 4 = ICE PELLETS
TOTAL MONTH: M 5 = HAIL
GRTST 24HR M ON M 6 = FREEZING RAIN OR DRIZZLE
GRTST DEPTH: M ON M 7 = DUSTSTORM OR SANDSTORM:
VSBY 1/2 MILE OR LESS
8 = SMOKE OR HAZE
[NO. OF DAYS WITH] [WEATHER - DAYS WITH] 9 = BLOWING SNOW
X = TORNADO
MAX 32 OR BELOW: 4 0.01 INCH OR MORE: 4
MAX 90 OR ABOVE: 0 0.10 INCH OR MORE: 1
MIN 32 OR BELOW: 31 0.50 INCH OR MORE: 0
MIN 0 OR BELOW: 3 1.00 INCH OR MORE: 0
[HDD (BASE 65) ]
TOTAL THIS MO. 1081 CLEAR (SCALE 0-3) 24
DPTR FM NORMAL 16 PTCLDY (SCALE 4-7) 4
TOTAL FM JUL 1 2769 CLOUDY (SCALE 8-10) 3
DPTR FM NORMAL -498
[CDD (BASE 65) ]
TOTAL THIS MO. 0
DPTR FM NORMAL 0 [PRESSURE DATA]
TOTAL FM JAN 1 0 HIGHEST SLP 30.71 ON 10
DPTR FM NORMAL 0 LOWEST SLP 29.57 ON 31
[REMARKS]
#FINAL-01-22#