000
CXUS53 KIND 010700
CF6LAF
PRELIMINARY LOCAL CLIMATOLOGICAL DATA (WS FORM: F-6)
STATION: LAFAYETTE IN
MONTH: FEBRUARY
YEAR: 2024
LATITUDE: 40 25 N
LONGITUDE: 86 56 W
TEMPERATURE IN F: :PCPN: SNOW: WIND :SUNSHINE: SKY :PK WND
================================================================================
1 2 3 4 5 6A 6B 7 8 9 10 11 12 13 14 15 16 17 18
12Z AVG MX 2MIN
DY MAX MIN AVG DEP HDD CDD WTR SNW DPTH SPD SPD DIR MIN PSBL S-S WX SPD DR
================================================================================
1 55 33 44 18 21 0 0.00 M M 6.1 16 20 M M 1 1 24 230
2 44 32 38 12 27 0 0.00 M M 10.1 18 100 M M 8 1 25 70
3 40 27 34 7 31 0 0.00 M M 10.3 17 50 M M 4 1 23 50
4 49 28 39 12 26 0 0.00 M M 9.5 17 50 M M 1 18 25 70
5 50 28 39 12 26 0 0.00 M M 7.1 14 340 M M 0 19 360
6 45 28 37 10 28 0 0.00 M M 7.1 14 100 M M 5 18 17 110
7 50 25 38 11 27 0 0.00 M M 2.9 9 110 M M 0 18 13 170
8 62 39 51 23 14 0 0.00 M M 9.8 22 190 M M 3 35 200
9 66 44 55 27 10 0 0.00 M M 9.6 20 230 M M 5 31 200
10 49 31 40 12 25 0 0.00 M M 6.7 15 280 M M 5 20 330
11 46 24 35 7 30 0 0.00 M M 4.5 13 330 M M 0 1 17 10
12 45 25 35 6 30 0 0.00 M M 6.3 15 10 M M 0 21 10
13 47 24 36 7 29 0 0.00 M M 7.0 18 270 M M 4 26 280
14 49 29 39 10 26 0 0.00 M M 7.4 12 90 M M 3 17 100
15 47 32 40 10 25 0 0.01 M M 11.3 25 290 M M 4 38 310
16 33 18 26 -4 39 0 0.28 M M 6.9 16 340 M M 9 12 21 350
17 24 9 17 -13 48 0 T M M 12.0 18 280 M M 2 28 320
18 34 15 25 -6 40 0 0.00 M M 8.9 16 230 M M 0 25 230
19 45 16 31 0 34 0 0.00 M M 2.7 9 220 M M 0 1 13 200
20 56 23 40 9 25 0 0.00 M M 4.4 15 220 M M 0 18 22 180
21 65 34 50 18 15 0 0.00 M M 6.5 20 190 M M 1 33 190
22 56 36 46 14 19 0 0.62 M M 5.0 16 350 M M 5 13 21 60
23 53 30 42 10 23 0 0.02 M M 8.9 22 360 M M 4 12 33 360
24 36 26 31 -2 34 0 0.01 M M 9.2 23 360 M M 6 1 36 330
25 58 29 44 11 21 0 0.00 M M 7.3 17 220 M M 0 28 200
26 72 31 52 19 13 0 0.00 M M 4.7 13 190 M M 0 21 180
27 69 57 63 29 2 0 0.00 M M 8.4 17 180 M M 5 30 210
28 67 24 46 12 19 0 0.16 M M 18.4 35 280 M M 5 138 50 270
29 44 16 30 -4 35 0 0.00 M M 4.7 13 220 M M 0 22 210
================================================================================
SM 1456 813 742 0 1.10 M 223.7 M 80
================================================================================
AV 50.2 28.0 7.7 FASTST M M 3 MAX(MPH)
MISC ----> 35 280 50 270
================================================================================
NOTES:
# LAST OF SEVERAL OCCURRENCES
COLUMN 17 PEAK WIND IN M.P.H.
PRELIMINARY LOCAL CLIMATOLOGICAL DATA (WS FORM: F-6) , PAGE 2
STATION: LAFAYETTE IN
MONTH: FEBRUARY
YEAR: 2024
LATITUDE: 40 25 N
LONGITUDE: 86 56 W
[TEMPERATURE DATA] [PRECIPITATION DATA] SYMBOLS USED IN COLUMN 16
AVERAGE MONTHLY: 39.1 TOTAL FOR MONTH: 1.10 1 = FOG OR MIST
DPTR FM NORMAL: 9.4 DPTR FM NORMAL: -0.68 2 = FOG REDUCING VISIBILITY
HIGHEST: 72 ON 26 GRTST 24HR 0.62 ON 22-22 TO 1/4 MILE OR LESS
LOWEST: 9 ON 17 3 = THUNDER
SNOW, ICE PELLETS, HAIL 4 = ICE PELLETS
TOTAL MONTH: M 5 = HAIL
GRTST 24HR M ON M 6 = FREEZING RAIN OR DRIZZLE
GRTST DEPTH: M ON M 7 = DUSTSTORM OR SANDSTORM:
VSBY 1/2 MILE OR LESS
8 = SMOKE OR HAZE
[NO. OF DAYS WITH] [WEATHER - DAYS WITH] 9 = BLOWING SNOW
X = TORNADO
MAX 32 OR BELOW: 1 0.01 INCH OR MORE: 6
MAX 90 OR ABOVE: 0 0.10 INCH OR MORE: 3
MIN 32 OR BELOW: 23 0.50 INCH OR MORE: 1
MIN 0 OR BELOW: 0 1.00 INCH OR MORE: 0
[HDD (BASE 65) ]
TOTAL THIS MO. 742 CLEAR (SCALE 0-3) 16
DPTR FM NORMAL -246 PTCLDY (SCALE 4-7) 12
TOTAL FM JUL 1 3694 CLOUDY (SCALE 8-10) 1
DPTR FM NORMAL -794
[CDD (BASE 65) ]
TOTAL THIS MO. 0
DPTR FM NORMAL 0 [PRESSURE DATA]
TOTAL FM JAN 1 0 HIGHEST SLP M ON M
DPTR FM NORMAL 0 LOWEST SLP 29.27 ON 28
[REMARKS]
#FINAL-02-24#