000
CXUS53 KIND 020528
CF6LAF
PRELIMINARY LOCAL CLIMATOLOGICAL DATA (WS FORM: F-6)
STATION: LAFAYETTE IN
MONTH: JULY
YEAR: 2022
LATITUDE: 40 25 N
LONGITUDE: 86 56 W
TEMPERATURE IN F: :PCPN: SNOW: WIND :SUNSHINE: SKY :PK WND
================================================================================
1 2 3 4 5 6A 6B 7 8 9 10 11 12 13 14 15 16 17 18
12Z AVG MX 2MIN
DY MAX MIN AVG DEP HDD CDD WTR SNW DPTH SPD SPD DIR MIN PSBL S-S WX SPD DR
================================================================================
1 92 65 79 6 0 14 T M M 5.6 22 320 M M 2 30 300
2 86 65 76 2 0 11 T M M 5.8 15 340 M M 3 18 22 340
3 90 57 74 0 0 9 0.00 M M 4.0 13 100 M M 0 19 60
4 92 61 77 3 0 12 T M M 4.3 14 200 M M 0 22 180
5 100 76 88 14 0 23 0.00 M M 7.7 17 260 M M 2 25 290
6 89 72 81 7 0 16 0.15 M M 7.4 23 330 M M 3 13 33 310
7 82 70 76 2 0 11 T M M 6.4 14 80 M M 2 1 20 80
8 76 70 73 -1 0 8 0.25 M M 6.1 17 90 M M 10 1 22 90
9 84 66 75 1 0 10 T M M 10.0 16 20 M M 2 23 10
10 86 59 73 -1 0 8 0.00 M M 3.4 13 40 M M 0 17 50
11 89 58 74 0 0 9 0.00 M M 6.0 16 250 M M 1 26 230
12 85 67 76 2 0 11 0.00 M M 9.1 18 290 M M 2 18 26 330
13 89 60 75 1 0 10 T M M 5.7 22 320 M M 2 1 33 330
14 85 58 72 -2 0 7 0.00 M M 3.6 15 350 M M 0 1 20 350
15 74 58 66 -8 0 1 M M M 3.2 9 100 M M 7 1 13 20
16 90 69 80 6 0 15 T M M 4.6 17 340 M M 7 3 23 330
17 77 70 74 0 0 9 0.07 M M 3.7 15 270 M M 7 13 19 300
18 87 66 77 3 0 12 0.00 M M 3.1 12 320 M M 6 12 15 340
19 90 64 77 3 0 12 0.00 M M 4.2 13 240 M M 3 12 20 240
20 95 72 84 10 0 19 0.00 M M 8.8 24 290 M M 1 34 270
21 92 65 79 5 0 14 0.00 M M 7.0 16 270 M M 0 23 260
22 92 66 79 5 0 14 0.00 M M 4.1 9 190 M M 1 12 15 320
23 78 68 73 -1 0 8 M M M 4.8 30 20 M M 3 13 45 360
24 85 71 78 4 0 13 0.11 M M 5.1 14 280 M M 3 13 20 230
25 83 63 73 -1 0 8 0.00 M M 3.7 12 330 M M 2 12 16 330
26 76 65 71 -3 0 6 T M M 4.4 10 100 M M 8 1 14 100
27 85 68 77 4 0 12 T M M 4.5 14 280 M M 7 1 20 240
28 90 66 78 5 0 13 0.00 M M 6.4 17 290 M M 4 12 25 300
29 83 57 70 -3 0 5 0.00 M M 5.4 18 280 M M 1 1 28 290
30 87 57 72 -1 0 7 0.00 M M 1.6 10 260 M M 2 1 17 280
31 87 61 74 1 0 9 0.00 M M 3.7 12 190 M M 2 18 220
================================================================================
SM 2676 2010 0 336 0.58 M 163.4 M 93
================================================================================
AV 86.3 64.8 5.3 FASTST M M 3 MAX(MPH)
MISC ----> 30 20 45 360
================================================================================
NOTES:
# LAST OF SEVERAL OCCURRENCES
COLUMN 17 PEAK WIND IN M.P.H.
PRELIMINARY LOCAL CLIMATOLOGICAL DATA (WS FORM: F-6) , PAGE 2
STATION: LAFAYETTE IN
MONTH: JULY
YEAR: 2022
LATITUDE: 40 25 N
LONGITUDE: 86 56 W
[TEMPERATURE DATA] [PRECIPITATION DATA] SYMBOLS USED IN COLUMN 16
AVERAGE MONTHLY: 75.6 TOTAL FOR MONTH: 0.58 1 = FOG OR MIST
DPTR FM NORMAL: 2.0 DPTR FM NORMAL: -3.50 2 = FOG REDUCING VISIBILITY
HIGHEST: 100 ON 5 GRTST 24HR 0.25 ON 7- 8 TO 1/4 MILE OR LESS
LOWEST: 57 ON 30,29 3 = THUNDER
SNOW, ICE PELLETS, HAIL 4 = ICE PELLETS
TOTAL MONTH: M 5 = HAIL
GRTST 24HR M ON M 6 = FREEZING RAIN OR DRIZZLE
GRTST DEPTH: M ON M 7 = DUSTSTORM OR SANDSTORM:
VSBY 1/2 MILE OR LESS
8 = SMOKE OR HAZE
[NO. OF DAYS WITH] [WEATHER - DAYS WITH] 9 = BLOWING SNOW
X = TORNADO
MAX 32 OR BELOW: 0 0.01 INCH OR MORE: 4
MAX 90 OR ABOVE: 10 0.10 INCH OR MORE: 3
MIN 32 OR BELOW: 0 0.50 INCH OR MORE: 0
MIN 0 OR BELOW: 0 1.00 INCH OR MORE: 0
[HDD (BASE 65) ]
TOTAL THIS MO. 0 CLEAR (SCALE 0-3) 22
DPTR FM NORMAL -3 PTCLDY (SCALE 4-7) 8
TOTAL FM JUL 1 0 CLOUDY (SCALE 8-10) 1
DPTR FM NORMAL 0
[CDD (BASE 65) ]
TOTAL THIS MO. 336
DPTR FM NORMAL 66 [PRESSURE DATA]
TOTAL FM JAN 1 686 HIGHEST SLP 30.21 ON 30
DPTR FM NORMAL 149 LOWEST SLP 29.62 ON 20
[REMARKS]
#FINAL-07-22#