000
CXUS55 KCYS 031132 CCA
CF6LAR
PRELIMINARY LOCAL CLIMATOLOGICAL DATA (WS FORM: F-6)...CORRECTED
STATION: LARAMIE WYOMING AIRPORT
MONTH: MAY
YEAR: 2022
LATITUDE: 41 18 N
LONGITUDE: 105 40 W
TEMPERATURE IN F: :PCPN: SNOW: WIND :SUNSHINE: SKY :PK WND
================================================================================
1 2 3 4 5 6A 6B 7 8 9 10 11 12 13 14 15 16 17 18
12Z AVG MX 2MIN
DY MAX MIN AVG DEP HDD CDD WTR SNW DPTH SPD SPD DIR MIN PSBL S-S WX SPD DR
================================================================================
1 54 31 43 1 22 0 T M M 23.4 38 150 M M 5 49 150
2 51 31 41 -1 24 0 T M M 13.8 29 150 M M 7 1 36 150
3 57 30 44 2 21 0 0.09 M M 22.2 44 150 M M 5 1 54 140
4 45 34 40 -3 25 0 T M M 9.3 22 340 M M 10 33 340
5 63 32 48 5 17 0 0.00 M M 11.1 26 330 M M 4 36 300
6 70 45 58 14 7 0 0.00 M M 15.3 31 260 M M 1 44 250
7 69 41 55 11 10 0 T M M 17.9 38 250 M M 4 53 250
8 54 33 44 0 21 0 0.08 M M 14.1 30 350 M M 8 13 44 210
9 54 32 43 -2 22 0 T M M 15.8 38 270 M M 4 48 260
10 59 28 44 -1 21 0 0.00 M M 18.4 33 150 M M 1 44 140
11 76 35 56 10 9 0 0.00 M M 13.2 30 200 M M 1 42 190
12 55 34 45 -1 20 0 0.00 M M 20.7 48 250 M M 3 12 64 260
13 60 31 46 0 19 0 0.00 M M 20.5 37 260 M M 1 54 240
14 65 41 53 6 12 0 0.00 M M 17.4 36 250 M M 3 45 250
15 72 42 57 10 8 0 0.00 M M 11.4 24 150 M M 1 31 150
16 75 36 56 8 9 0 T M M 9.6 43 290 M M 3 56 290
17 72 41 57 9 8 0 0.00 M M 13.0 38 280 M M 2 50 280
18 72 39 56 8 9 0 0.00 M M 14.9 30 280 M M 0 39 300
19 73 33 53 4 12 0 T M M 24.0 52 270 M M 4 1 66 270
20 35 24 30 -19 35 0 0.12 M M 11.4 29 310 M M 9 1 37 310
21 45 18 32 -18 33 0 0.00 M M 6.2 15 130 M M 3 21 120
22 52 24 38 -12 27 0 0.02 M M 14.4 33 140 M M 4 44 140
23 47 30 39 -11 26 0 0.07 M M 10.1 28 320 M M 7 1 35 320
24 52 26 39 -12 26 0 0.24 M M 5.8 20 330 M M 6 1 26 110
25 64 26 45 -6 20 0 0.00 M M 11.4 29 320 M M 1 12 38 320
26 74 34 54 3 11 0 0.00 M M 8.8 24 290 M M 0 38 290
27 79 43 61 9 4 0 T M M 15.7 36 310 M M 1 47 270
28 74 43 59 7 6 0 0.00 M M 15.2 35 240 M M 2 50 220
29 61 39 50 -2 15 0 0.07 M M 12.0 39 270 M M 5 13 52 260
30 52 37 45 -8 20 0 T M M 16.9 36 250 M M 6 47 280
31 50 34 42 -11 23 0 0.25 M M 8.8 26 150 M M 9 1 33 140
================================================================================
SM 1881 1047 542 0 0.94 M 442.7 M 120
================================================================================
AV 60.7 33.8 14.3 FASTST M M 4 MAX(MPH)
MISC ----> 52 270 66 270
================================================================================
NOTES:
# LAST OF SEVERAL OCCURRENCES
COLUMN 17 PEAK WIND IN M.P.H.
PRELIMINARY LOCAL CLIMATOLOGICAL DATA (WS FORM: F-6) , PAGE 2
STATION: LARAMIE WYOMING AIRPORT
MONTH: MAY
YEAR: 2022
LATITUDE: 41 18 N
LONGITUDE: 105 40 W
[TEMPERATURE DATA] [PRECIPITATION DATA] SYMBOLS USED IN COLUMN 16
AVERAGE MONTHLY: 47.2 TOTAL FOR MONTH: 0.94 1 = FOG OR MIST
DPTR FM NORMAL: -0.3 DPTR FM NORMAL: -0.81 2 = FOG REDUCING VISIBILITY
HIGHEST: 79 ON 27 GRTST 24HR 0.25 ON 31-31 TO 1/4 MILE OR LESS
LOWEST: 18 ON 21 3 = THUNDER
SNOW, ICE PELLETS, HAIL 4 = ICE PELLETS
TOTAL MONTH: M 5 = HAIL
GRTST 24HR M ON M 6 = FREEZING RAIN OR DRIZZLE
GRTST DEPTH: M ON M 7 = DUSTSTORM OR SANDSTORM:
VSBY 1/2 MILE OR LESS
8 = SMOKE OR HAZE
[NO. OF DAYS WITH] [WEATHER - DAYS WITH] 9 = BLOWING SNOW
X = TORNADO
MAX 32 OR BELOW: 0 0.01 INCH OR MORE: 8
MAX 90 OR ABOVE: 0 0.10 INCH OR MORE: 3
MIN 32 OR BELOW: 13 0.50 INCH OR MORE: 0
MIN 0 OR BELOW: 0 1.00 INCH OR MORE: 0
[HDD (BASE 65) ]
TOTAL THIS MO. 542 CLEAR (SCALE 0-3) 14
DPTR FM NORMAL -2 PTCLDY (SCALE 4-7) 14
TOTAL FM JUL 1 8000 CLOUDY (SCALE 8-10) 3
DPTR FM NORMAL -457
[CDD (BASE 65) ]
TOTAL THIS MO. 0
DPTR FM NORMAL 0 [PRESSURE DATA]
TOTAL FM JAN 1 0 HIGHEST SLP 30.31 ON 21
DPTR FM NORMAL 0 LOWEST SLP 29.20 ON 19
[REMARKS]
MAY 20...RECORD LOW HIGH 35 DEGREES (PREVIOUS 42 DEGREES IN 2019)
MAY 22...RECORD LOW 24 DEGREES (PREVIOUS 26 DEGREES IN 2019)
MAY 24...TIED RECORD LOW 26 DEGREES PREVIOUSLY SET 1966
MAY 25...RECORD LOW 26 DEGREES (PREVIOUS 27 DEGREES IN 1990)
#FINAL-05-22#