000
CXUS55 KVEF 010910
CF6LAS
PRELIMINARY LOCAL CLIMATOLOGICAL DATA (WS FORM: F-6)
STATION: LAS VEGAS NV
MONTH: FEBRUARY
YEAR: 2024
LATITUDE: 36 4 N
LONGITUDE: 115 10 W
TEMPERATURE IN F: :PCPN: SNOW: WIND :SUNSHINE: SKY :PK WND
================================================================================
1 2 3 4 5 6A 6B 7 8 9 10 11 12 13 14 15 16 17 18
12Z AVG MX 2MIN
DY MAX MIN AVG DEP HDD CDD WTR SNW DPTH SPD SPD DIR MIN PSBL S-S WX SPD DR
================================================================================
1 59 45 52 1 13 0 0.07 0.0 0 5.8 18 240 M M 10 29 220
2 57 42 50 -1 15 0 T 0.0 0 5.6 17 230 M M 5 24 220
3 58 39 49 -2 16 0 0.00 0.0 0 4.6 12 190 M M 1 17 190
4 52 45 49 -3 16 0 0.07 0.0 0 3.3 9 10 M M 9 13 310
5 49 46 48 -4 17 0 0.37 0.0 0 3.3 8 350 M M 10 1 13 10
6 49 44 47 -5 18 0 0.15 0.0 0 4.6 15 190 M M 10 1 25 190
7 54 43 49 -3 16 0 T 0.0 0 9.9 21 220 M M 6 30 190
8 49 38 44 -8 21 0 0.12 0.0 0 7.1 17 330 M M 6 1 26 180
9 51 39 45 -7 20 0 0.01 0.0 0 5.3 20 330 M M 9 24 330
10 53 40 47 -5 18 0 0.02 0.0 0 15.3 25 340 M M 5 35 350
11 53 39 46 -7 19 0 0.00 0.0 0 7.7 23 340 M M 2 32 350
12 56 36 46 -7 19 0 0.00 0.0 0 2.8 13 40 M M 2 16 60
13 60 38 49 -4 16 0 0.00 0.0 0 3.4 8 80 M M 4 11 60
14 62 42 52 -1 13 0 0.00 0.0 0 4.8 12 90 M M 6 17 190
15 64 49 57 4 8 0 0.00 0.0 0 4.7 16 220 M M 6 22 220
16 67 45 56 2 9 0 0.00 0.0 0 3.8 10 90 M M 6 8 13 70
17 65 48 57 3 8 0 0.00 0.0 0 4.4 12 50 M M 6 17 40
18 69 51 60 6 5 0 0.00 0.0 0 4.6 12 80 M M 3 16 190
19 70 50 60 6 5 0 0.00 0.0 0 6.4 20 190 M M 8 29 190
20 60 49 55 1 10 0 0.14 0.0 0 5.1 14 180 M M 10 22 180
21 63 47 55 0 10 0 0.00 0.0 0 3.2 12 280 M M 8 12 15 250
22 65 45 55 0 10 0 0.00 0.0 0 3.5 13 40 M M 2 17 40
23 66 45 56 1 9 0 0.00 0.0 0 4.6 15 20 M M 7 20 50
24 67 48 58 2 7 0 0.00 0.0 0 2.7 13 70 M M 6 15 70
25 67 47 57 1 8 0 0.00 0.0 0 4.0 13 180 M M 7 18 180
26 71 53 62 6 3 0 0.00 0.0 0 10.5 25 220 M M 8 37 230
27 69 51 60 4 5 0 0.00 0.0 0 11.0 29 340 M M 2 37 340
28 66 45 56 -1 9 0 0.00 0.0 0 2.7 12 50 M M 0 8 14 70
29 72 44 58 1 7 0 0.00 0.0 0 8.6 24 220 M M 4 33 210
================================================================================
SM 1763 1293 350 0 0.95 0.0 163.3 M 168
================================================================================
AV 60.8 44.6 5.6 FASTST M M 6 MAX(MPH)
MISC ----> 29 340 # 37 230
================================================================================
NOTES:
# LAST OF SEVERAL OCCURRENCES
COLUMN 17 PEAK WIND IN M.P.H.
PRELIMINARY LOCAL CLIMATOLOGICAL DATA (WS FORM: F-6) , PAGE 2
STATION: LAS VEGAS NV
MONTH: FEBRUARY
YEAR: 2024
LATITUDE: 36 4 N
LONGITUDE: 115 10 W
[TEMPERATURE DATA] [PRECIPITATION DATA] SYMBOLS USED IN COLUMN 16
AVERAGE MONTHLY: 52.7 TOTAL FOR MONTH: 0.95 1 = FOG OR MIST
DPTR FM NORMAL: -0.8 DPTR FM NORMAL: 0.15 2 = FOG REDUCING VISIBILITY
HIGHEST: 72 ON 29 GRTST 24HR 0.37 ON 5- 5 TO 1/4 MILE OR LESS
LOWEST: 36 ON 12 3 = THUNDER
SNOW, ICE PELLETS, HAIL 4 = ICE PELLETS
TOTAL MONTH: 0.0 INCH 5 = HAIL
GRTST 24HR 0.0 6 = FREEZING RAIN OR DRIZZLE
GRTST DEPTH: 0 7 = DUSTSTORM OR SANDSTORM:
VSBY 1/2 MILE OR LESS
8 = SMOKE OR HAZE
[NO. OF DAYS WITH] [WEATHER - DAYS WITH] 9 = BLOWING SNOW
X = TORNADO
MAX 32 OR BELOW: 0 0.01 INCH OR MORE: 8
MAX 90 OR ABOVE: 0 0.10 INCH OR MORE: 4
MIN 32 OR BELOW: 0 0.50 INCH OR MORE: 0
MIN 0 OR BELOW: 0 1.00 INCH OR MORE: 0
[HDD (BASE 65) ]
TOTAL THIS MO. 350 CLEAR (SCALE 0-3) 7
DPTR FM NORMAL 27 PTCLDY (SCALE 4-7) 16
TOTAL FM JUL 1 1393 CLOUDY (SCALE 8-10) 6
DPTR FM NORMAL -228
[CDD (BASE 65) ]
TOTAL THIS MO. 0
DPTR FM NORMAL -1 [PRESSURE DATA]
TOTAL FM JAN 1 0 HIGHEST SLP M ON M
DPTR FM NORMAL -1 LOWEST SLP 29.53 ON 6
[REMARKS]
#FINAL-02-24#