000
CXUS54 KOUN 010810
CF6LAW
PRELIMINARY LOCAL CLIMATOLOGICAL DATA (WS FORM: F-6)
STATION: LAWTON
MONTH: JULY
YEAR: 2021
LATITUDE: 34 34 N
LONGITUDE: 98 25 W
TEMPERATURE IN F: :PCPN: SNOW: WIND :SUNSHINE: SKY :PK WND
================================================================================
1 2 3 4 5 6A 6B 7 8 9 10 11 12 13 14 15 16 17 18
12Z AVG MX 2MIN
DY MAX MIN AVG DEP HDD CDD WTR SNW DPTH SPD SPD DIR MIN PSBL S-S WX SPD DR
================================================================================
1 95 72 84 1 0 19 T 0.0 0 6.0 35 10 M M 2 13 44 10
2 87 71 79 -4 0 14 1.14 0.0 0 5.9 16 20 M M 7 13 20 40
3 86 72 79 -4 0 14 0.03 0.0 0 8.6 20 110 M M 5 1 24 120
4 88 68 78 -5 0 13 0.00 0.0 0 6.4 16 120 M M 2 1 21 120
5 89 69 79 -4 0 14 0.00 0.0 0 8.2 16 100 M M 6 21 110
6 91 71 81 -2 0 16 0.00 0.0 0 5.5 13 130 M M 4 16 110
7 94 70 82 -1 0 17 0.13 0.0 0 1.9 20 10 M M 3 1 25 10
8 95 70 83 -1 0 18 0.00 0.0 0 4.4 12 130 M M 3 15 160
9 91 71 81 -3 0 16 0.00 0.0 0 9.8 17 160 M M 1 25 160
10 93 67 80 -4 0 15 0.62 0.0 0 9.7 43 360 M M 5 13 56 10
11 90 68 79 -5 0 14 0.50 0.0 0 6.2 17 350 M M 2 3 20 10
12 89 65 77 -7 0 12 0.00 0.0 0 3.3 13 140 M M 1 16 130
13 93 69 81 -3 0 16 0.00 0.0 0 7.5 16 170 M M 1 21 180
14 92 68 80 -4 0 15 0.00 0.0 0 12.6 23 190 M M 1 31 170
15 95 71 83 -1 0 18 0.00 0.0 0 11.9 21 170 M M 2 28 170
16 92 72 82 -2 0 17 0.07 0.0 0 9.7 32 260 M M 2 13 44 240
17 95 71 83 -2 0 18 0.07 0.0 0 5.6 32 10 M M 1 123 38 10
18 94 71 83 -2 0 18 0.01 0.0 0 4.0 21 40 M M 1 3 25 40
19 91 71 81 -4 0 16 0.22 0.0 0 8.0 17 40 M M 2 13 21 40
20 89 69 79 -6 0 14 0.00 0.0 0 9.1 17 40 M M 1 23 20
21 89 66 78 -7 0 13 0.00 0.0 0 3.3 9 120 M M 0 18 11 70
22 92 68 80 -5 0 15 0.00 0.0 0 7.3 16 130 M M 1 18 21 160
23 94 72 83 -2 0 18 0.00 0.0 0 8.9 17 130 M M 1 21 130
24 98 75 87 2 0 22 0.00 0.0 0 9.1 16 160 M M 0 21 160
25 99 72 86 1 0 21 T 0.0 0 7.9 52 20 M M 1 3 62 20
26 98 72 85 0 0 20 0.00 0.0 0 6.1 18 360 M M 2 3 26 340
27 99 76 88 3 0 23 0.01 0.0 0 4.6 12 130 M M 1 3 16 120
28 97 75 86 1 0 21 0.00 0.0 0 6.3 14 110 M M 0 17 120
29 97 74 86 1 0 21 0.00 0.0 0 5.2 13 90 M M 0 16 110
30 98 73 86 1 0 21 0.00 0.0 0 4.5 15 120 M M 0 18 17 120
31 99 72 86 1 0 21 0.00 0.0 0 5.0 14 180 M M 0 1 17 170
================================================================================
SM 2889 2191 0 530 2.80 0.0 212.5 M 58
================================================================================
AV 93.2 70.7 6.9 FASTST M M 2 MAX(MPH)
MISC ----> 52 20 62 20
================================================================================
NOTES:
# LAST OF SEVERAL OCCURRENCES
COLUMN 17 PEAK WIND IN M.P.H.
PRELIMINARY LOCAL CLIMATOLOGICAL DATA (WS FORM: F-6) , PAGE 2
STATION: LAWTON
MONTH: JULY
YEAR: 2021
LATITUDE: 34 34 N
LONGITUDE: 98 25 W
[TEMPERATURE DATA] [PRECIPITATION DATA] SYMBOLS USED IN COLUMN 16
AVERAGE MONTHLY: 81.9 TOTAL FOR MONTH: 2.80 1 = FOG OR MIST
DPTR FM NORMAL: -2.5 DPTR FM NORMAL: 0.80 2 = FOG REDUCING VISIBILITY
HIGHEST: 99 ON 31,27 GRTST 24HR 1.14 ON 2- 2 TO 1/4 MILE OR LESS
LOWEST: 65 ON 12 3 = THUNDER
SNOW, ICE PELLETS, HAIL 4 = ICE PELLETS
TOTAL MONTH: 0.0 INCH 5 = HAIL
GRTST 24HR 0.0 6 = FREEZING RAIN OR DRIZZLE
GRTST DEPTH: 0 7 = DUSTSTORM OR SANDSTORM:
VSBY 1/2 MILE OR LESS
8 = SMOKE OR HAZE
[NO. OF DAYS WITH] [WEATHER - DAYS WITH] 9 = BLOWING SNOW
X = TORNADO
MAX 32 OR BELOW: 0 0.01 INCH OR MORE: 10
MAX 90 OR ABOVE: 24 0.10 INCH OR MORE: 5
MIN 32 OR BELOW: 0 0.50 INCH OR MORE: 3
MIN 0 OR BELOW: 0 1.00 INCH OR MORE: 1
[HDD (BASE 65) ]
TOTAL THIS MO. 0 CLEAR (SCALE 0-3) 26
DPTR FM NORMAL 0 PTCLDY (SCALE 4-7) 5
TOTAL FM JUL 1 0 CLOUDY (SCALE 8-10) 0
DPTR FM NORMAL 0
[CDD (BASE 65) ]
TOTAL THIS MO. 530
DPTR FM NORMAL -70 [PRESSURE DATA]
TOTAL FM JAN 1 1137 HIGHEST SLP M ON M
DPTR FM NORMAL -204 LOWEST SLP 29.82 ON 10
[REMARKS]
#FINAL-07-21#