000
CXUS56 KLOX 011155
CF6LAX
PRELIMINARY LOCAL CLIMATOLOGICAL DATA (WS FORM: F-6)
STATION: LOS ANGELES INTL AIRPORT CA
MONTH: JUNE
YEAR: 2022
LATITUDE: 33 55 N
LONGITUDE: 118 24 W
TEMPERATURE IN F: :PCPN: SNOW: WIND :SUNSHINE: SKY :PK WND
================================================================================
1 2 3 4 5 6A 6B 7 8 9 10 11 12 13 14 15 16 17 18
12Z AVG MX 2MIN
DY MAX MIN AVG DEP HDD CDD WTR SNW DPTH SPD SPD DIR MIN PSBL S-S WX SPD DR
================================================================================
1 74 59 67 2 0 2 0.00 M M 6.6 17 250 M M 1 22 230
2 73 61 67 2 0 2 0.00 M M 7.8 18 250 M M 7 18 25 250
3 72 62 67 2 0 2 0.00 M M 7.7 18 270 M M 9 24 230
4 69 61 65 0 0 0 0.00 M M 7.5 17 260 M M 9 22 250
5 72 61 67 2 0 2 0.00 M M 6.4 16 250 M M 4 20 240
6 74 64 69 4 0 4 T M M 8.5 15 250 M M 4 20 230
7 73 63 68 3 0 3 0.00 M M 6.5 16 260 M M 8 18 22 210
8 69 63 66 0 0 1 0.00 M M 6.4 15 250 M M 10 18 21 250
9 74 63 69 3 0 4 0.00 M M 6.9 16 260 M M 8 18 19 270
10 74 63 69 3 0 4 0.00 M M 7.2 15 260 M M 7 18 22 260
11 72 63 68 2 0 3 0.00 M M 7.5 16 240 M M 5 18 20 270
12 72 63 68 2 0 3 0.00 M M 6.9 17 270 M M 6 18 21 280
13 75 64 70 4 0 5 0.01 M M 8.1 18 250 M M 6 1 27 310
14 76 63 70 4 0 5 0.00 M M 7.4 17 270 M M 3 22 260
15 74 64 69 3 0 4 0.00 M M 7.3 17 250 M M 6 18 22 240
16 74 64 69 3 0 4 0.00 M M 8.1 17 260 M M 9 18 23 230
17 72 63 68 1 0 3 0.00 M M 10.4 22 260 M M 7 26 240
18 73 60 67 0 0 2 0.00 M M 9.1 20 260 M M 3 24 270
19 74 61 68 1 0 3 0.00 M M 8.1 20 240 M M 0 27 240
20 80 61 71 4 0 6 0.00 M M 7.5 20 250 M M 0 23 260
21 80 63 72 5 0 7 0.00 M M 8.1 16 270 M M 1 21 270
22 73 62 68 1 0 3 T M M 10.8 16 260 M M 6 138 21 250
23 73 63 68 1 0 3 0.00 M M 10.1 18 270 M M 4 18 22 260
24 72 61 67 -1 0 2 0.00 M M 10.5 20 270 M M 6 18 23 260
25 72 61 67 -1 0 2 0.00 M M 8.7 17 260 M M 6 18 23 220
26 72 62 67 -1 0 2 0.00 M M 7.3 16 260 M M 4 18 20 250
27 73 62 68 0 0 3 0.00 M M 8.8 16 260 M M 4 18 22 260
28 74 63 69 1 0 4 0.00 M M 7.7 14 270 M M 3 128 17 260
29 79 64 72 4 0 7 0.00 M M 7.5 15 270 M M 4 18 20 260
30 76 64 70 2 0 5 0.00 M M 8.3 17 250 M M 5 18 22 260
================================================================================
SM 2210 1871 0 100 0.01 M 239.7 M 155
================================================================================
AV 73.7 62.4 8.0 FASTST M M 5 MAX(MPH)
MISC ----> 22 260 # 27 310
================================================================================
NOTES:
# LAST OF SEVERAL OCCURRENCES
COLUMN 17 PEAK WIND IN M.P.H.
PRELIMINARY LOCAL CLIMATOLOGICAL DATA (WS FORM: F-6) , PAGE 2
STATION: LOS ANGELES INTL AIRPORT CA
MONTH: JUNE
YEAR: 2022
LATITUDE: 33 55 N
LONGITUDE: 118 24 W
[TEMPERATURE DATA] [PRECIPITATION DATA] SYMBOLS USED IN COLUMN 16
AVERAGE MONTHLY: 68.0 TOTAL FOR MONTH: 0.01 1 = FOG OR MIST
DPTR FM NORMAL: 1.6 DPTR FM NORMAL: -0.07 2 = FOG REDUCING VISIBILITY
HIGHEST: 80 ON 21,20 GRTST 24HR 0.01 ON 13-13 TO 1/4 MILE OR LESS
LOWEST: 59 ON 1 3 = THUNDER
SNOW, ICE PELLETS, HAIL 4 = ICE PELLETS
TOTAL MONTH: M 5 = HAIL
GRTST 24HR M ON M 6 = FREEZING RAIN OR DRIZZLE
GRTST DEPTH: M ON M 7 = DUSTSTORM OR SANDSTORM:
VSBY 1/2 MILE OR LESS
8 = SMOKE OR HAZE
[NO. OF DAYS WITH] [WEATHER - DAYS WITH] 9 = BLOWING SNOW
X = TORNADO
MAX 32 OR BELOW: 0 0.01 INCH OR MORE: 1
MAX 90 OR ABOVE: 0 0.10 INCH OR MORE: 0
MIN 32 OR BELOW: 0 0.50 INCH OR MORE: 0
MIN 0 OR BELOW: 0 1.00 INCH OR MORE: 0
[HDD (BASE 65) ]
TOTAL THIS MO. 0 CLEAR (SCALE 0-3) 5
DPTR FM NORMAL -13 PTCLDY (SCALE 4-7) 21
TOTAL FM JUL 1 1023 CLOUDY (SCALE 8-10) 4
DPTR FM NORMAL -187
[CDD (BASE 65) ]
TOTAL THIS MO. 100
DPTR FM NORMAL 44 [PRESSURE DATA]
TOTAL FM JAN 1 208 HIGHEST SLP 30.03 ON 29
DPTR FM NORMAL 90 LOWEST SLP 29.75 ON 8
[REMARKS]
#FINAL-06-22#