000
CXUS52 KILM 011100
CF6LBT
PRELIMINARY LOCAL CLIMATOLOGICAL DATA (WS FORM: F-6)
STATION: LUMBERTON NORTH CAROLINA
MONTH: NOVEMBER
YEAR: 2020
LATITUDE: 34 35 N
LONGITUDE: 79 4 W
TEMPERATURE IN F: :PCPN: SNOW: WIND :SUNSHINE: SKY :PK WND
================================================================================
1 2 3 4 5 6A 6B 7 8 9 10 11 12 13 14 15 16 17 18
12Z AVG MX 2MIN
DY MAX MIN AVG DEP HDD CDD WTR SNW DPTH SPD SPD DIR MIN PSBL S-S WX SPD DR
================================================================================
1 66 53 60 2 5 0 0.27 M M M M M M M M M M
2 56 37 47 -11 18 0 0.00 M M M M M M M M M M
3 68 33 51 -7 14 0 0.00 M M M M M M M M M M
4 72 37 55 -3 10 0 0.00 M M M M M M M M M M
5 80 45 63 6 2 0 0.00 M M M M M M M M M M
6 74 56 65 8 0 0 0.00 M M M M M M M M M M
7 81 61 71 14 0 6 0.00 M M M M M M M M M M
8 82 61 72 16 0 7 0.00 M M M M M M M M M M
9 75 61 68 12 0 3 0.00 M M M M M M M M M M
10 82 61 72 16 0 7 0.01 M M M M M M M M M M
11 80 70 75 19 0 10 2.76 M M M M M M M M M M
12 77 64 71 16 0 6 2.72 M M M M M M M M M M
13 66 55 61 6 4 0 0.00 M M M M M M M M M M
14 70 52 61 6 4 0 0.00 M M M M M M M M M M
15 79 57 68 14 0 3 0.00 M M M M M M M M M M
16 66 42 54 0 11 0 0.00 M M M M M M M M M M
17 68 39 54 0 11 0 0.00 M M M M M M M M M M
18 53 34 44 -10 21 0 0.00 M M M M M M M M M M
19 61 31 46 -7 19 0 0.00 M M M M M M M M M M
20 73 38 56 3 9 0 0.00 M M M M M M M M M M
21 74 43 59 6 6 0 0.00 M M M M M M M M M M
22 75 46 61 9 4 0 0.00 M M M M M M M M M M
23 66 44 55 3 10 0 0.01 M M M M M M M M M M
24 58 36 47 -5 18 0 0.00 M M M M M M M M M M
25 71 38 55 3 10 0 0.00 M M M M M M M M M M
26 71 60 66 15 0 1 0.04 M M M M M M M M M M
27 75 52 64 13 1 0 0.00 M M M M M M M M M M
28 69 45 57 6 8 0 0.01 M M M M M M M M M M
29 65 42 54 4 11 0 0.43 M M M M M M M M M M
30 75 46 61 11 4 0 0.22 M M M M M M M M M M
================================================================================
SM 2128 1439 200 43 6.47 M M M M
================================================================================
AV 70.9 48.0 M FASTST M M M MAX(MPH)
MISC ----> M M M M
================================================================================
NOTES:
# LAST OF SEVERAL OCCURRENCES
COLUMN 17 PEAK WIND IN M.P.H.
PRELIMINARY LOCAL CLIMATOLOGICAL DATA (WS FORM: F-6) , PAGE 2
STATION: LUMBERTON NORTH CAROLINA
MONTH: NOVEMBER
YEAR: 2020
LATITUDE: 34 35 N
LONGITUDE: 79 4 W
[TEMPERATURE DATA] [PRECIPITATION DATA] SYMBOLS USED IN COLUMN 16
AVERAGE MONTHLY: 59.5 TOTAL FOR MONTH: 6.47 1 = FOG OR MIST
DPTR FM NORMAL: 5.2 DPTR FM NORMAL: 3.60 2 = FOG REDUCING VISIBILITY
HIGHEST: 82 ON 10, 8 GRTST 24HR 2.76 ON 11-11 TO 1/4 MILE OR LESS
LOWEST: 31 ON 19 3 = THUNDER
SNOW, ICE PELLETS, HAIL 4 = ICE PELLETS
TOTAL MONTH: M 5 = HAIL
GRTST 24HR M ON M 6 = FREEZING RAIN OR DRIZZLE
GRTST DEPTH: M ON M 7 = DUSTSTORM OR SANDSTORM:
VSBY 1/2 MILE OR LESS
8 = SMOKE OR HAZE
[NO. OF DAYS WITH] [WEATHER - DAYS WITH] 9 = BLOWING SNOW
X = TORNADO
MAX 32 OR BELOW: 0 0.01 INCH OR MORE: 9
MAX 90 OR ABOVE: 0 0.10 INCH OR MORE: 5
MIN 32 OR BELOW: 1 0.50 INCH OR MORE: 2
MIN 0 OR BELOW: 0 1.00 INCH OR MORE: 2
[HDD (BASE 65) ]
TOTAL THIS MO. 200 CLEAR (SCALE 0-3) 0
DPTR FM NORMAL -134 PTCLDY (SCALE 4-7) 0
TOTAL FM JUL 1 249 CLOUDY (SCALE 8-10) 30
DPTR FM NORMAL -218
[CDD (BASE 65) ]
TOTAL THIS MO. 43
DPTR FM NORMAL 30 [PRESSURE DATA]
TOTAL FM JAN 1 2078 HIGHEST SLP M ON M
DPTR FM NORMAL 171 LOWEST SLP M ON M
[REMARKS]
#FINAL-11-20#