000
CXUS54 KLCH 010830
CF6LCH
PRELIMINARY LOCAL CLIMATOLOGICAL DATA (WS FORM: F-6)
STATION: LAKE CHARLES
MONTH: MARCH
YEAR: 2020
LATITUDE: 30 7 N
LONGITUDE: 93 13 W
TEMPERATURE IN F: :PCPN: SNOW: WIND :SUNSHINE: SKY :PK WND
================================================================================
1 2 3 4 5 6A 6B 7 8 9 10 11 12 13 14 15 16 17 18
12Z AVG MX 2MIN
DY MAX MIN AVG DEP HDD CDD WTR SNW DPTH SPD SPD DIR MIN PSBL S-S WX SPD DR
================================================================================
1 71 50 61 3 4 0 T 0.0 0 12.9 23 160 M M 6 36 170
2 76 65 71 13 0 6 0.05 0.0 0 9.2 18 210 M M 9 1 29 200
3 79 68 74 16 0 9 0.00 0.0 0 4.8 16 140 M M 7 1 20 150
4 76 57 67 8 0 2 0.56 0.0 0 13.4 37 60 M M 9 13 47 50
5 72 52 62 3 3 0 0.00 0.0 0 11.6 21 360 M M 6 29 10
6 73 47 60 1 5 0 0.00 0.0 0 9.5 23 40 M M 0 32 20
7 65 42 54 -5 11 0 0.00 0.0 0 5.8 17 70 M M 0 22 70
8 72 45 59 -1 6 0 0.00 0.0 0 8.6 20 140 M M 2 26 150
9 77 61 69 9 0 4 0.10 0.0 0 10.6 22 150 M M M 1 30 160
10 80 65 73 13 0 8 0.00 0.0 0 5.1 13 210 M M 7 1 20 210
11 78 63 71 11 0 6 0.00 0.0 0 6.8 15 210 M M 7 12 22 210
12 78 68 73 13 0 8 0.00 0.0 0 8.4 17 210 M M 10 1 27 190
13 80 67 74 13 0 9 0.00 0.0 0 6.5 13 200 M M 7 1 20 230
14 81 68 75 14 0 10 0.00 0.0 0 9.4 16 180 M M 5 1 23 180
15 85 66 76 15 0 11 0.00 0.0 0 4.3 16 140 M M 4 1 19 80
16 78 59 69 8 0 4 0.06 0.0 0 6.4 20 130 M M 7 13 27 120
17 81 68 75 13 0 10 0.81 0.0 0 5.7 17 90 M M 8 138 21 60
18 82 70 76 14 0 11 0.00 0.0 0 9.7 20 150 M M 6 28 140
19 83 73 78 16 0 13 T 0.0 0 12.0 18 160 M M 10 29 170
20 83 66 75 13 0 10 T 0.0 0 9.3 17 30 M M 9 26 20
21 68 61 65 3 0 0 T 0.0 0 11.8 23 80 M M 10 28 70
22 79 59 69 6 0 4 0.01 0.0 0 9.9 18 160 M M 10 18 25 160
23 82 71 77 14 0 12 0.00 0.0 0 7.4 15 210 M M 7 25 190
24 82 73 78 15 0 13 0.00 0.0 0 10.1 20 210 M M 8 30 200
25 85 69 77 14 0 12 0.00 0.0 0 5.7 14 200 M M 5 18 20 210
26 84 68 76 12 0 11 0.00 0.0 0 7.9 16 170 M M 5 1 24 190
27 85 73 79 15 0 14 0.00 0.0 0 9.5 16 210 M M 5 25 210
28 84 65 75 11 0 10 0.08 0.0 0 11.2 22 160 M M 7 8 34 180
29 82 62 72 8 0 7 T 0.0 0 8.3 18 70 M M 3 24 60
30 83 65 74 10 0 9 0.00 0.0 0 10.7 21 160 M M 5 31 150
31 77 55 66 2 0 1 T 0.0 0 12.3 25 320 M M 5 33 320
================================================================================
SM 2441 1941 29 214 1.67 0.0 274.8 M 189
================================================================================
AV 78.7 62.6 8.9 FASTST M M 6 MAX(MPH)
MISC ----> # 37 60 # 47 50
================================================================================
NOTES:
# LAST OF SEVERAL OCCURRENCES
COLUMN 17 PEAK WIND IN M.P.H.
PRELIMINARY LOCAL CLIMATOLOGICAL DATA (WS FORM: F-6) , PAGE 2
STATION: LAKE CHARLES
MONTH: MARCH
YEAR: 2020
LATITUDE: 30 7 N
LONGITUDE: 93 13 W
[TEMPERATURE DATA] [PRECIPITATION DATA] SYMBOLS USED IN COLUMN 16
AVERAGE MONTHLY: 70.7 TOTAL FOR MONTH: 1.67 1 = FOG OR MIST
DPTR FM NORMAL: 9.3 DPTR FM NORMAL: -1.99 2 = FOG REDUCING VISIBILITY
HIGHEST: 85 ON 27,25 GRTST 24HR 0.81 ON 17-17 TO 1/4 MILE OR LESS
LOWEST: 42 ON 7 3 = THUNDER
SNOW, ICE PELLETS, HAIL 4 = ICE PELLETS
TOTAL MONTH: 0.0 INCH 5 = HAIL
GRTST 24HR 0.0 6 = FREEZING RAIN OR DRIZZLE
GRTST DEPTH: 0 7 = DUSTSTORM OR SANDSTORM:
VSBY 1/2 MILE OR LESS
8 = SMOKE OR HAZE
[NO. OF DAYS WITH] [WEATHER - DAYS WITH] 9 = BLOWING SNOW
X = TORNADO
MAX 32 OR BELOW: 0 0.01 INCH OR MORE: 7
MAX 90 OR ABOVE: 0 0.10 INCH OR MORE: 3
MIN 32 OR BELOW: 0 0.50 INCH OR MORE: 2
MIN 0 OR BELOW: 0 1.00 INCH OR MORE: 0
[HDD (BASE 65) ]
TOTAL THIS MO. 29 CLEAR (SCALE 0-3) 4
DPTR FM NORMAL -133 PTCLDY (SCALE 4-7) 18
TOTAL FM JUL 1 985 CLOUDY (SCALE 8-10) 8
DPTR FM NORMAL -459
[CDD (BASE 65) ]
TOTAL THIS MO. 214
DPTR FM NORMAL 165 [PRESSURE DATA]
TOTAL FM JAN 1 265 HIGHEST SLP 30.51 ON 7
DPTR FM NORMAL 193 LOWEST SLP 29.73 ON 4
[REMARKS]
#FINAL-03-20#