000
CXUS53 KLMK 010810
CF6LEX
PRELIMINARY LOCAL CLIMATOLOGICAL DATA (WS FORM: F-6)
STATION: LEXINGTON KY
MONTH: NOVEMBER
YEAR: 2023
LATITUDE: 38 1 N
LONGITUDE: 84 36 W
TEMPERATURE IN F: :PCPN: SNOW: WIND :SUNSHINE: SKY :PK WND
================================================================================
1 2 3 4 5 6A 6B 7 8 9 10 11 12 13 14 15 16 17 18
12Z AVG MX 2MIN
DY MAX MIN AVG DEP HDD CDD WTR SNW DPTH SPD SPD DIR MIN PSBL S-S WX SPD DR
================================================================================
1 48 27 38 -14 27 0 0.00 0.0 0 4.4 12 10 M M 2 8 16 360
2 57 28 43 -8 22 0 0.00 0.0 0 7.8 16 220 M M 0 24 170
3 63 39 51 0 14 0 0.00 0.0 0 10.3 21 210 M M 0 27 220
4 68 48 58 8 7 0 0.00 0.0 0 8.3 17 210 M M 0 23 210
5 66 40 53 3 12 0 0.00 0.0 0 3.2 10 10 M M 1 13 350
6 74 39 57 7 8 0 0.00 0.0 0 10.0 23 220 M M 1 32 190
7 75 56 66 17 0 1 0.00 0.0 0 7.2 13 230 M M 7 19 210
8 81 54 68 19 0 3 T 0.0 0 12.7 22 180 M M 3 1 31 170
9 72 52 62 14 3 0 T 0.0 0 10.0 20 320 M M 6 27 330
10 58 42 50 2 15 0 0.10 0.0 0 4.9 14 150 M M 6 19 150
11 55 35 45 -3 20 0 0.00 0.0 0 7.4 13 30 M M 0 16 30
12 60 35 48 1 17 0 0.00 0.0 0 5.9 12 80 M M 0 18 90
13 67 33 50 3 15 0 0.00 0.0 0 5.6 14 280 M M 0 19 260
14 60 37 49 3 16 0 0.00 0.0 0 6.7 13 110 M M 0 17 130
15 71 41 56 10 9 0 0.00 0.0 0 6.7 16 220 M M 0 24 270
16 72 40 56 10 9 0 0.00 0.0 0 5.7 12 170 M M 2 19 160
17 66 55 61 16 4 0 0.04 0.0 0 10.7 21 210 M M 10 18 33 220
18 55 35 45 0 20 0 T 0.0 0 6.2 16 10 M M 4 18 21 360
19 61 30 46 1 19 0 0.00 0.0 0 4.6 14 60 M M 0 16 60
20 56 47 52 8 13 0 0.07 0.0 0 9.5 16 90 M M 6 23 90
21 55 45 50 6 15 0 1.40 0.0 0 8.8 16 290 M M 10 1 24 280
22 50 35 43 -1 22 0 0.00 0.0 0 6.5 13 300 M M 8 1 18 280
23 53 32 43 0 22 0 0.00 0.0 0 6.9 14 220 M M 1 1 19 250
24 50 33 42 -1 23 0 0.00 0.0 0 9.4 20 30 M M 2 18 26 50
25 50 29 40 -3 25 0 0.00 0.0 0 5.8 17 40 M M 0 22 40
26 53 38 46 4 19 0 0.09 0.0 0 11.7 22 270 M M 6 1 32 260
27 42 29 36 -6 29 0 0.00 0.0 0 11.5 22 270 M M 7 32 280
28 35 19 27 -15 38 0 T T 0 7.4 17 300 M M 2 26 270
29 51 16 34 -8 31 0 0.00 0.0 0 10.7 23 230 M M 0 33 240
30 61 37 49 8 16 0 0.00 0.0 0 11.4 24 220 M M 0 32 200
================================================================================
SM 1785 1126 490 4 1.70 T 237.9 M 84
================================================================================
AV 59.5 37.5 7.9 FASTST M M 3 MAX(MPH)
MISC ----> 24 220 # 33 220
================================================================================
NOTES:
# LAST OF SEVERAL OCCURRENCES
COLUMN 17 PEAK WIND IN M.P.H.
PRELIMINARY LOCAL CLIMATOLOGICAL DATA (WS FORM: F-6) , PAGE 2
STATION: LEXINGTON KY
MONTH: NOVEMBER
YEAR: 2023
LATITUDE: 38 1 N
LONGITUDE: 84 36 W
[TEMPERATURE DATA] [PRECIPITATION DATA] SYMBOLS USED IN COLUMN 16
AVERAGE MONTHLY: 48.5 TOTAL FOR MONTH: 1.70 1 = FOG OR MIST
DPTR FM NORMAL: 2.4 DPTR FM NORMAL: -1.67 2 = FOG REDUCING VISIBILITY
HIGHEST: 81 ON 8 GRTST 24HR 1.46 ON 20-21 TO 1/4 MILE OR LESS
LOWEST: 16 ON 29 3 = THUNDER
SNOW, ICE PELLETS, HAIL 4 = ICE PELLETS
TOTAL MONTH: T 5 = HAIL
GRTST 24HR T ON 28-28 6 = FREEZING RAIN OR DRIZZLE
GRTST DEPTH: 0 7 = DUSTSTORM OR SANDSTORM:
VSBY 1/2 MILE OR LESS
8 = SMOKE OR HAZE
[NO. OF DAYS WITH] [WEATHER - DAYS WITH] 9 = BLOWING SNOW
X = TORNADO
MAX 32 OR BELOW: 0 0.01 INCH OR MORE: 5
MAX 90 OR ABOVE: 0 0.10 INCH OR MORE: 2
MIN 32 OR BELOW: 8 0.50 INCH OR MORE: 1
MIN 0 OR BELOW: 0 1.00 INCH OR MORE: 1
[HDD (BASE 65) ]
TOTAL THIS MO. 490 CLEAR (SCALE 0-3) 20
DPTR FM NORMAL -79 PTCLDY (SCALE 4-7) 8
TOTAL FM JUL 1 679 CLOUDY (SCALE 8-10) 2
DPTR FM NORMAL -189
[CDD (BASE 65) ]
TOTAL THIS MO. 4
DPTR FM NORMAL 2 [PRESSURE DATA]
TOTAL FM JAN 1 1345 HIGHEST SLP 30.48 ON 2
DPTR FM NORMAL 56 LOWEST SLP 29.76 ON 8
[REMARKS]
#FINAL-11-23#