000
CXUS54 KLCH 011332
CF6LFT
PRELIMINARY LOCAL CLIMATOLOGICAL DATA (WS FORM: F-6)
STATION: LAFAYETTE
MONTH: MAY
YEAR: 2021
LATITUDE: 30 12 N
LONGITUDE: 92 0 W
TEMPERATURE IN F: :PCPN: SNOW: WIND :SUNSHINE: SKY :PK WND
================================================================================
1 2 3 4 5 6A 6B 7 8 9 10 11 12 13 14 15 16 17 18
12Z AVG MX 2MIN
DY MAX MIN AVG DEP HDD CDD WTR SNW DPTH SPD SPD DIR MIN PSBL S-S WX SPD DR
================================================================================
1 80 66 73 0 0 8 0.02 0.0 M 5.3 14 160 M M 5 1 22 160
2 82 67 75 2 0 10 0.86 0.0 M 9.2 20 210 M M 8 13 32 240
3 85 77 81 8 0 16 T 0.0 M 11.4 17 180 M M 10 26 170
4 85 71 78 4 0 13 0.02 0.0 M 7.6 23 340 M M 9 138 33 340
5 76 61 69 -5 0 4 0.00 0.0 M 10.3 16 20 M M 6 22 10
6 82 59 71 -3 0 6 0.00 0.0 M 7.3 17 360 M M 0 23 30
7 85 58 72 -2 0 7 0.00 0.0 M 2.7 10 10 M M 0 16 30
8 84 60 72 -3 0 7 0.00 0.0 M 6.6 18 200 M M 0 29 220
9 83 69 76 1 0 11 0.08 0.0 M 10.1 21 190 M M 6 13 30 170
10 85 68 77 2 0 12 2.02 0.0 M 2.7 23 10 M M 7 138 29 360
11 82 67 75 0 0 10 4.35 0.0 M 7.4 32 350 M M 7 123 43 350
12 77 67 72 -4 0 7 0.36 0.0 M 8.8 18 20 M M 9 1 23 10
13 79 62 71 -5 0 6 0.00 0.0 M 8.5 18 10 M M 8 25 50
14 81 57 69 -7 0 4 0.00 0.0 M 3.2 9 40 M M 2 13 30
15 82 62 72 -4 0 7 0.00 0.0 M 4.3 13 190 M M 1 17 200
16 81 68 75 -2 0 10 0.00 0.0 M 4.8 12 170 M M 3 23 100
17 76 68 72 -5 0 7 6.37 0.0 M 4.7 24 320 M M 9 13 38 330
18 75 67 71 -6 0 6 0.20 0.0 M 4.2 10 210 M M 6 1 19 180
19 83 66 75 -2 0 10 0.42 0.0 0 5.9 17 240 M M 6 13 26 230
20 78 68 73 -5 0 8 4.08 0.0 M 6.5 26 220 M M 8 138 37 230
21 78 72 75 -3 0 10 0.26 0.0 M 6.2 13 110 M M 9 1 22 100
22 86 69 78 0 0 13 0.02 0.0 0 5.3 13 140 M M 4 1 23 90
23 84 67 76 -2 0 11 0.00 0.0 M 3.3 12 170 M M 2 18 170
24 85 71 78 0 0 13 0.00 0.0 M 2.3 14 200 M M 3 17 180
25 85 69 77 -2 0 12 T 0.0 M 5.8 16 210 M M 3 25 160
26 88 71 80 1 0 15 0.00 0.0 M 3.0 13 260 M M 4 1 16 260
27 88 71 80 1 0 15 0.00 0.0 M 6.3 15 200 M M 3 1 20 190
28 84 71 78 -1 0 13 0.10 0.0 M 5.0 23 350 M M 2 1 32 340
29 84 68 76 -4 0 11 0.01 0.0 M 3.4 14 200 M M 2 19 190
30 83 61 72 -8 0 7 0.00 0.0 M 7.1 12 40 M M 0 M M
31 87 65 76 -4 0 11 0.00 0.0 M 3.9 13 200 M M 1 22 190
================================================================================
SM 2553 2063 0 300 19.17 0.0 183.1 M 143
================================================================================
AV 82.4 66.5 5.9 FASTST M M 5 MAX(MPH)
MISC ----> 32 350 43 350
================================================================================
NOTES:
# LAST OF SEVERAL OCCURRENCES
COLUMN 17 PEAK WIND IN M.P.H.
PRELIMINARY LOCAL CLIMATOLOGICAL DATA (WS FORM: F-6) , PAGE 2
STATION: LAFAYETTE
MONTH: MAY
YEAR: 2021
LATITUDE: 30 12 N
LONGITUDE: 92 0 W
[TEMPERATURE DATA] [PRECIPITATION DATA] SYMBOLS USED IN COLUMN 16
AVERAGE MONTHLY: 74.5 TOTAL FOR MONTH: 19.17 1 = FOG OR MIST
DPTR FM NORMAL: -2.0 DPTR FM NORMAL: 13.73 2 = FOG REDUCING VISIBILITY
HIGHEST: 88 ON 27,26 GRTST 24HR 6.37 ON 17-17 TO 1/4 MILE OR LESS
LOWEST: 57 ON 14 3 = THUNDER
SNOW, ICE PELLETS, HAIL 4 = ICE PELLETS
TOTAL MONTH: 0.0 INCH 5 = HAIL
GRTST 24HR 0.0 6 = FREEZING RAIN OR DRIZZLE
GRTST DEPTH: 0 7 = DUSTSTORM OR SANDSTORM:
VSBY 1/2 MILE OR LESS
8 = SMOKE OR HAZE
[NO. OF DAYS WITH] [WEATHER - DAYS WITH] 9 = BLOWING SNOW
X = TORNADO
MAX 32 OR BELOW: 0 0.01 INCH OR MORE: 15
MAX 90 OR ABOVE: 0 0.10 INCH OR MORE: 10
MIN 32 OR BELOW: 0 0.50 INCH OR MORE: 5
MIN 0 OR BELOW: 0 1.00 INCH OR MORE: 4
[HDD (BASE 65) ]
TOTAL THIS MO. 0 CLEAR (SCALE 0-3) 11
DPTR FM NORMAL -2 PTCLDY (SCALE 4-7) 14
TOTAL FM JUL 1 1434 CLOUDY (SCALE 8-10) 6
DPTR FM NORMAL 59
[CDD (BASE 65) ]
TOTAL THIS MO. 300
DPTR FM NORMAL -60 [PRESSURE DATA]
TOTAL FM JAN 1 563 HIGHEST SLP 30.24 ON 14
DPTR FM NORMAL -72 LOWEST SLP 29.67 ON 3
[REMARKS]
#FINAL-05-21#