000
CXUS54 KLCH 010830
CF6LFT
PRELIMINARY LOCAL CLIMATOLOGICAL DATA (WS FORM: F-6)
STATION: LAFAYETTE
MONTH: SEPTEMBER
YEAR: 2023
LATITUDE: 30 12 N
LONGITUDE: 92 0 W
TEMPERATURE IN F: :PCPN: SNOW: WIND :SUNSHINE: SKY :PK WND
================================================================================
1 2 3 4 5 6A 6B 7 8 9 10 11 12 13 14 15 16 17 18
12Z AVG MX 2MIN
DY MAX MIN AVG DEP HDD CDD WTR SNW DPTH SPD SPD DIR MIN PSBL S-S WX SPD DR
================================================================================
1 100 71 86 4 0 21 0.00 0.0 M 3.3 10 40 M M 3 14 140
2 96 77 87 5 0 22 0.06 0.0 M 2.5 10 70 M M 2 13 17 70
3 100 77 89 7 0 24 0.65 0.0 M 2.3 21 250 M M 3 13 27 260
4 93 77 85 3 0 20 1.10 0.0 M 2.9 24 300 M M 2 13 34 290
5 95 78 87 5 0 22 0.12 0.0 M 3.1 14 350 M M 4 13 19 340
6 98 78 88 6 0 23 0.00 0.0 M 3.1 13 200 M M 1 1 16 200
7 100 75 88 6 0 23 0.16 0.0 M 4.5 28 30 M M 2 13 39 30
8 94 73 84 3 0 19 0.79 0.0 M 4.8 37 10 M M 3 13 54 40
9 92 72 82 1 0 17 0.00 0.0 M 7.5 16 350 M M 1 33 330
10 92 70 81 0 0 16 0.00 0.0 M 7.2 14 340 M M 0 19 350
11 95 67 81 0 0 16 0.00 0.0 M 2.7 12 200 M M 1 15 220
12 95 72 84 3 0 19 0.00 0.0 M 3.0 10 40 M M 1 16 310
13 95 74 85 5 0 20 0.32 0.0 M 3.0 22 230 M M 3 13 35 240
14 89 72 81 1 0 16 0.00 0.0 M 5.2 10 20 M M 3 16 320
15 93 74 84 4 0 19 0.01 0.0 M 4.1 18 270 M M 3 3 27 280
16 93 75 84 4 0 19 0.00 0.0 M 3.0 10 330 M M 2 15 330
17 94 71 83 3 0 18 0.00 0.0 M 5.2 15 350 M M 1 21 30
18 93 67 80 1 0 15 0.00 0.0 M 1.5 10 30 M M 0 14 30
19 92 66 79 0 0 14 0.00 0.0 M 2.7 12 180 M M 0 18 180
20 93 67 80 1 0 15 0.00 0.0 M 1.8 9 60 M M 1 14 150
21 95 70 83 4 0 18 0.00 0.0 M 2.0 10 30 M M 0 1 14 30
22 95 74 85 7 0 20 0.22 0.0 M 2.4 17 250 M M 3 13 25 250
23 94 73 84 6 0 19 0.00 0.0 M 3.7 13 230 M M 3 20 260
24 93 75 84 6 0 19 T 0.0 M 2.3 13 180 M M 2 3 21 150
25 93 74 84 6 0 19 0.03 0.0 M 3.6 17 300 M M 3 24 310
26 94 74 84 7 0 19 T 0.0 M 3.2 17 310 M M 2 13 26 360
27 95 72 84 7 0 19 0.00 0.0 M 2.7 12 10 M M 2 15 20
28 93 72 83 6 0 18 0.00 0.0 M 3.3 14 50 M M 1 23 30
29 91 70 81 5 0 16 0.00 0.0 0 4.4 10 50 M M 2 16 80
30 94 68 81 5 0 16 0.00 0.0 0 3.2 14 60 M M 0 23 70
================================================================================
SM 2829 2175 0 561 3.46 0.0 104.2 M 54
================================================================================
AV 94.3 72.5 3.5 FASTST M M 2 MAX(MPH)
MISC ----> 37 10 54 40
================================================================================
NOTES:
# LAST OF SEVERAL OCCURRENCES
COLUMN 17 PEAK WIND IN M.P.H.
PRELIMINARY LOCAL CLIMATOLOGICAL DATA (WS FORM: F-6) , PAGE 2
STATION: LAFAYETTE
MONTH: SEPTEMBER
YEAR: 2023
LATITUDE: 30 12 N
LONGITUDE: 92 0 W
[TEMPERATURE DATA] [PRECIPITATION DATA] SYMBOLS USED IN COLUMN 16
AVERAGE MONTHLY: 83.4 TOTAL FOR MONTH: 3.46 1 = FOG OR MIST
DPTR FM NORMAL: 3.7 DPTR FM NORMAL: -1.56 2 = FOG REDUCING VISIBILITY
HIGHEST: 100 ON 7, 3 GRTST 24HR 1.75 ON 3- 4 TO 1/4 MILE OR LESS
LOWEST: 66 ON 19 3 = THUNDER
SNOW, ICE PELLETS, HAIL 4 = ICE PELLETS
TOTAL MONTH: 0.0 INCH 5 = HAIL
GRTST 24HR 0.0 6 = FREEZING RAIN OR DRIZZLE
GRTST DEPTH: 0 7 = DUSTSTORM OR SANDSTORM:
VSBY 1/2 MILE OR LESS
8 = SMOKE OR HAZE
[NO. OF DAYS WITH] [WEATHER - DAYS WITH] 9 = BLOWING SNOW
X = TORNADO
MAX 32 OR BELOW: 0 0.01 INCH OR MORE: 10
MAX 90 OR ABOVE: 29 0.10 INCH OR MORE: 7
MIN 32 OR BELOW: 0 0.50 INCH OR MORE: 3
MIN 0 OR BELOW: 0 1.00 INCH OR MORE: 1
[HDD (BASE 65) ]
TOTAL THIS MO. 0 CLEAR (SCALE 0-3) 26
DPTR FM NORMAL 0 PTCLDY (SCALE 4-7) 4
TOTAL FM JUL 1 0 CLOUDY (SCALE 8-10) 0
DPTR FM NORMAL 0
[CDD (BASE 65) ]
TOTAL THIS MO. 561
DPTR FM NORMAL 120 [PRESSURE DATA]
TOTAL FM JAN 1 3561 HIGHEST SLP 30.07 ON 30
DPTR FM NORMAL 846 LOWEST SLP 29.82 ON 7
[REMARKS]
#FINAL-09-23#