823
CXUS54 KFWD 010830
CF6LHB
PRELIMINARY LOCAL CLIMATOLOGICAL DATA (WS FORM: F-6)
STATION: HEARNE
MONTH: JANUARY
YEAR: 2021
LATITUDE: 30 52 N
LONGITUDE: 96 36 W
TEMPERATURE IN F: :PCPN: SNOW: WIND :SUNSHINE: SKY :PK WND
================================================================================
1 2 3 4 5 6A 6B 7 8 9 10 11 12 13 14 15 16 17 18
12Z AVG MX 2MIN
DY MAX MIN AVG DEP HDD CDD WTR SNW DPTH SPD SPD DIR MIN PSBL S-S WX SPD DR
================================================================================
1 45 37 41 M 24 0 0.00 M M 9.6 16 290 M M 8 23 290
2 57 38 48 M 17 0 0.00 M M 4.7 13 330 M M 3 M M
3 69 38 54 M 11 0 0.00 M M 7.2 15 210 M M 0 22 190
4 72 40 56 M 9 0 0.00 M M 3.2 8 30 M M 0 12 M M
5 71 36 54 M 11 0 0.00 M M 4.1 10 160 M M 2 16 160
6 64 48 56 M 9 0 1.57 M M 8.0 15 320 M M 6 3 30 270
7 57 37 47 M 18 0 0.00 M M 9.0 17 320 M M 2 23 310
8 50 33 42 M 23 0 0.00 M M 6.2 12 350 M M 7 17 360
9 53 29 41 M 24 0 0.00 M M 1.7 8 50 M M 2 1 M M
10 46 33 40 M 25 0 0.84 M M 5.6 9 50 M M 10 17 60
11 39 29 34 M 31 0 0.00 M M 3.3 8 350 M M 6 1 M M
12 48 26 37 M 28 0 0.00 M M 0.0 M M M M 2 1 M M
13 63 30 47 M 18 0 0.00 M M 3.5 10 170 M M 0 1 M M
14 66 39 53 M 12 0 0.00 M M 8.7 20 340 M M 0 28 340
15 58 33 46 M 19 0 0.00 M M 8.5 24 310 M M 1 30 290
16 60 30 45 M 20 0 0.00 M M 2.7 10 300 M M 1 8 M M
17 65 31 48 M 17 0 0.00 M M 2.5 10 330 M M 0 M M
18 73 34 54 M 11 0 0.00 M M 6.8 18 160 M M 5 25 160
19 67 50 59 M 6 0 0.03 M M 7.3 13 360 M M 10 18 350
20 56 49 53 M 12 0 0.03 M M 4.4 10 320 M M 10 1 M M
21 64 49 57 M 8 0 0.03 M M 2.1 8 150 M M 9 1 M M
22 66 53 60 M 5 0 M M M 4.0 12 350 M M 10 1 M M
23 65 53 59 M 6 0 0.00 M M 4.3 8 120 M M 10 12 M M
24 71 61 66 M 0 1 0.04 M M 4.9 12 140 M M 10 12 17 140
25 74 46 60 M 5 0 0.06 M M 8.0 18 160 M M 7 8 27 160
26 73 40 57 M 8 0 0.00 M M 3.2 8 330 M M 1 M M
27 62 38 50 M 15 0 0.00 M M 10.9 18 330 M M 1 25 340
28 56 32 44 M 21 0 0.00 M M 1.9 7 90 M M 0 M M
29 67 35 51 M 14 0 0.00 M M 6.0 14 150 M M 4 20 150
30 76 51 64 M 1 0 0.03 M M 8.6 17 210 M M 7 1 24 210
31 63 41 52 M 13 0 0.00 M M 10.6 22 330 M M 0 8 28 340
================================================================================
SM 1916 1219 441 1 2.63 M 171.4 M 134
================================================================================
AV 61.8 39.3 5.5 FASTST M M 4 MAX(MPH)
MISC ----> 24 310 # 30 270
================================================================================
NOTES:
# LAST OF SEVERAL OCCURRENCES
COLUMN 17 PEAK WIND IN M.P.H.
PRELIMINARY LOCAL CLIMATOLOGICAL DATA (WS FORM: F-6) , PAGE 2
STATION: HEARNE
MONTH: JANUARY
YEAR: 2021
LATITUDE: 30 52 N
LONGITUDE: 96 36 W
[TEMPERATURE DATA] [PRECIPITATION DATA] SYMBOLS USED IN COLUMN 16
AVERAGE MONTHLY: 50.6 TOTAL FOR MONTH: 2.63 1 = FOG OR MIST
DPTR FM NORMAL: 0.0 DPTR FM NORMAL: M 2 = FOG REDUCING VISIBILITY
HIGHEST: 76 ON 30 GRTST 24HR 1.57 ON 6- 6 TO 1/4 MILE OR LESS
LOWEST: 26 ON 12 3 = THUNDER
SNOW, ICE PELLETS, HAIL 4 = ICE PELLETS
TOTAL MONTH: M 5 = HAIL
GRTST 24HR M ON M 6 = FREEZING RAIN OR DRIZZLE
GRTST DEPTH: M ON M 7 = DUSTSTORM OR SANDSTORM:
VSBY 1/2 MILE OR LESS
8 = SMOKE OR HAZE
[NO. OF DAYS WITH] [WEATHER - DAYS WITH] 9 = BLOWING SNOW
X = TORNADO
MAX 32 OR BELOW: 0 0.01 INCH OR MORE: 8
MAX 90 OR ABOVE: 0 0.10 INCH OR MORE: 2
MIN 32 OR BELOW: 7 0.50 INCH OR MORE: 2
MIN 0 OR BELOW: 0 1.00 INCH OR MORE: 1
[HDD (BASE 65) ]
TOTAL THIS MO. 441 CLEAR (SCALE 0-3) 16
DPTR FM NORMAL M PTCLDY (SCALE 4-7) 8
TOTAL FM JUL 1 1052 CLOUDY (SCALE 8-10) 7
DPTR FM NORMAL M
[CDD (BASE 65) ]
TOTAL THIS MO. 1
DPTR FM NORMAL M [PRESSURE DATA]
TOTAL FM JAN 1 1 HIGHEST SLP M ON M
DPTR FM NORMAL M LOWEST SLP M ON M
[REMARKS]
#FINAL-01-21#