000
CXUS55 KBOU 010900
CF6LIC
PRELIMINARY LOCAL CLIMATOLOGICAL DATA (WS FORM: F-6)
STATION: LIMON CO
MONTH: AUGUST
YEAR: 2021
LATITUDE: 39 10 N
LONGITUDE: 103 42 W
TEMPERATURE IN F: :PCPN: SNOW: WIND :SUNSHINE: SKY :PK WND
================================================================================
1 2 3 4 5 6A 6B 7 8 9 10 11 12 13 14 15 16 17 18
12Z AVG MX 2MIN
DY MAX MIN AVG DEP HDD CDD WTR SNW DPTH SPD SPD DIR MIN PSBL S-S WX SPD DR
================================================================================
1 81 53 67 -4 0 2 0.00 M M 5.4 13 160 M M 3 18 17 160
2 85 47 66 -5 0 1 0.00 M M 6.2 16 150 M M 0 18 21 170
3 89 50 70 -1 0 5 0.00 M M 7.0 22 280 M M 4 30 270
4 80 54 67 -3 0 2 0.19 M M 8.3 17 160 M M 6 1 23 160
5 91 51 71 1 0 6 0.00 M M 5.4 14 160 M M 0 1 19 170
6 98 50 74 4 0 9 T M M 6.2 40 20 M M 0 3 53 20
7 85 52 69 -1 0 4 0.00 M M 9.9 28 20 M M 0 38 35 340
8 92 47 70 0 0 5 0.00 M M 5.5 14 150 M M 0 8 20 170
9 97 49 73 3 0 8 0.00 M M 7.6 18 50 M M 0 8 25 50
10 95 59 77 7 0 12 0.00 M M 4.8 17 10 M M 0 25 360
11 96 53 75 5 0 10 0.00 M M 7.3 22 130 M M 0 28 130
12 94 52 73 4 0 8 0.24 M M 9.7 24 290 M M 2 3 33 280
13 82 56 69 0 0 4 0.00 M M 8.0 17 150 M M 1 1 25 30
14 92 57 75 6 0 10 0.00 M M 11.0 22 160 M M 2 12 35 170
15 93 52 73 4 0 8 0.04 M M 8.1 39 60 M M 1 3 55 30
16 92 51 72 3 0 7 0.00 M M 7.3 17 70 M M 0 26 70
17 91 50 71 3 0 6 0.00 M M 10.5 23 150 M M 0 30 150
18 93 47 70 2 0 5 0.00 M M 15.3 31 140 M M 1 12 41 140
19 91 61 76 8 0 11 0.00 M M 9.4 26 360 M M 3 1 40 350
20 83 54 69 1 0 4 0.00 M M 9.0 22 350 M M 2 29 340
21 81 56 69 1 0 4 0.01 M M 14.5 28 160 M M 4 40 170
22 95 62 79 11 0 14 0.00 M M 10.0 21 150 M M 3 1 30 230
23 96 58 77 10 0 12 0.00 M M 6.6 16 120 M M 0 22 160
24 97 59 78 11 0 13 0.00 M M 8.0 17 310 M M 0 23 300
25 86 54 70 3 0 5 0.00 M M 8.6 20 360 M M 1 24 350
26 92 52 72 5 0 7 0.10 M M 8.5 29 180 M M 1 3 39 180
27 93 52 73 7 0 8 T M M 10.4 24 140 M M 0 33 140
28 96 52 74 8 0 9 0.00 M M 10.7 32 30 M M 0 40 40
29 76 56 66 0 0 1 0.00 M M 11.2 23 10 M M 5 31 20
30 92 48 70 4 0 5 0.00 M M 6.7 20 160 M M 0 18 27 160
31 96 47 72 7 0 7 0.00 M M 5.1 18 90 M M 0 24 90
================================================================================
SM 2800 1641 0 212 0.58 M 262.2 M 39
================================================================================
AV 90.3 52.9 8.5 FASTST M M 1 MAX(MPH)
MISC ----> 40 20 55 30
================================================================================
NOTES:
# LAST OF SEVERAL OCCURRENCES
COLUMN 17 PEAK WIND IN M.P.H.
PRELIMINARY LOCAL CLIMATOLOGICAL DATA (WS FORM: F-6) , PAGE 2
STATION: LIMON CO
MONTH: AUGUST
YEAR: 2021
LATITUDE: 39 10 N
LONGITUDE: 103 42 W
[TEMPERATURE DATA] [PRECIPITATION DATA] SYMBOLS USED IN COLUMN 16
AVERAGE MONTHLY: 71.6 TOTAL FOR MONTH: 0.58 1 = FOG OR MIST
DPTR FM NORMAL: 3.1 DPTR FM NORMAL: -2.14 2 = FOG REDUCING VISIBILITY
HIGHEST: 98 ON 6 GRTST 24HR 0.24 ON 12-12 TO 1/4 MILE OR LESS
LOWEST: 47 ON 31,18 3 = THUNDER
SNOW, ICE PELLETS, HAIL 4 = ICE PELLETS
TOTAL MONTH: M 5 = HAIL
GRTST 24HR M ON M 6 = FREEZING RAIN OR DRIZZLE
GRTST DEPTH: M ON M 7 = DUSTSTORM OR SANDSTORM:
VSBY 1/2 MILE OR LESS
8 = SMOKE OR HAZE
[NO. OF DAYS WITH] [WEATHER - DAYS WITH] 9 = BLOWING SNOW
X = TORNADO
MAX 32 OR BELOW: 0 0.01 INCH OR MORE: 5
MAX 90 OR ABOVE: 21 0.10 INCH OR MORE: 3
MIN 32 OR BELOW: 0 0.50 INCH OR MORE: 0
MIN 0 OR BELOW: 0 1.00 INCH OR MORE: 0
[HDD (BASE 65) ]
TOTAL THIS MO. 0 CLEAR (SCALE 0-3) 25
DPTR FM NORMAL -22 PTCLDY (SCALE 4-7) 6
TOTAL FM JUL 1 0 CLOUDY (SCALE 8-10) 0
DPTR FM NORMAL -28
[CDD (BASE 65) ]
TOTAL THIS MO. 212
DPTR FM NORMAL 82 [PRESSURE DATA]
TOTAL FM JAN 1 598 HIGHEST SLP M ON M
DPTR FM NORMAL 222 LOWEST SLP 29.60 ON 19
[REMARKS]
#FINAL-08-21#