868
CXHW51 PHFO 011250
CF6LIH
PRELIMINARY LOCAL CLIMATOLOGICAL DATA (WS FORM: F-6)
STATION: LIHUE HI
MONTH: JANUARY
YEAR: 2021
LATITUDE: 21 58 N
LONGITUDE: 159 21 W
TEMPERATURE IN F: :PCPN: SNOW: WIND :SUNSHINE: SKY :PK WND
================================================================================
1 2 3 4 5 6A 6B 7 8 9 10 11 12 13 14 15 16 17 18
12Z AVG MX 2MIN
DY MAX MIN AVG DEP HDD CDD WTR SNW DPTH SPD SPD DIR MIN PSBL S-S WX SPD DR
================================================================================
1 81 74 78 6 0 13 T M M 19.6 28 40 M M 5 32 50
2 80 74 77 5 0 12 T M M 17.5 25 50 M M 5 31 50
3 81 72 77 5 0 12 0.03 M M 15.2 23 60 M M 5 1 31 60
4 80 74 77 5 0 12 0.00 M M 11.1 16 40 M M 4 20 40
5 80 70 75 3 0 10 T M M 12.0 18 80 M M 7 8 23 50
6 80 70 75 3 0 10 0.00 M M 13.1 21 60 M M 5 25 60
7 80 67 74 2 0 9 0.01 M M 9.3 18 70 M M 2 1 23 60
8 82 62 72 0 0 7 0.00 M M 8.4 17 20 M M 0 20 40
9 80 65 73 1 0 8 T M M 8.0 15 90 M M 6 1 18 90
10 80 66 73 1 0 8 0.09 M M 9.5 18 90 M M 4 1 23 80
11 80 66 73 1 0 8 0.00 M M 7.1 14 40 M M 3 16 40
12 80 65 73 1 0 8 0.00 M M 7.0 13 210 M M 2 34 220
13 81 65 73 1 0 8 0.00 M M 8.9 23 360 M M 3 27 30
14 80 69 75 3 0 10 T M M 6.9 13 190 M M 7 16 190
15 80 67 74 2 0 9 0.10 M M 6.0 14 140 M M 5 1 20 230
16 80 68 74 2 0 9 0.02 M M 6.1 14 140 M M 5 17 110
17 83 66 75 3 0 10 0.13 M M 13.0 24 240 M M 5 1 32 240
18 73 65 69 -3 0 4 0.01 M M 21.2 35 20 M M 8 43 10
19 73 67 70 -2 0 5 0.53 M M 23.0 39 40 M M 10 1 49 40
20 79 70 75 3 0 10 0.06 M M 13.5 22 80 M M 7 18 29 90
21 80 70 75 3 0 10 0.01 M M 17.2 24 70 M M 7 1 29 80
22 79 72 76 4 0 11 0.03 M M 19.6 29 60 M M 6 18 35 70
23 78 70 74 2 0 9 0.12 M M 18.4 29 80 M M 9 18 37 80
24 79 73 76 4 0 11 T M M 17.3 24 80 M M 4 18 30 80
25 79 71 75 3 0 10 0.18 M M 16.4 30 90 M M 6 18 37 100
26 78 70 74 2 0 9 0.27 M M 17.2 26 90 M M 8 18 31 90
27 79 71 75 3 0 10 0.02 M M 18.6 26 80 M M 8 18 34 70
28 77 71 74 2 0 9 0.01 M M 20.1 26 60 M M 6 18 33 60
29 79 71 75 3 0 10 0.01 M M 18.5 25 70 M M 6 1 32 70
30 79 69 74 2 0 9 0.04 M M 16.4 26 80 M M 6 18 33 80
31 79 69 74 2 0 9 0.01 M M 14.1 25 70 M M 4 1 30 70
================================================================================
SM 2459 2139 0 289 1.68 M 430.2 M 168
================================================================================
AV 79.3 69.0 13.9 FASTST M M 5 MAX(MPH)
MISC ----> 39 40 49 40
================================================================================
NOTES:
# LAST OF SEVERAL OCCURRENCES
COLUMN 17 PEAK WIND IN M.P.H.
PRELIMINARY LOCAL CLIMATOLOGICAL DATA (WS FORM: F-6) , PAGE 2
STATION: LIHUE HI
MONTH: JANUARY
YEAR: 2021
LATITUDE: 21 58 N
LONGITUDE: 159 21 W
[TEMPERATURE DATA] [PRECIPITATION DATA] SYMBOLS USED IN COLUMN 16
AVERAGE MONTHLY: 74.2 TOTAL FOR MONTH: 1.68 1 = FOG OR MIST
DPTR FM NORMAL: 2.5 DPTR FM NORMAL: -2.07 2 = FOG REDUCING VISIBILITY
HIGHEST: 83 ON 17 GRTST 24HR 0.86 ON 25-25 TO 1/4 MILE OR LESS
LOWEST: 62 ON 8 3 = THUNDER
SNOW, ICE PELLETS, HAIL 4 = ICE PELLETS
TOTAL MONTH: M 5 = HAIL
GRTST 24HR M ON M 6 = FREEZING RAIN OR DRIZZLE
GRTST DEPTH: M ON M 7 = DUSTSTORM OR SANDSTORM:
VSBY 1/2 MILE OR LESS
8 = SMOKE OR HAZE
[NO. OF DAYS WITH] [WEATHER - DAYS WITH] 9 = BLOWING SNOW
X = TORNADO
MAX 32 OR BELOW: 0 0.01 INCH OR MORE: 19
MAX 90 OR ABOVE: 0 0.10 INCH OR MORE: 6
MIN 32 OR BELOW: 0 0.50 INCH OR MORE: 1
MIN 0 OR BELOW: 0 1.00 INCH OR MORE: 0
[HDD (BASE 65) ]
TOTAL THIS MO. 0 CLEAR (SCALE 0-3) 3
DPTR FM NORMAL 0 PTCLDY (SCALE 4-7) 25
TOTAL FM JUL 1 60 CLOUDY (SCALE 8-10) 3
DPTR FM NORMAL 60
[CDD (BASE 65) ]
TOTAL THIS MO. 289
DPTR FM NORMAL 80 [PRESSURE DATA]
TOTAL FM JAN 1 289 HIGHEST SLP 30.21 ON 2
DPTR FM NORMAL 80 LOWEST SLP 29.90 ON 17
[REMARKS]
#FINAL-01-21#