000
CXUS54 KLZK 091136
CF6LIT
PRELIMINARY LOCAL CLIMATOLOGICAL DATA (WS FORM: F-6)
STATION: LITTLE ROCK ADAMS FIELD
MONTH: JANUARY
YEAR: 2022
LATITUDE: 34 43 N
LONGITUDE: 92 14 W
TEMPERATURE IN F: :PCPN: SNOW: WIND :SUNSHINE: SKY :PK WND
================================================================================
1 2 3 4 5 6A 6B 7 8 9 10 11 12 13 14 15 16 17 18
12Z AVG MX 2MIN
DY MAX MIN AVG DEP HDD CDD WTR SNW DPTH SPD SPD DIR MIN PSBL S-S WX SPD DR
================================================================================
1 70 42 56 15 9 0 1.19 0.0 0 11.5 25 310 M M 9 138 38 300
2 42 25 34 -7 31 0 0.01 T 0 14.3 22 330 M M 8 46 31 330
3 43 20 32 -8 33 0 0.00 0.0 0 4.6 12 330 M M 0 15 330
4 51 26 39 -1 26 0 0.00 0.0 0 7.5 17 180 M M 4 22 160
5 63 35 49 9 16 0 0.00 0.0 0 6.7 16 340 M M 6 21 360
6 46 27 37 -3 28 0 0.05 T 0 11.6 20 50 M M 9 4 25 20
7 36 23 30 -10 35 0 0.00 0.0 0 8.0 18 10 M M 6 22 10
8 61 32 47 7 18 0 0.63 0.0 0 6.3 18 300 M M 10 138 20 300
9 66 38 52 12 13 0 1.75 0.0 0 11.3 22 360 M M 9 138 29 360
10 53 27 40 0 25 0 0.00 0.0 0 5.8 15 310 M M 2 20 20
11 60 31 46 6 19 0 0.00 0.0 0 3.0 10 250 M M M 23 140
12 64 30 47 7 18 0 0.00 0.0 0 6.7 16 230 M M 6 23 250
13 72 39 56 16 9 0 0.00 0.0 0 6.6 22 310 M M 4 27 300
14 59 39 49 9 16 0 0.00 0.0 0 5.3 13 100 M M 9 14 80
15 50 35 43 3 22 0 0.61 0.6 1 12.4 23 300 M M 10 1348 32 320
16 48 35 42 2 23 0 0.06 T 1 12.8 20 320 M M 4 25 310
17 56 32 44 4 21 0 0.00 0.0 0 6.9 20 310 M M 1 24 320
18 66 31 49 9 16 0 0.00 0.0 0 7.6 21 170 M M 5 29 170
19 56 34 45 4 20 0 0.01 0.0 0 9.2 30 360 M M 8 36 350
20 36 24 30 -11 35 0 0.00 0.0 0 13.6 24 10 M M 5 30 10
21 36 18 27 -14 38 0 0.00 0.0 0 8.3 15 20 M M 1 20 20
22 46 17 32 -9 33 0 0.00 0.0 0 1.8 8 170 M M 1 10 290
23 65 26 46 5 19 0 0.00 0.0 0 6.1 17 320 M M 1 21 300
24 68 32 50 9 15 0 0.00 0.0 0 7.3 21 220 M M 4 26 210
25 50 31 41 0 24 0 0.00 0.0 0 10.6 20 40 M M 3 27 60
26 41 26 34 -7 31 0 0.00 0.0 0 8.9 17 30 M M 4 22 20
27 50 28 39 -2 26 0 0.00 0.0 0 5.1 15 310 M M 10 21 330
28 52 30 41 0 24 0 0.00 0.0 0 11.6 28 320 M M 4 35 330
29 52 22 37 -5 28 0 0.00 0.0 0 6.0 17 220 M M 0 22 210
30 67 34 51 9 14 0 0.00 0.0 0 5.0 13 230 M M 2 17 230
31 71 30 51 9 14 0 0.00 0.0 0 5.3 15 180 M M 3 20 160
================================================================================
SM 1696 919 699 0 4.31 0.6 247.7 M 148
================================================================================
AV 54.7 29.6 8.0 FASTST M M 5 MAX(MPH)
MISC ----> 30 360 38 300
================================================================================
NOTES:
# LAST OF SEVERAL OCCURRENCES
COLUMN 17 PEAK WIND IN M.P.H.
PRELIMINARY LOCAL CLIMATOLOGICAL DATA (WS FORM: F-6) , PAGE 2
STATION: LITTLE ROCK ADAMS FIELD
MONTH: JANUARY
YEAR: 2022
LATITUDE: 34 43 N
LONGITUDE: 92 14 W
[TEMPERATURE DATA] [PRECIPITATION DATA] SYMBOLS USED IN COLUMN 16
AVERAGE MONTHLY: 42.2 TOTAL FOR MONTH: 4.31 1 = FOG OR MIST
DPTR FM NORMAL: 1.5 DPTR FM NORMAL: 0.81 2 = FOG REDUCING VISIBILITY
HIGHEST: 72 ON 13 GRTST 24HR 1.75 ON 9- 9 TO 1/4 MILE OR LESS
LOWEST: 17 ON 22 3 = THUNDER
SNOW, ICE PELLETS, HAIL 4 = ICE PELLETS
TOTAL MONTH: 0.6 INCH 5 = HAIL
GRTST 24HR 0.6 ON 15-15 6 = FREEZING RAIN OR DRIZZLE
GRTST DEPTH: 1 ON 16,15 7 = DUSTSTORM OR SANDSTORM:
VSBY 1/2 MILE OR LESS
8 = SMOKE OR HAZE
[NO. OF DAYS WITH] [WEATHER - DAYS WITH] 9 = BLOWING SNOW
X = TORNADO
MAX 32 OR BELOW: 0 0.01 INCH OR MORE: 8
MAX 90 OR ABOVE: 0 0.10 INCH OR MORE: 4
MIN 32 OR BELOW: 22 0.50 INCH OR MORE: 4
MIN 0 OR BELOW: 0 1.00 INCH OR MORE: 2
[HDD (BASE 65) ]
TOTAL THIS MO. 699 CLEAR (SCALE 0-3) 10
DPTR FM NORMAL -55 PTCLDY (SCALE 4-7) 12
TOTAL FM JUL 1 1527 CLOUDY (SCALE 8-10) 9
DPTR FM NORMAL -493
[CDD (BASE 65) ]
TOTAL THIS MO. 0
DPTR FM NORMAL -1 [PRESSURE DATA]
TOTAL FM JAN 1 0 HIGHEST SLP 30.72 ON 10
DPTR FM NORMAL -1 LOWEST SLP 29.58 ON 1
[REMARKS]
#FINAL-01-22#