000
CXUS54 KLZK 011130
CF6LIT
PRELIMINARY LOCAL CLIMATOLOGICAL DATA (WS FORM: F-6)
STATION: Little Rock Adams Field
MONTH: MARCH
YEAR: 2020
LATITUDE: 34 43 N
LONGITUDE: 92 14 W
TEMPERATURE IN F: :PCPN: SNOW: WIND :SUNSHINE: SKY :PK WND
================================================================================
1 2 3 4 5 6A 6B 7 8 9 10 11 12 13 14 15 16 17 18
12Z AVG MX 2MIN
DY MAX MIN AVG DEP HDD CDD WTR SNW DPTH SPD SPD DIR MIN PSBL S-S WX SPD DR
================================================================================
1 69 45 57 8 8 0 0.00 0.0 0 12.8 26 210 M M 9 35 200
2 73 61 67 18 0 2 T 0.0 0 12.1 22 200 M M 9 28 200
3 66 50 58 9 7 0 T 0.0 0 5.9 18 310 M M 10 13 22 310
4 63 52 58 8 7 0 T 0.0 0 5.2 16 150 M M 9 20 150
5 71 48 60 10 5 0 0.00 0.0 0 8.6 20 340 M M 4 27 350
6 64 38 51 1 14 0 0.00 0.0 0 9.4 21 340 M M 0 26 340
7 60 33 47 -4 18 0 0.00 0.0 0 5.9 14 130 M M 4 20 120
8 68 34 51 0 14 0 0.00 0.0 0 6.4 21 220 M M 7 25 210
9 64 57 61 10 4 0 0.27 0.0 0 13.1 22 170 M M 10 1 32 180
10 68 48 58 6 7 0 0.02 0.0 0 7.3 17 310 M M 7 1 22 310
11 69 46 58 6 7 0 0.16 0.0 0 4.8 25 350 M M 7 13 37 350
12 76 53 65 13 0 0 0.08 0.0 0 11.0 31 220 M M 9 13 39 210
13 67 45 56 4 9 0 0.01 0.0 0 13.8 24 60 M M 10 29 60
14 50 44 47 -6 18 0 0.70 0.0 0 8.1 17 340 M M 8 13 20 340
15 50 41 46 -7 19 0 0.17 0.0 0 11.6 18 40 M M 10 13 23 40
16 48 40 44 -9 21 0 0.47 0.0 0 4.6 15 100 M M 10 1 17 120
17 58 47 53 -1 12 0 0.01 0.0 0 6.5 15 60 M M 10 1 17 60
18 72 50 61 7 4 0 0.52 0.0 0 5.7 17 190 M M 10 1 22 190
19 76 61 69 15 0 4 0.01 0.0 0 11.4 22 200 M M 10 3 31 190
20 68 47 58 3 7 0 T 0.0 0 10.6 21 300 M M 8 26 310
21 54 43 49 -6 16 0 0.00 0.0 0 9.1 15 110 M M 9 18 360
22 49 44 47 -8 18 0 0.45 0.0 0 6.5 15 80 M M 10 1 18 70
23 63 48 56 1 9 0 T M 0 6.0 12 60 M M 9 14 40
24 79 52 66 10 0 1 0.48 0.0 0 7.5 20 20 M M 8 123 25 20
25 64 50 57 1 8 0 0.00 0.0 0 6.4 12 120 M M 7 16 140
26 88 48 68 12 0 3 0.00 0.0 0 8.3 23 210 M M 5 1 29 210
27 78 66 72 15 0 7 T 0.0 0 9.7 22 230 M M 8 3 29 200
28 77 54 66 9 0 1 0.31 0.0 0 11.7 20 210 M M 9 13 27 230
29 73 48 61 4 4 0 0.00 0.0 0 6.6 17 310 M M 5 21 310
30 60 51 56 -1 9 0 1.34 M 0 5.0 16 60 M M 9 1 M M
31 66 49 58 0 7 0 0.42 M 0 9.4 22 10 M M 6 1 30 30
================================================================================
SM 2051 1493 252 18 5.42 0.0 261.0 M 246
================================================================================
AV 66.2 48.2 8.4 FASTST M M 8 MAX(MPH)
MISC ----> # 31 220 # 39 210
================================================================================
NOTES:
# LAST OF SEVERAL OCCURRENCES
COLUMN 17 PEAK WIND IN M.P.H.
PRELIMINARY LOCAL CLIMATOLOGICAL DATA (WS FORM: F-6) , PAGE 2
STATION: Little Rock Adams Field
MONTH: MARCH
YEAR: 2020
LATITUDE: 34 43 N
LONGITUDE: 92 14 W
[TEMPERATURE DATA] [PRECIPITATION DATA] SYMBOLS USED IN COLUMN 16
AVERAGE MONTHLY: 57.2 TOTAL FOR MONTH: 5.42 1 = FOG OR MIST
DPTR FM NORMAL: 3.8 DPTR FM NORMAL: 0.74 2 = FOG REDUCING VISIBILITY
HIGHEST: 88 ON 26 GRTST 24HR 1.34 ON 30-30 TO 1/4 MILE OR LESS
LOWEST: 33 ON 7 3 = THUNDER
SNOW, ICE PELLETS, HAIL 4 = ICE PELLETS
TOTAL MONTH: 0.0 INCH 5 = HAIL
GRTST 24HR 0.0 6 = FREEZING RAIN OR DRIZZLE
GRTST DEPTH: 0 7 = DUSTSTORM OR SANDSTORM:
VSBY 1/2 MILE OR LESS
8 = SMOKE OR HAZE
[NO. OF DAYS WITH] [WEATHER - DAYS WITH] 9 = BLOWING SNOW
X = TORNADO
MAX 32 OR BELOW: 0 0.01 INCH OR MORE: 16
MAX 90 OR ABOVE: 0 0.10 INCH OR MORE: 11
MIN 32 OR BELOW: 0 0.50 INCH OR MORE: 3
MIN 0 OR BELOW: 0 1.00 INCH OR MORE: 1
[HDD (BASE 65) ]
TOTAL THIS MO. 252 CLEAR (SCALE 0-3) 1
DPTR FM NORMAL -123 PTCLDY (SCALE 4-7) 11
TOTAL FM JUL 1 2713 CLOUDY (SCALE 8-10) 19
DPTR FM NORMAL -175
[CDD (BASE 65) ]
TOTAL THIS MO. 18
DPTR FM NORMAL 4 [PRESSURE DATA]
TOTAL FM JAN 1 18 HIGHEST SLP 30.58 ON 7
DPTR FM NORMAL 2 LOWEST SLP 29.69 ON 27
[REMARKS]
#FINAL-03-20#