000
CXUS53 KOAX 010930
CF6LNK
PRELIMINARY LOCAL CLIMATOLOGICAL DATA (WS FORM: F-6)
STATION: LINCOLN NE
MONTH: APRIL
YEAR: 2021
LATITUDE: 40 50 N
LONGITUDE: 96 45 W
TEMPERATURE IN F: :PCPN: SNOW: WIND :SUNSHINE: SKY :PK WND
================================================================================
1 2 3 4 5 6A 6B 7 8 9 10 11 12 13 14 15 16 17 18
12Z AVG MX 2MIN
DY MAX MIN AVG DEP HDD CDD WTR SNW DPTH SPD SPD DIR MIN PSBL S-S WX SPD DR
================================================================================
1 59 17 38 -8 27 0 0.00 0.0 0 10.6 22 170 M M 0 33 110
2 76 39 58 11 7 0 0.00 0.0 0 20.7 33 200 M M 0 46 190
3 81 42 62 15 3 0 0.00 0.0 0 4.4 17 210 M M 0 24 210
4 89 47 68 21 0 3 T 0.0 0 12.0 33 230 M M 0 45 230
5 85 57 71 23 0 6 T 0.0 0 16.9 30 180 M M 0 8 40 180
6 76 59 68 20 0 3 0.07 0.0 0 17.4 31 170 M M 5 3 44 170
7 65 46 56 8 9 0 0.43 0.0 0 14.4 23 340 M M 10 138 32 350
8 52 41 47 -2 18 0 0.86 0.0 0 11.5 22 310 M M 10 1 35 310
9 65 36 51 2 14 0 0.09 0.0 0 10.2 24 310 M M 4 1 34 350
10 64 34 49 -1 16 0 0.00 0.0 0 11.1 24 340 M M 3 30 360
11 70 29 50 0 15 0 0.00 0.0 0 8.9 28 340 M M 0 39 330
12 61 41 51 1 14 0 0.00 0.0 0 15.2 25 320 M M 1 36 320
13 58 31 45 -6 20 0 0.00 0.0 0 10.2 22 280 M M 0 28 280
14 52 27 40 -11 25 0 0.00 0.0 0 9.7 23 350 M M 0 31 350
15 54 26 40 -11 25 0 0.00 0.0 0 8.2 16 20 M M 2 22 50
16 45 37 41 -11 24 0 0.17 0.0 0 5.7 10 330 M M 8 15 360
17 54 42 48 -4 17 0 0.08 0.0 0 9.9 18 330 M M 9 1 24 320
18 64 43 54 2 11 0 0.00 0.0 0 7.2 20 360 M M 5 27 350
19 48 31 40 -13 25 0 0.04 T 0 13.2 28 10 M M 7 1 37 10
20 51 32 42 -11 23 0 T 0.0 0 9.0 21 280 M M 6 29 330
21 49 29 39 -15 26 0 0.00 0.0 0 9.7 23 350 M M 4 31 340
22 59 23 41 -13 24 0 0.00 0.0 0 12.4 26 180 M M 5 35 170
23 66 45 56 2 9 0 0.00 0.0 0 9.6 20 170 M M 5 26 170
24 64 38 51 -4 14 0 0.00 0.0 0 9.2 21 350 M M 1 26 340
25 78 47 63 8 2 0 0.00 0.0 0 14.9 36 150 M M 1 45 160
26 92 60 76 21 0 11 0.00 0.0 0 15.0 29 190 M M 0 39 190
27 79 53 66 10 0 1 T 0.0 0 11.1 25 330 M M 0 8 33 340
28 67 51 59 3 6 0 T 0.0 0 12.3 21 30 M M 8 8 29 50
29 76 42 59 3 6 0 0.00 0.0 0 8.7 26 340 M M 0 1 37 330
30 88 41 65 8 0 0 0.00 0.0 0 6.5 22 240 M M 3 30 230
================================================================================
SM 1987 1186 380 24 1.74 T 335.8 M 97
================================================================================
AV 66.2 39.5 11.2 FASTST M M 3 MAX(MPH)
MISC ----> 36 150 46 190
================================================================================
NOTES:
# LAST OF SEVERAL OCCURRENCES
COLUMN 17 PEAK WIND IN M.P.H.
PRELIMINARY LOCAL CLIMATOLOGICAL DATA (WS FORM: F-6) , PAGE 2
STATION: LINCOLN NE
MONTH: APRIL
YEAR: 2021
LATITUDE: 40 50 N
LONGITUDE: 96 45 W
[TEMPERATURE DATA] [PRECIPITATION DATA] SYMBOLS USED IN COLUMN 16
AVERAGE MONTHLY: 52.9 TOTAL FOR MONTH: 1.74 1 = FOG OR MIST
DPTR FM NORMAL: 1.3 DPTR FM NORMAL: -0.97 2 = FOG REDUCING VISIBILITY
HIGHEST: 92 ON 26 GRTST 24HR 1.26 ON 7- 8 TO 1/4 MILE OR LESS
LOWEST: 17 ON 1 3 = THUNDER
SNOW, ICE PELLETS, HAIL 4 = ICE PELLETS
TOTAL MONTH: T 5 = HAIL
GRTST 24HR T ON 19-19 6 = FREEZING RAIN OR DRIZZLE
GRTST DEPTH: 0 7 = DUSTSTORM OR SANDSTORM:
VSBY 1/2 MILE OR LESS
8 = SMOKE OR HAZE
[NO. OF DAYS WITH] [WEATHER - DAYS WITH] 9 = BLOWING SNOW
X = TORNADO
MAX 32 OR BELOW: 0 0.01 INCH OR MORE: 7
MAX 90 OR ABOVE: 1 0.10 INCH OR MORE: 3
MIN 32 OR BELOW: 9 0.50 INCH OR MORE: 1
MIN 0 OR BELOW: 0 1.00 INCH OR MORE: 0
[HDD (BASE 65) ]
TOTAL THIS MO. 380 CLEAR (SCALE 0-3) 17
DPTR FM NORMAL -37 PTCLDY (SCALE 4-7) 10
TOTAL FM JUL 1 5743 CLOUDY (SCALE 8-10) 3
DPTR FM NORMAL -149
[CDD (BASE 65) ]
TOTAL THIS MO. 24
DPTR FM NORMAL 11 [PRESSURE DATA]
TOTAL FM JAN 1 24 HIGHEST SLP 30.63 ON 1
DPTR FM NORMAL 10 LOWEST SLP 29.38 ON 26
[REMARKS]
#FINAL-04-21#