000
CXUS53 KLMK 010710
CF6LOU
PRELIMINARY LOCAL CLIMATOLOGICAL DATA (WS FORM: F-6)
STATION: LOUISVILLE BOWMAN KY
MONTH: MARCH
YEAR: 2022
LATITUDE: 38 13 N
LONGITUDE: 85 39 W
TEMPERATURE IN F: :PCPN: SNOW: WIND :SUNSHINE: SKY :PK WND
================================================================================
1 2 3 4 5 6A 6B 7 8 9 10 11 12 13 14 15 16 17 18
12Z AVG MX 2MIN
DY MAX MIN AVG DEP HDD CDD WTR SNW DPTH SPD SPD DIR MIN PSBL S-S WX SPD DR
================================================================================
1 70 36 53 11 12 0 0.00 M M 7.5 22 220 M M 1 31 230
2 73 36 55 12 10 0 0.00 M M 3.9 16 220 M M 2 21 220
3 65 40 53 10 12 0 0.00 M M 8.5 16 40 M M 1 22 40
4 62 33 48 5 17 0 0.00 M M 6.6 12 90 M M 0 17 100
5 77 46 62 18 3 0 T M M 10.5 30 190 M M 3 43 190
6 74 61 68 24 0 3 0.39 M M 12.4 30 200 M M 9 13 48 230
7 71 38 55 11 10 0 1.19 M M 13.1 26 290 M M 9 13 38 280
8 44 37 41 -4 24 0 0.00 M M 4.4 10 70 M M 7 14 310
9 53 34 44 -1 21 0 0.08 M M 3.5 10 300 M M 5 1 15 20
10 56 31 44 -1 21 0 0.00 M M 3.0 13 10 M M 0 16 30
11 56 29 43 -3 22 0 0.09 M M 5.5 17 310 M M 3 1 28 310
12 30 19 25 -21 40 0 0.00 M M 11.7 22 290 M M 3 31 310
13 55 21 38 -8 27 0 0.00 M M 12.4 25 230 M M 3 39 230
14 67 39 53 6 12 0 0.00 M M 8.7 20 180 M M 0 28 170
15 70 47 59 12 6 0 0.00 M M 4.7 12 230 M M 3 17 200
16 72 39 56 9 9 0 0.00 M M 3.8 15 110 M M 0 21 100
17 74 44 59 11 6 0 0.00 M M 3.3 10 210 M M 1 1 18 160
18 68 51 60 12 5 0 0.24 M M 9.1 38 170 M M 6 1 58 230
19 59 44 52 4 13 0 0.02 M M 13.3 24 220 M M 10 1 37 240
20 66 36 51 2 14 0 0.00 M M 4.1 15 270 M M 2 1 19 260
21 72 39 56 7 9 0 0.00 M M 6.0 16 160 M M 0 25 150
22 72 53 63 14 2 0 0.06 M M 9.0 18 160 M M 8 28 170
23 72 50 61 11 4 0 0.02 M M 16.4 30 200 M M 9 1 42 220
24 57 44 51 1 14 0 0.03 M M 12.9 25 220 M M 8 1 33 220
25 48 37 43 -7 22 0 0.05 M M 10.4 24 270 M M 9 3 37 220
26 49 33 41 -10 24 0 0.00 M M 12.1 24 280 M M 5 39 290
27 47 28 38 -13 27 0 0.00 M M 6.8 16 270 M M 0 21 290
28 48 25 37 -15 28 0 0.00 M M 4.5 14 350 M M 0 20 360
29 48 37 43 -9 22 0 T M M 10.3 17 100 M M 7 24 110
30 82 45 64 12 1 0 0.17 M M 15.6 48 190 M M 4 1 68 190
31 61 40 51 -2 14 0 0.10 M M 13.2 25 240 M M 10 1 39 230
================================================================================
SM 1918 1192 451 3 2.44 M 267.2 M 128
================================================================================
AV 61.9 38.5 8.6 FASTST M M 4 MAX(MPH)
MISC ----> 48 190 68 190
================================================================================
NOTES:
# LAST OF SEVERAL OCCURRENCES
COLUMN 17 PEAK WIND IN M.P.H.
PRELIMINARY LOCAL CLIMATOLOGICAL DATA (WS FORM: F-6) , PAGE 2
STATION: LOUISVILLE BOWMAN KY
MONTH: MARCH
YEAR: 2022
LATITUDE: 38 13 N
LONGITUDE: 85 39 W
[TEMPERATURE DATA] [PRECIPITATION DATA] SYMBOLS USED IN COLUMN 16
AVERAGE MONTHLY: 50.2 TOTAL FOR MONTH: 2.44 1 = FOG OR MIST
DPTR FM NORMAL: 2.8 DPTR FM NORMAL: -1.93 2 = FOG REDUCING VISIBILITY
HIGHEST: 82 ON 30 GRTST 24HR 1.40 ON 6- 7 TO 1/4 MILE OR LESS
LOWEST: 19 ON 12 3 = THUNDER
SNOW, ICE PELLETS, HAIL 4 = ICE PELLETS
TOTAL MONTH: M 5 = HAIL
GRTST 24HR M ON M 6 = FREEZING RAIN OR DRIZZLE
GRTST DEPTH: M ON M 7 = DUSTSTORM OR SANDSTORM:
VSBY 1/2 MILE OR LESS
8 = SMOKE OR HAZE
[NO. OF DAYS WITH] [WEATHER - DAYS WITH] 9 = BLOWING SNOW
X = TORNADO
MAX 32 OR BELOW: 1 0.01 INCH OR MORE: 12
MAX 90 OR ABOVE: 0 0.10 INCH OR MORE: 5
MIN 32 OR BELOW: 6 0.50 INCH OR MORE: 1
MIN 0 OR BELOW: 0 1.00 INCH OR MORE: 1
[HDD (BASE 65) ]
TOTAL THIS MO. 451 CLEAR (SCALE 0-3) 14
DPTR FM NORMAL -101 PTCLDY (SCALE 4-7) 10
TOTAL FM JUL 1 3451 CLOUDY (SCALE 8-10) 7
DPTR FM NORMAL -381
[CDD (BASE 65) ]
TOTAL THIS MO. 3
DPTR FM NORMAL -4 [PRESSURE DATA]
TOTAL FM JAN 1 3 HIGHEST SLP M ON M
DPTR FM NORMAL -4 LOWEST SLP 29.33 ON 30
[REMARKS]
#FINAL-03-22#