000
CXUS55 KJKL 011310
CF6LOZ
PRELIMINARY LOCAL CLIMATOLOGICAL DATA (WS FORM: F-6)
STATION: LONDON KY
MONTH: APRIL
YEAR: 2022
LATITUDE: 37 4 N
LONGITUDE: 84 5 W
TEMPERATURE IN F: :PCPN: SNOW: WIND :SUNSHINE: SKY :PK WND
================================================================================
1 2 3 4 5 6A 6B 7 8 9 10 11 12 13 14 15 16 17 18
12Z AVG MX 2MIN
DY MAX MIN AVG DEP HDD CDD WTR SNW DPTH SPD SPD DIR MIN PSBL S-S WX SPD DR
================================================================================
1 49 35 42 -10 23 0 0.05 M M 7.3 17 270 M M 7 1 24 270
2 61 30 46 -7 19 0 0.00 M M 4.6 14 270 M M 3 19 260
3 59 38 49 -4 16 0 0.00 M M 5.3 15 300 M M 1 21 300
4 63 35 49 -4 16 0 0.01 M M 3.9 15 280 M M 5 21 250
5 63 48 56 2 9 0 0.24 M M 4.9 18 130 M M 8 1 32 140
6 76 48 62 8 3 0 0.17 M M 5.8 23 310 M M 7 13 33 300
7 60 43 52 -2 13 0 0.01 M M 7.5 25 280 M M 7 12 34 270
8 46 34 40 -15 25 0 0.20 M M 9.2 28 250 M M 9 1 40 240
9 43 31 37 -18 28 0 0.04 M M 8.5 23 290 M M 9 1 33 280
10 66 27 47 -8 18 0 0.00 M M 3.3 12 150 M M 0 1 18 120
11 69 47 58 2 7 0 0.05 M M 6.0 25 210 M M 5 40 220
12 70 53 62 6 3 0 0.12 M M 6.1 16 190 M M 8 1 25 170
13 79 57 68 12 0 3 0.42 M M 9.3 29 240 M M 4 13 43 240
14 63 41 52 -5 13 0 0.08 M M 7.2 25 190 M M 5 1 43 160
15 72 34 53 -4 12 0 T M M 4.3 23 260 M M 1 30 240
16 71 51 61 4 4 0 0.10 M M 6.8 17 260 M M 6 25 240
17 62 42 52 -6 13 0 0.58 M M 7.3 14 30 M M 4 1 21 60
18 46 38 42 -16 23 0 0.89 M M 7.8 17 280 M M 9 13 23 290
19 53 33 43 -15 22 0 T M M 7.1 14 300 M M 2 22 270
20 72 34 53 -6 12 0 0.00 M M 4.9 17 180 M M 1 25 180
21 73 56 65 6 0 0 0.03 M M 7.1 22 230 M M 8 33 250
22 83 52 68 9 0 3 0.00 M M 1.6 9 150 M M 3 1 14 130
23 85 56 71 11 0 6 0.00 M M 4.9 17 200 M M 0 25 190
24 83 54 69 9 0 4 0.00 M M 6.0 18 200 M M 0 26 250
25 82 58 70 10 0 5 0.17 M M 6.8 18 270 M M 5 1 26 280
26 62 42 52 -8 13 0 1.04 M M 6.4 15 340 M M 5 1 22 300
27 68 36 52 -9 13 0 0.00 M M 3.5 14 20 M M 0 21 20
28 73 41 57 -4 8 0 0.00 M M 3.5 10 70 M M 0 15 70
29 74 55 65 4 0 0 0.00 M M 2.6 8 60 M M 4 14 70
30 80 55 68 6 0 3 0.00 M M 5.6 18 190 M M 5 27 210
================================================================================
SM 2006 1304 313 24 4.20 M 175.1 M 131
================================================================================
AV 66.9 43.5 5.8 FASTST M M 4 MAX(MPH)
MISC ----> 29 240 # 43 240
================================================================================
NOTES:
# LAST OF SEVERAL OCCURRENCES
COLUMN 17 PEAK WIND IN M.P.H.
PRELIMINARY LOCAL CLIMATOLOGICAL DATA (WS FORM: F-6) , PAGE 2
STATION: LONDON KY
MONTH: APRIL
YEAR: 2022
LATITUDE: 37 4 N
LONGITUDE: 84 5 W
[TEMPERATURE DATA] [PRECIPITATION DATA] SYMBOLS USED IN COLUMN 16
AVERAGE MONTHLY: 55.2 TOTAL FOR MONTH: 4.20 1 = FOG OR MIST
DPTR FM NORMAL: -1.9 DPTR FM NORMAL: -0.45 2 = FOG REDUCING VISIBILITY
HIGHEST: 85 ON 23 GRTST 24HR 1.47 ON 17-18 TO 1/4 MILE OR LESS
LOWEST: 27 ON 10 3 = THUNDER
SNOW, ICE PELLETS, HAIL 4 = ICE PELLETS
TOTAL MONTH: M 5 = HAIL
GRTST 24HR M ON M 6 = FREEZING RAIN OR DRIZZLE
GRTST DEPTH: M ON M 7 = DUSTSTORM OR SANDSTORM:
VSBY 1/2 MILE OR LESS
8 = SMOKE OR HAZE
[NO. OF DAYS WITH] [WEATHER - DAYS WITH] 9 = BLOWING SNOW
X = TORNADO
MAX 32 OR BELOW: 0 0.01 INCH OR MORE: 17
MAX 90 OR ABOVE: 0 0.10 INCH OR MORE: 10
MIN 32 OR BELOW: 3 0.50 INCH OR MORE: 3
MIN 0 OR BELOW: 0 1.00 INCH OR MORE: 1
[HDD (BASE 65) ]
TOTAL THIS MO. 313 CLEAR (SCALE 0-3) 10
DPTR FM NORMAL 53 PTCLDY (SCALE 4-7) 16
TOTAL FM JUL 1 3755 CLOUDY (SCALE 8-10) 4
DPTR FM NORMAL -307
[CDD (BASE 65) ]
TOTAL THIS MO. 24
DPTR FM NORMAL 0 [PRESSURE DATA]
TOTAL FM JAN 1 25 HIGHEST SLP 30.42 ON 22
DPTR FM NORMAL -2 LOWEST SLP 29.52 ON 6
[REMARKS]
#FINAL-04-22#